000
CDUS46 KLOX 250113
CLICQT


CLIMATE REPORT
NATIONAL WEATHER SERVICE LOS ANGELES/OXNARD CA
513 PM PST FRI NOV 24 2017


...................................

...THE DOWNTOWN LOS ANGELES (USC) CA CLIMATE SUMMARY FOR NOVEMBER 24 2017...
VALID TODAY AS OF 0500 PM LOCAL TIME.

CLIMATE NORMAL PERIOD 1981 TO 2010
CLIMATE RECORD PERIOD 1877 TO 2017


WEATHER ITEM   OBSERVED TIME   RECORD YEAR NORMAL DEPARTURE LAST
                VALUE   (LST)  VALUE       VALUE  FROM      YEAR
                                                  NORMAL
..................................................................
TEMPERATURE (F)
 TODAY
  MAXIMUM         84    109 PM  94    1933  71     13       78
  MINIMUM         59    703 AM  36    1895  50      9       52
  AVERAGE         72                        60     12       65

PRECIPITATION (IN)
  TODAY            0.00          2.03 1926   0.04  -0.04     0.00
  MONTH TO DATE    0.01                      0.78  -0.77     0.75
  SINCE OCT 1      0.11                      1.44  -1.33     1.27
  SINCE JAN 1     13.23                     12.34   0.89     7.12

SNOWFALL (IN)
  TODAY            0.0
  MONTH TO DATE    0.0
  SINCE SEP 1      0.0
  SINCE JUL 1      0.0

DEGREE DAYS
 HEATING
  TODAY            0                         5     -5        0
  MONTH TO DATE   10                        78    -68       25
  SINCE SEP 1     10                        98    -88       27
  SINCE JUL 1     10                        98    -88       27

 COOLING
  TODAY            7                         0      7        0
  MONTH TO DATE   64                        32     32       96
  SINCE SEP 1    667                       405    262      527
  SINCE JAN 1   1869                      1239    630     1522
..................................................................


WIND (MPH)
  HIGHEST WIND SPEED     7   HIGHEST WIND DIRECTION     W (280)
  HIGHEST GUST SPEED    10   HIGHEST GUST DIRECTION     W (280)
  AVERAGE WIND SPEED     0.7


SKY COVER
  POSSIBLE SUNSHINE  MM
  AVERAGE SKY COVER 0.0


WEATHER CONDITIONS
 THE FOLLOWING WEATHER WAS RECORDED TODAY.
  NO SIGNIFICANT WEATHER WAS OBSERVED.


RELATIVE HUMIDITY (PERCENT)
 HIGHEST    72           100 AM
 LOWEST     22          1100 AM
 AVERAGE    47

..........................................................


THE DOWNTOWN LOS ANGELES (USC) CA CLIMATE NORMALS FOR TOMORROW
                         NORMAL    RECORD    YEAR
 MAXIMUM TEMPERATURE (F)   70        92      1977
 MINIMUM TEMPERATURE (F)   50        36      1879


SUNRISE AND SUNSET
NOVEMBER 24 2017......SUNRISE   634 AM PST   SUNSET   445 PM PST
NOVEMBER 25 2017......SUNRISE   635 AM PST   SUNSET   445 PM PST


-  INDICATES NEGATIVE NUMBERS.
R  INDICATES RECORD WAS SET OR TIED.
MM INDICATES DATA IS MISSING.
T  INDICATES TRACE AMOUNT.




$$
