000
CDUS46 KLOX 030908
CLICQT


CLIMATE REPORT
NATIONAL WEATHER SERVICE LOS ANGELES/OXNARD CA
208 AM PDT TUE MAY 3 2016


...................................

...THE DOWNTOWN LOS ANGELES (USC) CA CLIMATE SUMMARY FOR MAY 2 2016...

CLIMATE NORMAL PERIOD 1981 TO 2010
CLIMATE RECORD PERIOD 1877 TO 2016


WEATHER ITEM   OBSERVED TIME   RECORD YEAR NORMAL DEPARTURE LAST
                VALUE   (LST)  VALUE       VALUE  FROM      YEAR
                                                  NORMAL
..................................................................
TEMPERATURE (F)
 YESTERDAY
  MAXIMUM         72   1209 PM  98    2004  74     -2       80
  MINIMUM         56    531 AM  44    1915  56      0       59
                                      1892
                                      1883
  AVERAGE         64                        65     -1       70

PRECIPITATION (IN)
  YESTERDAY        0.00          0.54 1915   0.02  -0.02     0.00
  MONTH TO DATE    0.00                      0.04  -0.04     0.00
  SINCE OCT 1      6.83                     14.33  -7.50     7.53
  SINCE JAN 1      5.80                     10.30  -4.50     2.92

SNOWFALL (IN)
  YESTERDAY        0.0
  MONTH TO DATE    0.0
  SINCE MAR 1      0.0
  SINCE JUL 1      0.0

DEGREE DAYS
 HEATING
  YESTERDAY        1                         2     -1        0
  MONTH TO DATE    1                         4     -3        0
  SINCE MAR 1     99                       262   -163       66
  SINCE JUL 1    739                      1037   -298      429

 COOLING
  YESTERDAY        0                         2     -2        5
  MONTH TO DATE    1                         4     -3       11
  SINCE MAR 1    105                        68     37      219
  SINCE JAN 1    180                        91     89      276
..................................................................


WIND (MPH)
  HIGHEST WIND SPEED    12   HIGHEST WIND DIRECTION     W (270)
  HIGHEST GUST SPEED    16   HIGHEST GUST DIRECTION     W (270)
  AVERAGE WIND SPEED     1.7


SKY COVER
  POSSIBLE SUNSHINE  MM
  AVERAGE SKY COVER 0.1


WEATHER CONDITIONS
 THE FOLLOWING WEATHER WAS RECORDED YESTERDAY.
  FOG


RELATIVE HUMIDITY (PERCENT)
 HIGHEST    93           400 AM
 LOWEST     53          1200 PM
 AVERAGE    73

..........................................................


THE DOWNTOWN LOS ANGELES (USC) CA CLIMATE NORMALS FOR TODAY
                         NORMAL    RECORD    YEAR
 MAXIMUM TEMPERATURE (F)   74       101      2004
 MINIMUM TEMPERATURE (F)   56        42      1883


SUNRISE AND SUNSET
MAY  3 2016...........SUNRISE   601 AM PDT   SUNSET   739 PM PDT
MAY  4 2016...........SUNRISE   600 AM PDT   SUNSET   740 PM PDT


-  INDICATES NEGATIVE NUMBERS.
R  INDICATES RECORD WAS SET OR TIED.
MM INDICATES DATA IS MISSING.
T  INDICATES TRACE AMOUNT.




$$
