000
CDUS46 KLOX 210115
CLICQT


CLIMATE REPORT
NATIONAL WEATHER SERVICE LOS ANGELES/OXNARD CA
514 PM PST TUE FEB 20 2018


...................................

...THE DOWNTOWN LOS ANGELES (USC) CA CLIMATE SUMMARY FOR FEBRUARY 20 2018...
VALID TODAY AS OF 0500 PM LOCAL TIME.

CLIMATE NORMAL PERIOD 1981 TO 2010
CLIMATE RECORD PERIOD 1877 TO 2018


WEATHER ITEM   OBSERVED TIME   RECORD YEAR NORMAL DEPARTURE LAST
                VALUE   (LST)  VALUE       VALUE  FROM      YEAR
                                                  NORMAL
..................................................................
TEMPERATURE (F)
 TODAY
  MAXIMUM         60    244 PM  95    1995  69     -9       64
  MINIMUM         40    613 AM  34    1882  50    -10       54
  AVERAGE         50                        59     -9       59

PRECIPITATION (IN)
  TODAY            T             3.60 1944   0.15  -0.15     0.03
  MONTH TO DATE    0.01                      2.71  -2.70     4.08
  SINCE OCT 1      1.90                      9.86  -7.96    18.41
  SINCE JAN 1      1.78                      5.83  -4.05    12.46

SNOWFALL (IN)
  TODAY           MM
  MONTH TO DATE    0.0
  SINCE DEC 1      0.0
  SINCE JUL 1      0.0

DEGREE DAYS
 HEATING
  TODAY           15                         6      9        6
  MONTH TO DATE   68                       138    -70       79
  SINCE DEC 1    299                       598   -299      516
  SINCE JUL 1    317                       729   -412      587

 COOLING
  TODAY            0                         1     -1        0
  MONTH TO DATE   13                         7      6        5
  SINCE DEC 1     48                        20     28       14
  SINCE JAN 1     36                        16     20        8
..................................................................


WIND (MPH)
  HIGHEST WIND SPEED    10   HIGHEST WIND DIRECTION     W (270)
  HIGHEST GUST SPEED    19   HIGHEST GUST DIRECTION     W (270)
  AVERAGE WIND SPEED     2.5


SKY COVER
  POSSIBLE SUNSHINE  MM
  AVERAGE SKY COVER 0.0


WEATHER CONDITIONS
 THE FOLLOWING WEATHER WAS RECORDED TODAY.
  LIGHT RAIN


RELATIVE HUMIDITY (PERCENT)
 HIGHEST    41           500 AM
 LOWEST     11           100 PM
 AVERAGE    26

..........................................................


THE DOWNTOWN LOS ANGELES (USC) CA CLIMATE NORMALS FOR TOMORROW
                         NORMAL    RECORD    YEAR
 MAXIMUM TEMPERATURE (F)   69        88      2002
 MINIMUM TEMPERATURE (F)   50        35      1897


SUNRISE AND SUNSET
FEBRUARY 20 2018......SUNRISE   632 AM PST   SUNSET   542 PM PST
FEBRUARY 21 2018......SUNRISE   631 AM PST   SUNSET   543 PM PST


-  INDICATES NEGATIVE NUMBERS.
R  INDICATES RECORD WAS SET OR TIED.
MM INDICATES DATA IS MISSING.
T  INDICATES TRACE AMOUNT.




$$
