000
CDUS46 KLOX 150113
CLICQT


CLIMATE REPORT
NATIONAL WEATHER SERVICE LOS ANGELES/OXNARD CA
613 PM PDT SUN SEP 14 2014


...................................

...THE DOWNTOWN LOS ANGELES (USC) CA CLIMATE SUMMARY FOR SEPTEMBER 14 2014...
VALID TODAY AS OF 0600 PM LOCAL TIME.

CLIMATE NORMAL PERIOD 1981 TO 2010
CLIMATE RECORD PERIOD 1877 TO 2014


WEATHER ITEM   OBSERVED TIME   RECORD YEAR NORMAL DEPARTURE LAST
                VALUE   (LST)  VALUE       VALUE  FROM      YEAR
                                                  NORMAL
..................................................................
TEMPERATURE (F)
 TODAY
  MAXIMUM         98   1125 AM 100    2012  84     14       84
  MINIMUM         71    604 AM  48    1898  63      8       64
  AVERAGE         85                        74     11       74

PRECIPITATION (IN)
  TODAY            0.00          0.04 1918   0.01  -0.01     0.00
  MONTH TO DATE    0.01                      0.05  -0.04     0.00
  SINCE JUL 1      0.05                      0.10  -0.05     0.09
  SINCE JAN 1      5.16                     10.71  -5.55     2.72

SNOWFALL (IN)
  TODAY            0.0
  MONTH TO DATE    0.0
  SINCE SEP 1      0.0
  SINCE JUL 1      0.0

DEGREE DAYS
 HEATING
  TODAY            0                         0      0        0
  MONTH TO DATE    0                         0      0        0
  SINCE SEP 1      0                         0      0        0
  SINCE JUL 1      0                         0      0        0

 COOLING
  TODAY           20                         8     12        9
  MONTH TO DATE  184                       125     59      153
  SINCE SEP 1    184                       125     59      153
  SINCE JAN 1   1261                       959    302      958
..................................................................


WIND (MPH)
  HIGHEST WIND SPEED     9   HIGHEST WIND DIRECTION     W (270)
  HIGHEST GUST SPEED    14   HIGHEST GUST DIRECTION     W (280)
  AVERAGE WIND SPEED     1.6


SKY COVER
  POSSIBLE SUNSHINE  MM
  AVERAGE SKY COVER 0.0


WEATHER CONDITIONS
 THE FOLLOWING WEATHER WAS RECORDED TODAY.
  NO SIGNIFICANT WEATHER WAS OBSERVED.


RELATIVE HUMIDITY (PERCENT)
 HIGHEST    79           400 AM
 LOWEST     27          1200 PM
 AVERAGE    53

..........................................................


THE DOWNTOWN LOS ANGELES (USC) CA CLIMATE NORMALS FOR TOMORROW
                         NORMAL    RECORD    YEAR
 MAXIMUM TEMPERATURE (F)   83       103      2012
 MINIMUM TEMPERATURE (F)   63        49      1895


SUNRISE AND SUNSET
SEPTEMBER 14 2014.....SUNRISE   636 AM PDT   SUNSET   701 PM PDT
SEPTEMBER 15 2014.....SUNRISE   636 AM PDT   SUNSET   700 PM PDT


-  INDICATES NEGATIVE NUMBERS.
R  INDICATES RECORD WAS SET OR TIED.
MM INDICATES DATA IS MISSING.
T  INDICATES TRACE AMOUNT.




$$
