000
CDUS46 KLOX 241000
CLICQT


CLIMATE REPORT
NATIONAL WEATHER SERVICE LOS ANGELES/OXNARD CA
200 AM PST MON NOV 24 2014


...................................

...THE DOWNTOWN LOS ANGELES (USC) CA CLIMATE SUMMARY FOR NOVEMBER 23 2014...

CLIMATE NORMAL PERIOD 1981 TO 2010
CLIMATE RECORD PERIOD 1877 TO 2014


WEATHER ITEM   OBSERVED TIME   RECORD YEAR NORMAL DEPARTURE LAST
                VALUE   (LST)  VALUE       VALUE  FROM      YEAR
                                                  NORMAL
..................................................................
TEMPERATURE (F)
 YESTERDAY
  MAXIMUM         80    150 PM  91    1933  71      9       67
  MINIMUM         57    702 AM  39    1886  50      7       50
  AVERAGE         69                        60      9       59

PRECIPITATION (IN)
  YESTERDAY        0.00          0.91 1946   0.05  -0.05     0.00
  MONTH TO DATE    0.18                      0.74  -0.56     0.39
  SINCE JUL 1      0.48                      1.69  -1.21     0.54
  SINCE JAN 1      5.59                     12.30  -6.71     3.17

SNOWFALL (IN)
  YESTERDAY        0.0
  MONTH TO DATE    0.0
  SINCE SEP 1      0.0
  SINCE JUL 1      0.0

DEGREE DAYS
 HEATING
  YESTERDAY        0                         5     -5        6
  MONTH TO DATE   19                        73    -54       32
  SINCE SEP 1     19                        93    -74       56
  SINCE JUL 1     19                        93    -74       56

 COOLING
  YESTERDAY        4                         0      4        0
  MONTH TO DATE   45                        32     13       45
  SINCE SEP 1    650                       405    245      404
  SINCE JAN 1   1727                      1239    488     1209
..................................................................


WIND (MPH)
  HIGHEST WIND SPEED     8   HIGHEST WIND DIRECTION    SE (140)
  HIGHEST GUST SPEED    13   HIGHEST GUST DIRECTION    NW (330)
  AVERAGE WIND SPEED     1.4


SKY COVER
  POSSIBLE SUNSHINE  MM
  AVERAGE SKY COVER 0.0


WEATHER CONDITIONS
 THE FOLLOWING WEATHER WAS RECORDED YESTERDAY.
  NO SIGNIFICANT WEATHER WAS OBSERVED.


RELATIVE HUMIDITY (PERCENT)
 HIGHEST    86           500 AM
 LOWEST      8           400 PM
 AVERAGE    47

..........................................................


THE DOWNTOWN LOS ANGELES (USC) CA CLIMATE NORMALS FOR TODAY
                         NORMAL    RECORD    YEAR
 MAXIMUM TEMPERATURE (F)   71        94      1933
 MINIMUM TEMPERATURE (F)   50        36      1895


SUNRISE AND SUNSET
NOVEMBER 24 2014......SUNRISE   634 AM PST   SUNSET   445 PM PST
NOVEMBER 25 2014......SUNRISE   635 AM PST   SUNSET   445 PM PST


-  INDICATES NEGATIVE NUMBERS.
R  INDICATES RECORD WAS SET OR TIED.
MM INDICATES DATA IS MISSING.
T  INDICATES TRACE AMOUNT.




$$
