000
CDUS46 KLOX 032221
CLICQT


CLIMATE REPORT
NATIONAL WEATHER SERVICE LOS ANGELES/OXNARD CA
220 PM PST TUE MAR 3 2015


...................................

...THE DOWNTOWN LOS ANGELES (USC) CA CLIMATE SUMMARY FOR MARCH 3 2015...
VALID AS OF 0200 PM LOCAL TIME.

CLIMATE NORMAL PERIOD 1981 TO 2010
CLIMATE RECORD PERIOD 1877 TO 2015


WEATHER ITEM   OBSERVED TIME   RECORD YEAR NORMAL DEPARTURE LAST
                VALUE   (LST)  VALUE       VALUE  FROM      YEAR
                                                  NORMAL
..................................................................
TEMPERATURE (F)
 TODAY
  MAXIMUM         67    101 PM  85    1931  69     -2       68
  MINIMUM         48    641 AM  38    1894  50     -2       51
  AVERAGE         58                        60     -2       60

PRECIPITATION (IN)
  TODAY            0.00          3.12 1943   0.12  -0.12     0.00
  MONTH TO DATE    0.87                      0.34   0.53     1.17
  SINCE OCT 1      7.40                     11.29  -3.89     5.63
  SINCE JAN 1      2.79                      7.26  -4.47     4.75

SNOWFALL (IN)
  TODAY            0.0
  MONTH TO DATE    0.0
  SINCE MAR 1      0.0
  SINCE JUL 1      0.0

DEGREE DAYS
 HEATING
  TODAY            7                         6      1        5
  MONTH TO DATE   23                        18      5       19
  SINCE MAR 1     23                        18      5       19
  SINCE JUL 1    386                       793   -407      496

 COOLING
  TODAY            0                         1     -1        0
  MONTH TO DATE    0                         3     -3        0
  SINCE MAR 1      0                         3     -3        0
  SINCE JAN 1     57                        26     31       23
..................................................................


WIND (MPH)
  HIGHEST WIND SPEED    10   HIGHEST WIND DIRECTION     W (280)
  HIGHEST GUST SPEED    14   HIGHEST GUST DIRECTION     W (280)
  AVERAGE WIND SPEED     1.8


SKY COVER
  POSSIBLE SUNSHINE  MM
  AVERAGE SKY COVER 0.2


WEATHER CONDITIONS
 THE FOLLOWING WEATHER WAS RECORDED TODAY.
  NO SIGNIFICANT WEATHER WAS OBSERVED.


RELATIVE HUMIDITY (PERCENT)
 HIGHEST    80           500 AM
 LOWEST     37          1100 AM
 AVERAGE    59

..........................................................


THE DOWNTOWN LOS ANGELES (USC) CA CLIMATE NORMALS FOR TOMORROW
                         NORMAL    RECORD    YEAR
 MAXIMUM TEMPERATURE (F)   70        94      1972
 MINIMUM TEMPERATURE (F)   51        35      1976


SUNRISE AND SUNSET
MARCH  3 2015.........SUNRISE   620 AM PST   SUNSET   551 PM PST
MARCH  4 2015.........SUNRISE   618 AM PST   SUNSET   552 PM PST


-  INDICATES NEGATIVE NUMBERS.
R  INDICATES RECORD WAS SET OR TIED.
MM INDICATES DATA IS MISSING.
T  INDICATES TRACE AMOUNT.




$$
