000
CDUS46 KLOX 260112
CLICQT


CLIMATE REPORT
NATIONAL WEATHER SERVICE LOS ANGELES/OXNARD CA
611 PM PDT THU MAY 25 2017


...................................

...THE DOWNTOWN LOS ANGELES (USC) CA CLIMATE SUMMARY FOR MAY 25 2017...
VALID TODAY AS OF 0600 PM LOCAL TIME.

CLIMATE NORMAL PERIOD 1981 TO 2010
CLIMATE RECORD PERIOD 1877 TO 2017


WEATHER ITEM   OBSERVED TIME   RECORD YEAR NORMAL DEPARTURE LAST
                VALUE   (LST)  VALUE       VALUE  FROM      YEAR
                                                  NORMAL
..................................................................
TEMPERATURE (F)
 TODAY
  MAXIMUM         68    446 PM 103    1896  75     -7       68
  MINIMUM         61    515 AM  47    1916  58      3       56
                                      1879
  AVERAGE         65                        66     -1       62

PRECIPITATION (IN)
  TODAY            0.00          0.42 1882   0.01  -0.01     0.00
  MONTH TO DATE    0.32                      0.23   0.09     0.05
  SINCE OCT 1     18.99                     14.52   4.47     6.88
  SINCE JAN 1     13.04                     10.49   2.55     5.85

SNOWFALL (IN)
  TODAY            0.0
  MONTH TO DATE    0.0
  SINCE MAR 1      0.0
  SINCE JUL 1      0.0

DEGREE DAYS
 HEATING
  TODAY            0                         1     -1        3
  MONTH TO DATE   23                        38    -15       20
  SINCE MAR 1     77                       296   -219      118
  SINCE JUL 1    729                      1071   -342      758

 COOLING
  TODAY            0                         2     -2        0
  MONTH TO DATE   85                        50     35       21
  SINCE MAR 1    257                       114    143      125
  SINCE JAN 1    265                       137    128      200
..................................................................


WIND (MPH)
  HIGHEST WIND SPEED     9   HIGHEST WIND DIRECTION     W (270)
  HIGHEST GUST SPEED    14   HIGHEST GUST DIRECTION     W (280)
  AVERAGE WIND SPEED     1.8


SKY COVER
  POSSIBLE SUNSHINE  MM
  AVERAGE SKY COVER 0.9


WEATHER CONDITIONS
 THE FOLLOWING WEATHER WAS RECORDED TODAY.
  NO SIGNIFICANT WEATHER WAS OBSERVED.


RELATIVE HUMIDITY (PERCENT)
 HIGHEST    72           100 AM
 LOWEST     53           400 PM
 AVERAGE    63

..........................................................


THE DOWNTOWN LOS ANGELES (USC) CA CLIMATE NORMALS FOR TOMORROW
                         NORMAL    RECORD    YEAR
 MAXIMUM TEMPERATURE (F)   75        96      1896
 MINIMUM TEMPERATURE (F)   58        46      1917


SUNRISE AND SUNSET
MAY 25 2017...........SUNRISE   545 AM PDT   SUNSET   755 PM PDT
MAY 26 2017...........SUNRISE   545 AM PDT   SUNSET   756 PM PDT


-  INDICATES NEGATIVE NUMBERS.
R  INDICATES RECORD WAS SET OR TIED.
MM INDICATES DATA IS MISSING.
T  INDICATES TRACE AMOUNT.




$$
