000
CDUS46 KLOX 260122
CLICQT


CLIMATE REPORT
NATIONAL WEATHER SERVICE LOS ANGELES/OXNARD CA
522 PM PST SUN JAN 25 2015


...................................

...THE DOWNTOWN LOS ANGELES (USC) CA CLIMATE SUMMARY FOR JANUARY 25 2015...
VALID TODAY AS OF 0500 PM LOCAL TIME.

CLIMATE NORMAL PERIOD 1981 TO 2010
CLIMATE RECORD PERIOD 1877 TO 2015


WEATHER ITEM   OBSERVED TIME   RECORD YEAR NORMAL DEPARTURE LAST
                VALUE   (LST)  VALUE       VALUE  FROM      YEAR
                                                  NORMAL
..................................................................
TEMPERATURE (F)
 TODAY
  MAXIMUM         83    153 PM  86    1986  68     15       77
  MINIMUM         48    711 AM  36    1898  48      0       56
  AVERAGE         66                        58      8       67

PRECIPITATION (IN)
  TODAY            0.00          3.43 1969   0.09  -0.09     0.00
  MONTH TO DATE    0.98                      2.51  -1.53     0.00
  SINCE OCT 1      5.59                      6.54  -0.95     0.88
  SINCE JAN 1      0.98                      2.51  -1.53     0.00

SNOWFALL (IN)
  TODAY            0.0
  MONTH TO DATE    0.0
  SINCE DEC 1      0.0
  SINCE JUL 1      0.0

DEGREE DAYS
 HEATING
  TODAY            0                         7     -7        0
  MONTH TO DATE  106                       181    -75       65
  SINCE DEC 1    288                       415   -127      264
  SINCE JUL 1    311                       546   -235      345

 COOLING
  TODAY            1                         0      1        2
  MONTH TO DATE   13                         0     13       17
  SINCE DEC 1     17                         4     13       33
  SINCE JAN 1     13                         0     13       17
..................................................................


WIND (MPH)
  HIGHEST WIND SPEED     6   HIGHEST WIND DIRECTION     W (270)
  HIGHEST GUST SPEED     8   HIGHEST GUST DIRECTION     W (270)
  AVERAGE WIND SPEED     0.7


SKY COVER
  POSSIBLE SUNSHINE  MM
  AVERAGE SKY COVER 0.0


WEATHER CONDITIONS
 THE FOLLOWING WEATHER WAS RECORDED TODAY.
  NO SIGNIFICANT WEATHER WAS OBSERVED.


RELATIVE HUMIDITY (PERCENT)
 HIGHEST    61           700 AM
 LOWEST     15          1100 AM
 AVERAGE    38

..........................................................


THE DOWNTOWN LOS ANGELES (USC) CA CLIMATE NORMALS FOR TOMORROW
                         NORMAL    RECORD    YEAR
 MAXIMUM TEMPERATURE (F)   68        86      1987
 MINIMUM TEMPERATURE (F)   48        31      1898


SUNRISE AND SUNSET
JANUARY 25 2015.......SUNRISE   655 AM PST   SUNSET   517 PM PST
JANUARY 26 2015.......SUNRISE   654 AM PST   SUNSET   518 PM PST


-  INDICATES NEGATIVE NUMBERS.
R  INDICATES RECORD WAS SET OR TIED.
MM INDICATES DATA IS MISSING.
T  INDICATES TRACE AMOUNT.




$$
