000
CDUS46 KLOX 260901
CLICQT


CLIMATE REPORT
NATIONAL WEATHER SERVICE LOS ANGELES/OXNARD CA
101 AM PST FRI DEC 26 2014


...................................

...THE DOWNTOWN LOS ANGELES (USC) CA CLIMATE SUMMARY FOR DECEMBER 25 2014...

CLIMATE NORMAL PERIOD 1981 TO 2010
CLIMATE RECORD PERIOD 1877 TO 2014


WEATHER ITEM   OBSERVED TIME   RECORD YEAR NORMAL DEPARTURE LAST
                VALUE   (LST)  VALUE       VALUE  FROM      YEAR
                                                  NORMAL
..................................................................
TEMPERATURE (F)
 YESTERDAY
  MAXIMUM         65    239 PM  85    1980  67     -2       82
  MINIMUM         50   1100 PM  30    1879  47      3       47
  AVERAGE         58                        57      1       65

PRECIPITATION (IN)
  YESTERDAY        0.00          3.01 1884   0.09  -0.09     0.00
  MONTH TO DATE    3.69                      1.73   1.96     0.20
  SINCE JUL 1      4.47                      3.72   0.75     0.97
  SINCE JAN 1      9.58                     14.33  -4.75     3.60

SNOWFALL (IN)
  YESTERDAY        0.0
  MONTH TO DATE    0.0
  SINCE DEC 1      0.0
  SINCE JUL 1      0.0

DEGREE DAYS
 HEATING
  YESTERDAY        7                         8     -1        0
  MONTH TO DATE  102                       189    -87      178
  SINCE DEC 1    102                       189    -87      178
  SINCE JUL 1    125                       320   -195      259

 COOLING
  YESTERDAY        0                         0      0        0
  MONTH TO DATE    4                         0      4       14
  SINCE DEC 1      4                         0      4       14
  SINCE JAN 1   1749                      1240    509     1223
..................................................................


WIND (MPH)
  HIGHEST WIND SPEED    15   HIGHEST WIND DIRECTION     N (360)
  HIGHEST GUST SPEED    24   HIGHEST GUST DIRECTION     N (10)
  AVERAGE WIND SPEED     6.4


SKY COVER
  POSSIBLE SUNSHINE  MM
  AVERAGE SKY COVER 0.1


WEATHER CONDITIONS
 THE FOLLOWING WEATHER WAS RECORDED YESTERDAY.
  HAZE


RELATIVE HUMIDITY (PERCENT)
 HIGHEST    80           100 AM
 LOWEST     16           300 PM
 AVERAGE    48

..........................................................


THE DOWNTOWN LOS ANGELES (USC) CA CLIMATE NORMALS FOR TODAY
                         NORMAL    RECORD    YEAR
 MAXIMUM TEMPERATURE (F)   68        85      1980
 MINIMUM TEMPERATURE (F)   47        35      1987


SUNRISE AND SUNSET
DECEMBER 26 2014......SUNRISE   657 AM PST   SUNSET   451 PM PST
DECEMBER 27 2014......SUNRISE   657 AM PST   SUNSET   451 PM PST


-  INDICATES NEGATIVE NUMBERS.
R  INDICATES RECORD WAS SET OR TIED.
MM INDICATES DATA IS MISSING.
T  INDICATES TRACE AMOUNT.




$$
