000
CDUS42 KILM 202142
CLICRE


CLIMATE REPORT
NATIONAL WEATHER SERVICE WILMINGTON NC
442 PM EST TUE FEB 20 2018


...................................

...THE N.MYRTLE BEACH SOUTH CAROLINA CLIMATE SUMMARY FOR FEBRUARY 20 2018...
VALID TODAY AS OF 0400 PM LOCAL TIME.

CLIMATE NORMAL PERIOD 1981 TO 2010
CLIMATE RECORD PERIOD 1949 TO 2018


WEATHER ITEM   OBSERVED TIME   RECORD YEAR NORMAL DEPARTURE LAST
                VALUE   (LST)  VALUE       VALUE  FROM      YEAR
                                                  NORMAL
..................................................................
TEMPERATURE (F)
 TODAY
  MAXIMUM         74    205 PM  77    1949  58     16       69
  MINIMUM         59    329 AM  15    2015  39     20       46
  AVERAGE         67                        49     18       58

PRECIPITATION (IN)
  TODAY            0.01          0.14 2006   0.13  -0.12     0.00
  MONTH TO DATE    1.35                      2.42  -1.07     1.31
  SINCE DEC 1      9.01                      9.57  -0.56     5.96
  SINCE JAN 1      5.57                      6.11  -0.54     3.34

SNOWFALL (IN)
  TODAY           MM
  MONTH TO DATE   MM
  SINCE DEC 1     MM
  SINCE JUL 1     MM
  SNOW DEPTH      MM

DEGREE DAYS
 HEATING
  TODAY            0                        16    -16        7
  MONTH TO DATE  212                       355   -143      236
  SINCE DEC 1   1397                      1462    -65     1062
  SINCE JUL 1   1738                      1823    -85     1365

 COOLING
  TODAY            2                         0      2        0
  MONTH TO DATE    6                         0      6        0
  SINCE DEC 1      6                         3      3        0
  SINCE JAN 1      6                         0      6        0
..................................................................


WIND (MPH)
  RESULTANT WIND SPEED   4   RESULTANT WIND DIRECTION  SE (150)
  HIGHEST WIND SPEED    10   HIGHEST WIND DIRECTION    SE (150)
  HIGHEST GUST SPEED    14   HIGHEST GUST DIRECTION    SE (130)
  AVERAGE WIND SPEED     4.0


SKY COVER
  POSSIBLE SUNSHINE  MM
  AVERAGE SKY COVER 0.7


WEATHER CONDITIONS
 THE FOLLOWING WEATHER WAS RECORDED TODAY.
  FOG
  FOG W/VISIBILITY <= 1/4 MILE


RELATIVE HUMIDITY (PERCENT)
 HIGHEST   100          1200 AM
 LOWEST     79           200 PM
 AVERAGE    90

..........................................................


THE N.MYRTLE BEACH SOUTH CAROLINA CLIMATE NORMALS FOR TOMORROW
                         NORMAL    RECORD    YEAR
 MAXIMUM TEMPERATURE (F)   59        76      1953
 MINIMUM TEMPERATURE (F)   40        24      2015


SUNRISE AND SUNSET
FEBRUARY 20 2018......SUNRISE   654 AM EST   SUNSET   604 PM EST
FEBRUARY 21 2018......SUNRISE   653 AM EST   SUNSET   605 PM EST


-  INDICATES NEGATIVE NUMBERS.
R  INDICATES RECORD WAS SET OR TIED.
MM INDICATES DATA IS MISSING.
T  INDICATES TRACE AMOUNT.




$$
