000
CDUS42 KILM 202142
CLICRE


CLIMATE REPORT
NATIONAL WEATHER SERVICE WILMINGTON NC
442 PM EST SAT DEC 20 2014


...................................

...THE NORTH MYRTLE BEACH SC CLIMATE SUMMARY FOR DECEMBER 20 2014...
VALID TODAY AS OF 0400 PM LOCAL TIME.

CLIMATE NORMAL PERIOD 1981 TO 2010
CLIMATE RECORD PERIOD 1949 TO 2014


WEATHER ITEM   OBSERVED TIME   RECORD YEAR NORMAL DEPARTURE LAST
                VALUE   (LST)  VALUE       VALUE  FROM      YEAR
                                                  NORMAL
..................................................................
TEMPERATURE (F)
 TODAY
  MAXIMUM         48    326 PM  74    2013  58    -10       74
  MINIMUM         43   1208 AM  19    2004  38      5       42
  AVERAGE         46                        48     -2       58

PRECIPITATION (IN)
  TODAY            0.15                      0.11   0.04      T
  MONTH TO DATE    0.33                      2.37  -2.04     0.70
  SINCE DEC 1      0.33                      2.37  -2.04     0.70
  SINCE JAN 1     38.12                     50.92 -12.80    47.68

SNOWFALL (IN)
  TODAY           MM
  MONTH TO DATE   MM
  SINCE DEC 1     MM
  SINCE JUL 1     MM
  SNOW DEPTH      MM

DEGREE DAYS
 HEATING
  TODAY           19                        17      2        7
  MONTH TO DATE  295                       306    -11      268
  SINCE DEC 1    295                       306    -11      268
  SINCE JUL 1    745                       667     78      681

 COOLING
  TODAY            0                         0      0        0
  MONTH TO DATE    0                         0      0        3
  SINCE DEC 1      0                         0      0        3
  SINCE JAN 1   2029                      1899    130     1843
..................................................................


WIND (MPH)
  HIGHEST WIND SPEED    13   HIGHEST WIND DIRECTION    NE (40)
  HIGHEST GUST SPEED    16   HIGHEST GUST DIRECTION    NE (40)
  AVERAGE WIND SPEED     7.0


SKY COVER
  POSSIBLE SUNSHINE  MM
  AVERAGE SKY COVER 0.8


WEATHER CONDITIONS
 THE FOLLOWING WEATHER WAS RECORDED TODAY.
  RAIN
  LIGHT RAIN
  FOG


RELATIVE HUMIDITY (PERCENT)
 HIGHEST    93          1100 AM
 LOWEST     76           300 AM
 AVERAGE    85

..........................................................


THE NORTH MYRTLE BEACH SC CLIMATE NORMALS FOR TOMORROW
                         NORMAL    RECORD    YEAR
 MAXIMUM TEMPERATURE (F)   57        73      2013
 MINIMUM TEMPERATURE (F)   38        17      1954


SUNRISE AND SUNSET
DECEMBER 20 2014......SUNRISE   715 AM EST   SUNSET   510 PM EST
DECEMBER 21 2014......SUNRISE   716 AM EST   SUNSET   510 PM EST


-  INDICATES NEGATIVE NUMBERS.
R  INDICATES RECORD WAS SET OR TIED.
MM INDICATES DATA IS MISSING.
T  INDICATES TRACE AMOUNT.




$$
