420
CDUS42 KILM 270840
CLICRE


CLIMATE REPORT
NATIONAL WEATHER SERVICE WILMINGTON NC
440 AM EDT SAT MAY 27 2017


...................................

...THE NORTH MYRTLE BEACH SC CLIMATE SUMMARY FOR MAY 26 2017...

CLIMATE NORMAL PERIOD 1981 TO 2010
CLIMATE RECORD PERIOD 1949 TO 2017


WEATHER ITEM   OBSERVED TIME   RECORD YEAR NORMAL DEPARTURE LAST
                VALUE   (LST)  VALUE       VALUE  FROM      YEAR
                                                  NORMAL
..................................................................
TEMPERATURE (F)
 YESTERDAY
  MAXIMUM         83    458 PM  97    1953  81      2       81
  MINIMUM         62    554 AM  53    2005  64     -2       69
  AVERAGE         73                        72      1       75

PRECIPITATION (IN)
  YESTERDAY        0.00                      0.12  -0.12     0.00
  MONTH TO DATE    4.24                      2.73   1.51     4.23
  SINCE MAR 1      9.62                      9.61   0.01     6.69
  SINCE JAN 1     13.15                     16.72  -3.57    14.76

DEGREE DAYS
 HEATING
  YESTERDAY        0                         0      0        0
  MONTH TO DATE   10                        23    -13       12
  SINCE MAR 1    402                       502   -100      306
  SINCE JUL 1   1806                      2446   -640     1781

 COOLING
  YESTERDAY        8                         7      1       10
  MONTH TO DATE  182                       129     53      145
  SINCE MAR 1    297                       171    126      245
  SINCE JAN 1    298                       171    127      245
..................................................................


WIND (MPH)
  HIGHEST WIND SPEED    15   HIGHEST WIND DIRECTION     W (280)
  HIGHEST GUST SPEED    25   HIGHEST GUST DIRECTION     W (260)
  AVERAGE WIND SPEED     6.4


SKY COVER
  POSSIBLE SUNSHINE  MM
  AVERAGE SKY COVER 0.0


WEATHER CONDITIONS
 THE FOLLOWING WEATHER WAS RECORDED YESTERDAY.
  NO SIGNIFICANT WEATHER WAS OBSERVED.


RELATIVE HUMIDITY (PERCENT)
 HIGHEST    81          1100 PM
 LOWEST     37           200 PM
 AVERAGE    59

..........................................................


THE NORTH MYRTLE BEACH SC CLIMATE NORMALS FOR TODAY
                         NORMAL    RECORD    YEAR
 MAXIMUM TEMPERATURE (F)   81        95      1989
 MINIMUM TEMPERATURE (F)   64        52      1949


SUNRISE AND SUNSET
MAY 27 2017...........SUNRISE   607 AM EDT   SUNSET   818 PM EDT
MAY 28 2017...........SUNRISE   606 AM EDT   SUNSET   818 PM EDT


-  INDICATES NEGATIVE NUMBERS.
R  INDICATES RECORD WAS SET OR TIED.
MM INDICATES DATA IS MISSING.
T  INDICATES TRACE AMOUNT.




$$
