891
CDUS42 KILM 090946
CLICRE


CLIMATE REPORT
NATIONAL WEATHER SERVICE WILMINGTON NC
446 AM EST TUE FEB 9 2016


...................................

...THE NORTH MYRTLE BEACH SC CLIMATE SUMMARY FOR FEBRUARY 8 2016...

CLIMATE NORMAL PERIOD 1981 TO 2010
CLIMATE RECORD PERIOD 1949 TO 2016


WEATHER ITEM   OBSERVED TIME   RECORD YEAR NORMAL DEPARTURE LAST
                VALUE   (LST)  VALUE       VALUE  FROM      YEAR
                                                  NORMAL
..................................................................
TEMPERATURE (F)
 YESTERDAY
  MAXIMUM         54    514 PM  74    2009  56     -2       66
  MINIMUM         34    741 AM  22    1951  38     -4       45
  AVERAGE         44                        47     -3       56

PRECIPITATION (IN)
  YESTERDAY        0.02                      0.12  -0.10     0.00
  MONTH TO DATE    4.30                      0.88   3.42     0.29
  SINCE DEC 1      9.32                      8.03   1.29     7.61
  SINCE JAN 1      6.20                      4.57   1.63     4.41

SNOWFALL (IN)
  YESTERDAY       MM
  MONTH TO DATE   MM
  SINCE DEC 1     MM
  SINCE JUL 1     MM
  SNOW DEPTH      MM

DEGREE DAYS
 HEATING
  YESTERDAY       21                        18      3        9
  MONTH TO DATE  112                       149    -37      165
  SINCE DEC 1    917                      1256   -339     1157
  SINCE JUL 1   1114                      1617   -503     1607

 COOLING
  YESTERDAY        0                         0      0        0
  MONTH TO DATE    0                         0      0        0
  SINCE DEC 1     51                         3     48        3
  SINCE JAN 1      0                         0      0        1
..................................................................


WIND (MPH)
  HIGHEST WIND SPEED    29   HIGHEST WIND DIRECTION    SW (210)
  HIGHEST GUST SPEED    33   HIGHEST GUST DIRECTION    SW (210)
  AVERAGE WIND SPEED     9.1


SKY COVER
  POSSIBLE SUNSHINE  MM
  AVERAGE SKY COVER 0.2


WEATHER CONDITIONS
 THE FOLLOWING WEATHER WAS RECORDED YESTERDAY.
  LIGHT RAIN
  FOG


RELATIVE HUMIDITY (PERCENT)
 HIGHEST    86           900 PM
 LOWEST     46          1000 AM
 AVERAGE    66

..........................................................


THE NORTH MYRTLE BEACH SC CLIMATE NORMALS FOR TODAY
                         NORMAL    RECORD    YEAR
 MAXIMUM TEMPERATURE (F)   56        72      1996
 MINIMUM TEMPERATURE (F)   38        17      1995


SUNRISE AND SUNSET
FEBRUARY  9 2016......SUNRISE   705 AM EST   SUNSET   553 PM EST
FEBRUARY 10 2016......SUNRISE   705 AM EST   SUNSET   554 PM EST


-  INDICATES NEGATIVE NUMBERS.
R  INDICATES RECORD WAS SET OR TIED.
MM INDICATES DATA IS MISSING.
T  INDICATES TRACE AMOUNT.




$$
