000
CDUS42 KILM 010842
CLICRE


CLIMATE REPORT
NATIONAL WEATHER SERVICE WILMINGTON NC
442 AM EDT SAT AUG 1 2015


...................................

...THE NORTH MYRTLE BEACH SC CLIMATE SUMMARY FOR JULY 31 2015...

CLIMATE NORMAL PERIOD 1981 TO 2010
CLIMATE RECORD PERIOD 1949 TO 2015


WEATHER ITEM   OBSERVED TIME   RECORD YEAR NORMAL DEPARTURE LAST
                VALUE   (LST)  VALUE       VALUE  FROM      YEAR
                                                  NORMAL
..................................................................
TEMPERATURE (F)
 YESTERDAY
  MAXIMUM         89    234 PM  95    1953  87      2       86
  MINIMUM         76   1159 PM  63    1997  73      3       71
  AVERAGE         83                        80      3       79

PRECIPITATION (IN)
  YESTERDAY        0.02                      0.20  -0.18      T
  MONTH TO DATE    3.75                      5.90  -2.15     6.44
  SINCE JUN 1      6.91                     10.54  -3.63     9.07
  SINCE JAN 1     26.97                     27.94  -0.97    22.05

DEGREE DAYS
 HEATING
  YESTERDAY        0                         0      0        0
  MONTH TO DATE    0                         0      0        0
  SINCE JUN 1      0                         0      0        0
  SINCE JUL 1      0                         0      0        0

 COOLING
  YESTERDAY       18                        15      3       14
  MONTH TO DATE  525                       476     49      461
  SINCE JUN 1   1000                       833    167      866
  SINCE JAN 1   1259                      1045    214     1148
..................................................................


WIND (MPH)
  HIGHEST WIND SPEED    18   HIGHEST WIND DIRECTION    SW (210)
  HIGHEST GUST SPEED    24   HIGHEST GUST DIRECTION     S (200)
  AVERAGE WIND SPEED     5.3


SKY COVER
  POSSIBLE SUNSHINE  MM
  AVERAGE SKY COVER 0.5


WEATHER CONDITIONS
 THE FOLLOWING WEATHER WAS RECORDED YESTERDAY.
  THUNDERSTORM
  LIGHT RAIN
  FOG


RELATIVE HUMIDITY (PERCENT)
 HIGHEST    91          1200 AM
 LOWEST     68           400 PM
 AVERAGE    80

..........................................................


THE NORTH MYRTLE BEACH SC CLIMATE NORMALS FOR TODAY
                         NORMAL    RECORD    YEAR
 MAXIMUM TEMPERATURE (F)   87        98      1999
 MINIMUM TEMPERATURE (F)   73        65      1993


SUNRISE AND SUNSET
AUGUST  1 2015........SUNRISE   627 AM EDT   SUNSET   815 PM EDT
AUGUST  2 2015........SUNRISE   627 AM EDT   SUNSET   815 PM EDT


-  INDICATES NEGATIVE NUMBERS.
R  INDICATES RECORD WAS SET OR TIED.
MM INDICATES DATA IS MISSING.
T  INDICATES TRACE AMOUNT.




$$
