000
CDUS44 KCRP 030030
CLICRP

CLIMATE REPORT
NATIONAL WEATHER SERVICE CORPUS CHRISTI TX
723 PM CDT WED SEP 2 2015


...................................

...THE CORPUS CHRISTI CLIMATE SUMMARY FOR SEPTEMBER 2 2015...
VALID TODAY AS OF 700 PM LOCAL TIME.

CLIMATE NORMAL PERIOD 1981 TO 2010
CLIMATE RECORD PERIOD 1887 TO 2015


WEATHER ITEM   OBSERVED TIME   RECORD YEAR NORMAL DEPARTURE LAST
                VALUE   (LST)  VALUE       VALUE  FROM      YEAR
                                                  NORMAL
..................................................................
TEMPERATURE (F)
 TODAY
  MAXIMUM         91   1130 AM 102    2000  93     -2       91
  MINIMUM         74    503 AM  70    1893  74      0       78
  AVERAGE         83                        84     -1       85

PRECIPITATION (IN)
  TODAY            0.00          1.85 1968   0.17  -0.17     0.12
  MONTH TO DATE    0.02                      0.33  -0.31     0.12
  SINCE SEP 1      0.02                      0.33  -0.31     0.12
  SINCE JAN 1     36.03                     19.67  16.36    13.96

SNOWFALL (IN)
  TODAY            0.0
  MONTH TO DATE    0.0
  SINCE SEP 1      0.0
  SINCE JUL 1      0.0
  SNOW DEPTH       0

DEGREE DAYS
 HEATING
  TODAY            0                         0      0        0
  MONTH TO DATE    0                         0      0        0
  SINCE SEP 1      0                         0      0        0
  SINCE JUL 1      0                         0      0        0

 COOLING
  TODAY           18                        19     -1       20
  MONTH TO DATE   35                        38     -3       40
  SINCE SEP 1     35                        38     -3       40
  SINCE JAN 1   2692                      2599     93     2743
..................................................................


WIND (MPH)
  HIGHEST WIND SPEED    21   HIGHEST WIND DIRECTION     E (80)
  HIGHEST GUST SPEED    32   HIGHEST GUST DIRECTION     E (90)


SKY COVER
  POSSIBLE SUNSHINE  MM
  AVERAGE SKY COVER 0.3


WEATHER CONDITIONS
 THE FOLLOWING WEATHER WAS RECORDED TODAY.
  NO SIGNIFICANT WEATHER WAS OBSERVED.


RELATIVE HUMIDITY (PERCENT)
 HIGHEST    94          1200 AM
 LOWEST     56           300 PM
 AVERAGE    75

..........................................................


THE CORPUS CHRISTI CLIMATE NORMALS FOR TOMORROW
                         NORMAL    RECORD    YEAR
 MAXIMUM TEMPERATURE (F)   93       106      2011
 MINIMUM TEMPERATURE (F)   74        67      1888


SUNRISE AND SUNSET
SEPTEMBER  2 2015.....SUNRISE   709 AM CDT   SUNSET   750 PM CDT
SEPTEMBER  3 2015.....SUNRISE   710 AM CDT   SUNSET   749 PM CDT


-  INDICATES NEGATIVE NUMBERS.
R  INDICATES RECORD WAS SET OR TIED.
MM INDICATES DATA IS MISSING.
T  INDICATES TRACE AMOUNT.




$$
