000
CDUS44 KCRP 270831
CLICRP

CLIMATE REPORT
NATIONAL WEATHER SERVICE CORPUS CHRISTI TX
327 AM CDT FRI MAY 27 2016


...................................

...THE CORPUS CHRISTI CLIMATE SUMMARY FOR MAY 26 2016...

CLIMATE NORMAL PERIOD 1981 TO 2010
CLIMATE RECORD PERIOD 1887 TO 2016


WEATHER ITEM   OBSERVED TIME   RECORD YEAR NORMAL DEPARTURE LAST
                VALUE   (LST)  VALUE       VALUE  FROM      YEAR
                                                  NORMAL
..................................................................
TEMPERATURE (F)
 YESTERDAY
  MAXIMUM         88    411 PM  97    1928  88      0       87
  MINIMUM         81   1105 PM  61    1947  72      9       79
                                      1901
  AVERAGE         85                        80      5       83

PRECIPITATION (IN)
  YESTERDAY        T             2.05 1946   0.11  -0.11     0.00
  MONTH TO DATE    5.81                      2.52   3.29    13.41
  SINCE MAR 1     15.75                      6.25   9.50    25.90
  SINCE JAN 1     18.04                      9.72   8.32    29.35

SNOWFALL (IN)
  YESTERDAY        0.0
  MONTH TO DATE    0.0
  SINCE MAR 1      0.0
  SINCE JUL 1      0.0
  SNOW DEPTH       0

DEGREE DAYS
 HEATING
  YESTERDAY        0                         0      0        0
  MONTH TO DATE    0                         0      0        0
  SINCE MAR 1     21                        98    -77      116
  SINCE JUL 1    640                       898   -258     1053

 COOLING
  YESTERDAY       20                        15      5       18
  MONTH TO DATE  375                       336     39      367
  SINCE MAR 1    873                       688    185      723
  SINCE JAN 1    950                       764    186      751
..................................................................


WIND (MPH)
  HIGHEST WIND SPEED    30   HIGHEST WIND DIRECTION     S (160)
  HIGHEST GUST SPEED    38   HIGHEST GUST DIRECTION    SE (150)
  AVERAGE WIND SPEED    17.3


SKY COVER
  POSSIBLE SUNSHINE  MM
  AVERAGE SKY COVER 0.9


WEATHER CONDITIONS
 THE FOLLOWING WEATHER WAS RECORDED YESTERDAY.
  FOG


RELATIVE HUMIDITY (PERCENT)
 HIGHEST    94           500 AM
 LOWEST     68           500 PM
 AVERAGE    81

..........................................................


THE CORPUS CHRISTI CLIMATE NORMALS FOR TODAY
                         NORMAL    RECORD    YEAR
 MAXIMUM TEMPERATURE (F)   89        99      1973
 MINIMUM TEMPERATURE (F)   72        60      1901


SUNRISE AND SUNSET
MAY 27 2016...........SUNRISE   635 AM CDT   SUNSET   819 PM CDT
MAY 28 2016...........SUNRISE   635 AM CDT   SUNSET   820 PM CDT


-  INDICATES NEGATIVE NUMBERS.
R  INDICATES RECORD WAS SET OR TIED.
MM INDICATES DATA IS MISSING.
T  INDICATES TRACE AMOUNT.

$$

CB
