000
CDUS44 KCRP 022341
CLICRP

CLIMATE REPORT
NATIONAL WEATHER SERVICE CORPUS CHRISTI TX
538 PM CST FRI DEC 2 2016

...................................

...THE CORPUS CHRISTI CLIMATE SUMMARY FOR DECEMBER 2 2016...
VALID AS OF 538 PM LOCAL TIME.

CLIMATE NORMAL PERIOD 1981 TO 2010
CLIMATE RECORD PERIOD 1887 TO 2016


WEATHER ITEM   OBSERVED TIME   RECORD YEAR NORMAL DEPARTURE LAST
                VALUE   (LST)  VALUE       VALUE  FROM      YEAR
                                                  NORMAL
..................................................................
TEMPERATURE (F)
 TODAY
  MAXIMUM         75   1109 AM  87    2012  71      4       60
                                      1964
  MINIMUM         67    636 AM  36    1985  51     16       46
  AVERAGE         71                        61     10       53

PRECIPITATION (IN)
  TODAY            0.01          2.10 1994   0.05  -0.04     0.00
  MONTH TO DATE    0.01                      0.10  -0.09     0.01
  SINCE DEC 1      0.01                      0.10  -0.09     0.01
  SINCE JAN 1     30.54                     30.03   0.51    44.14

SNOWFALL (IN)
  TODAY            0.0
  MONTH TO DATE    0.0
  SINCE DEC 1      0.0
  SINCE JUL 1      0.0
  SNOW DEPTH       0

DEGREE DAYS
 HEATING
  TODAY            0                         6     -6       12
  MONTH TO DATE    0                        12    -12       23
  SINCE DEC 1      0                        12    -12       23
  SINCE JUL 1     18                       113    -95       97

 COOLING
  TODAY            6                         2      4        0
  MONTH TO DATE    8                         4      4        0
  SINCE DEC 1      8                         4      4        0
  SINCE JAN 1   4190                      3479    711     3672
..................................................................


WIND (MPH)
  HIGHEST WIND SPEED    28   HIGHEST WIND DIRECTION     E (70)
  HIGHEST GUST SPEED    33   HIGHEST GUST DIRECTION     E (70)


SKY COVER
  POSSIBLE SUNSHINE  MM
  AVERAGE SKY COVER 0.9


WEATHER CONDITIONS
 THE FOLLOWING WEATHER WAS RECORDED TODAY.
  LIGHT RAIN
  FOG


RELATIVE HUMIDITY (PERCENT)
 HIGHEST    87          1200 PM
 LOWEST     76          1200 AM
 AVERAGE    82

..........................................................


THE CORPUS CHRISTI CLIMATE NORMALS FOR TOMORROW
                         NORMAL    RECORD    YEAR
 MAXIMUM TEMPERATURE (F)   71        88      1978
 MINIMUM TEMPERATURE (F)   51        33      1929


SUNRISE AND SUNSET
DECEMBER  2 2016......SUNRISE   705 AM CST   SUNSET   534 PM CST
DECEMBER  3 2016......SUNRISE   705 AM CST   SUNSET   535 PM CST


-  INDICATES NEGATIVE NUMBERS.
R  INDICATES RECORD WAS SET OR TIED.
MM INDICATES DATA IS MISSING.
T  INDICATES TRACE AMOUNT.




$$
