000
CDUS44 KCRP 190921
CLICRP

CLIMATE REPORT
NATIONAL WEATHER SERVICE CORPUS CHRISTI TX
320 AM CST FRI DEC 19 2014


...................................

...THE CORPUS CHRISTI CLIMATE SUMMARY FOR DECEMBER 18 2014...

CLIMATE NORMAL PERIOD 1981 TO 2010
CLIMATE RECORD PERIOD 1887 TO 2014


WEATHER ITEM   OBSERVED TIME   RECORD YEAR NORMAL DEPARTURE LAST
                VALUE   (LST)  VALUE       VALUE  FROM      YEAR
                                                  NORMAL
..................................................................
TEMPERATURE (F)
 YESTERDAY
  MAXIMUM         79    207 PM  87    2012  68     11       76
  MINIMUM         67    753 AM  29    1979  48     19       48
  AVERAGE         73                        58     15       62

PRECIPITATION (IN)
  YESTERDAY        0.01          3.79 1993   0.06  -0.05     0.00
  MONTH TO DATE    0.40                      1.00  -0.60     0.02
  SINCE DEC 1      0.40                      1.00  -0.60     0.02
  SINCE JAN 1     28.72                     30.93  -2.21    23.18

SNOWFALL (IN)
  YESTERDAY        0.0
  MONTH TO DATE    0.0
  SINCE DEC 1      0.0
  SINCE JUL 1      0.0
  SNOW DEPTH       0

DEGREE DAYS
 HEATING
  YESTERDAY        0                         9     -9        3
  MONTH TO DATE   34                       132    -98      186
  SINCE DEC 1     34                       132    -98      186
  SINCE JUL 1    195                       233    -38      343

 COOLING
  YESTERDAY        8                         2      6        0
  MONTH TO DATE   50                        36     14       17
  SINCE DEC 1     50                        36     14       17
  SINCE JAN 1   3691                      3511    180     4129
..................................................................


WIND (MPH)
  HIGHEST WIND SPEED    16   HIGHEST WIND DIRECTION     S (170)
  HIGHEST GUST SPEED    20   HIGHEST GUST DIRECTION     S (160)
  AVERAGE WIND SPEED     9.0


SKY COVER
  POSSIBLE SUNSHINE  MM
  AVERAGE SKY COVER 0.9


WEATHER CONDITIONS
 THE FOLLOWING WEATHER WAS RECORDED YESTERDAY.
  LIGHT RAIN
  FOG


RELATIVE HUMIDITY (PERCENT)
 HIGHEST   100           800 AM
 LOWEST     67           100 PM
 AVERAGE    84

..........................................................


THE CORPUS CHRISTI CLIMATE NORMALS FOR TODAY
                         NORMAL    RECORD    YEAR
 MAXIMUM TEMPERATURE (F)   68        85      2012
 MINIMUM TEMPERATURE (F)   48        21      1996


SUNRISE AND SUNSET
DECEMBER 19 2014......SUNRISE   716 AM CST   SUNSET   539 PM CST
DECEMBER 20 2014......SUNRISE   716 AM CST   SUNSET   539 PM CST


-  INDICATES NEGATIVE NUMBERS.
R  INDICATES RECORD WAS SET OR TIED.
MM INDICATES DATA IS MISSING.
T  INDICATES TRACE AMOUNT.




$$
