000
CDUS44 KCRP 200904
CLICRP

CLIMATE REPORT
NATIONAL WEATHER SERVICE CORPUS CHRISTI TX
402 AM CDT SAT SEP 20 2014


...................................

...THE CORPUS CHRISTI CLIMATE SUMMARY FOR SEPTEMBER 19 2014...

CLIMATE NORMAL PERIOD 1981 TO 2010
CLIMATE RECORD PERIOD 1887 TO 2014


WEATHER ITEM   OBSERVED TIME   RECORD YEAR NORMAL DEPARTURE LAST
                VALUE   (LST)  VALUE       VALUE  FROM      YEAR
                                                  NORMAL
..................................................................
TEMPERATURE (F)
 YESTERDAY
  MAXIMUM         92   1221 PM  99    1977  89      3       92
                                      1947
  MINIMUM         77    657 AM  55    1981  71      6       78
  AVERAGE         85                        80      5       85

PRECIPITATION (IN)
  YESTERDAY        0.01          7.16 2010   0.16  -0.15     0.11
  MONTH TO DATE    2.66                      3.34  -0.68     5.12
  SINCE SEP 1      2.66                      3.34  -0.68     5.12
  SINCE JAN 1     16.50                     22.68  -6.18    16.13

SNOWFALL (IN)
  YESTERDAY        0.0
  MONTH TO DATE    0.0
  SINCE SEP 1      0.0
  SINCE JUL 1      0.0
  SNOW DEPTH       0

DEGREE DAYS
 HEATING
  YESTERDAY        0                         0      0        0
  MONTH TO DATE    0                         0      0        0
  SINCE SEP 1      0                         0      0        0
  SINCE JUL 1      0                         0      0        0

 COOLING
  YESTERDAY       20                        15      5       20
  MONTH TO DATE  341                       326     15      384
  SINCE SEP 1    341                       326     15      384
  SINCE JAN 1   3044                      2887    157     3397
..................................................................


WIND (MPH)
  HIGHEST WIND SPEED    21   HIGHEST WIND DIRECTION     E (80)
  HIGHEST GUST SPEED    25   HIGHEST GUST DIRECTION     E (80)
  AVERAGE WIND SPEED     7.8


SKY COVER
  POSSIBLE SUNSHINE  MM
  AVERAGE SKY COVER 0.7


WEATHER CONDITIONS
 THE FOLLOWING WEATHER WAS RECORDED YESTERDAY.
  THUNDERSTORM
  LIGHT RAIN


RELATIVE HUMIDITY (PERCENT)
 HIGHEST    94           300 AM
 LOWEST     56          1200 PM
 AVERAGE    75

..........................................................


THE CORPUS CHRISTI CLIMATE NORMALS FOR TODAY
                         NORMAL    RECORD    YEAR
 MAXIMUM TEMPERATURE (F)   89        98      1947
 MINIMUM TEMPERATURE (F)   71        59      1981


SUNRISE AND SUNSET
SEPTEMBER 20 2014.....SUNRISE   718 AM CDT   SUNSET   729 PM CDT
SEPTEMBER 21 2014.....SUNRISE   718 AM CDT   SUNSET   728 PM CDT


-  INDICATES NEGATIVE NUMBERS.
R  INDICATES RECORD WAS SET OR TIED.
MM INDICATES DATA IS MISSING.
T  INDICATES TRACE AMOUNT.




$$
