000
CDUS44 KCRP 230813
CLICRP

CLIMATE REPORT
NATIONAL WEATHER SERVICE CORPUS CHRISTI TX
311 AM CDT FRI JUN 23 2017


...................................

...THE CORPUS CHRISTI CLIMATE SUMMARY FOR JUNE 22 2017...

CLIMATE NORMAL PERIOD 1981 TO 2010
CLIMATE RECORD PERIOD 1887 TO 2017


WEATHER ITEM   OBSERVED TIME   RECORD YEAR NORMAL DEPARTURE LAST
                VALUE   (LST)  VALUE       VALUE  FROM      YEAR
                                                  NORMAL
..................................................................
TEMPERATURE (F)
 YESTERDAY
  MAXIMUM        100R  1249 PM  99    2013  92      8       94
  MINIMUM         73    222 AM  67    1995  74     -1       75
                                      1921
  AVERAGE         87                        83      4       85

PRECIPITATION (IN)
  YESTERDAY        0.00          1.26 1946   0.12  -0.12     0.00
  MONTH TO DATE    1.47                      2.40  -0.93     2.88
  SINCE JUN 1      1.47                      2.40  -0.93     2.88
  SINCE JAN 1     14.74                     12.67   2.07    21.10

SNOWFALL (IN)
  YESTERDAY        0.0
  MONTH TO DATE    0.0
  SINCE JUN 1      0.0
  SINCE JUL 1      0.0
  SNOW DEPTH       0

DEGREE DAYS
 HEATING
  YESTERDAY        0                         0      0        0
  MONTH TO DATE    0                         0      0        0
  SINCE JUN 1      0                         0      0        0
  SINCE JUL 1    368                       898   -530      640

 COOLING
  YESTERDAY       22                        18      4       20
  MONTH TO DATE  410                       376     34      397
  SINCE JUN 1    410                       376     34      397
  SINCE JAN 1   1600                      1217    383     1433
..................................................................


WIND (MPH)
  HIGHEST WIND SPEED    22   HIGHEST WIND DIRECTION    SE (150)
  HIGHEST GUST SPEED    29   HIGHEST GUST DIRECTION    SE (150)
  AVERAGE WIND SPEED     9.6


SKY COVER
  POSSIBLE SUNSHINE  MM
  AVERAGE SKY COVER 0.4


WEATHER CONDITIONS
 THE FOLLOWING WEATHER WAS RECORDED YESTERDAY.
  HAZE


RELATIVE HUMIDITY (PERCENT)
 HIGHEST    87           500 AM
 LOWEST     45          1200 PM
 AVERAGE    66

..........................................................


THE CORPUS CHRISTI CLIMATE NORMALS FOR TODAY
                         NORMAL    RECORD    YEAR
 MAXIMUM TEMPERATURE (F)   92        98      1990
                                             1953
 MINIMUM TEMPERATURE (F)   75        67      2008


SUNRISE AND SUNSET
JUNE 23 2017..........SUNRISE   635 AM CDT   SUNSET   829 PM CDT
JUNE 24 2017..........SUNRISE   636 AM CDT   SUNSET   829 PM CDT


-  INDICATES NEGATIVE NUMBERS.
R  INDICATES RECORD WAS SET OR TIED.
MM INDICATES DATA IS MISSING.
T  INDICATES TRACE AMOUNT.




$$
ZCZC SATCLICR1 ALL
TTAA00 KSAT 042156

CLIMATE REPORT
NATIONAL WEATHER SERVICE CORPUS CHRISTI TX
450 PM CDT SAT APR 4 2015

...................................

...THE CORPUS CHRISTI CLIMATE SUMMARY FOR APRIL 4 2015...
VALID TODAY AS OF 450 PM LOCAL TIME.

CLIMATE NORMAL PERIOD 1981 TO 2010
CLIMATE RECORD PERIOD 1887 TO 2015


WEATHER ITEM   OBSERVED TIME   RECORD YEAR NORMAL DEPARTURE LAST
                VALUE   (LST)  VALUE       VALUE  FROM      YEAR
                                                  NORMAL
..................................................................
TEMPERATURE (F)
 TODAY
  MAXIMUM         74    214 AM  96    2011  80     -6       81
  MINIMUM         64    856 AM  39    1987  60      4       64
  AVERAGE         69                        70     -1       73

PRECIPITATION (IN)
  TODAY            0.03          0.94 1971   0.05  -0.02     0.14
  MONTH TO DATE    0.03                      0.21  -0.18     0.14
  SINCE MAR 1      6.16                      2.10   4.06     1.79
  SINCE JAN 1      9.61                      5.57   4.04     2.70

SNOWFALL (IN)
  TODAY            0.0
  MONTH TO DATE    0.0
  SINCE MAR 1      0.0
  SINCE JUL 1      0.0
  SNOW DEPTH       0

DEGREE DAYS
 HEATING
  TODAY            0                         1     -1        0
  MONTH TO DATE    0                         4     -4        0
  SINCE MAR 1    116                        85     31      132
  SINCE JUL 1   1053                       885    168     1131

 COOLING
  TODAY            4                         6     -2        8
  MONTH TO DATE   37                        24     13       47
  SINCE MAR 1    112                       139    -27      131
  SINCE JAN 1    140                       215    -75      208
..................................................................


WIND (MPH)
  HIGHEST WIND SPEED    26   HIGHEST WIND DIRECTION    NE (40)
  HIGHEST GUST SPEED    34   HIGHEST GUST DIRECTION     N (20)


SKY COVER
  POSSIBLE SUNSHINE  MM
  AVERAGE SKY COVER 1.0


WEATHER CONDITIONS
 THE FOLLOWING WEATHER WAS RECORDED TODAY.
  LIGHT RAIN


RELATIVE HUMIDITY (PERCENT)
 HIGHEST    93          1200 AM
 LOWEST     59           600 AM
 AVERAGE    76

..........................................................


THE CORPUS CHRISTI CLIMATE NORMALS FOR TOMORROW
                         NORMAL    RECORD    YEAR
 MAXIMUM TEMPERATURE (F)   80        97      2012
 MINIMUM TEMPERATURE (F)   60        44      1977


SUNRISE AND SUNSET
APRIL  4 2015.........SUNRISE   717 AM CDT   SUNSET   749 PM CDT
APRIL  5 2015.........SUNRISE   716 AM CDT   SUNSET   750 PM CDT


-  INDICATES NEGATIVE NUMBERS.
R  INDICATES RECORD WAS SET OR TIED.
MM INDICATES DATA IS MISSING.
T  INDICATES TRACE AMOUNT.




$$
!--NOT SENT--!
