000
CDUS44 KCRP 310828
CLICRP

CLIMATE REPORT
NATIONAL WEATHER SERVICE CORPUS CHRISTI TX
328 AM CDT SUN AUG 31 2014


...................................

...THE CORPUS CHRISTI CLIMATE SUMMARY FOR AUGUST 30 2014...

CLIMATE NORMAL PERIOD 1981 TO 2010
CLIMATE RECORD PERIOD 1887 TO 2014


WEATHER ITEM   OBSERVED TIME   RECORD YEAR NORMAL DEPARTURE LAST
                VALUE   (LST)  VALUE       VALUE  FROM      YEAR
                                                  NORMAL
..................................................................
TEMPERATURE (F)
 YESTERDAY
  MAXIMUM         86    350 PM 107    2012  93     -7       98
  MINIMUM         75    740 AM  69    1942  75      0       75
                                      1893
  AVERAGE         81                        84     -3       87

PRECIPITATION (IN)
  YESTERDAY        3.27          4.46 1942   0.15   3.12     0.00
  MONTH TO DATE    4.53                      2.76   1.77     1.21
  SINCE JUN 1      6.68                      8.91  -2.23     6.28
  SINCE JAN 1     13.78                     19.18  -5.40    11.01

SNOWFALL (IN)
  YESTERDAY        0.0
  MONTH TO DATE    0.0
  SINCE JUN 1      0.0
  SINCE JUL 1      0.0
  SNOW DEPTH       0

DEGREE DAYS
 HEATING
  YESTERDAY        0                         0      0        0
  MONTH TO DATE    0                         0      0        0
  SINCE JUN 1      0                         0      0        0
  SINCE JUL 1      0                         0      0        0

 COOLING
  YESTERDAY       16                        19     -3       22
  MONTH TO DATE  651                       594     57      658
  SINCE JUN 1   1878                      1703    175     1973
  SINCE JAN 1   2684                      2544    140     2991
..................................................................


WIND (MPH)
  HIGHEST WIND SPEED    20   HIGHEST WIND DIRECTION    SE (130)
  HIGHEST GUST SPEED    23   HIGHEST GUST DIRECTION    SE (120)
  AVERAGE WIND SPEED     7.3


SKY COVER
  POSSIBLE SUNSHINE  MM
  AVERAGE SKY COVER 0.8


WEATHER CONDITIONS
 THE FOLLOWING WEATHER WAS RECORDED YESTERDAY.
  THUNDERSTORM
  HEAVY RAIN
  RAIN
  LIGHT RAIN
  FOG


RELATIVE HUMIDITY (PERCENT)
 HIGHEST    97           500 AM
 LOWEST     65           400 PM
 AVERAGE    81

..........................................................


THE CORPUS CHRISTI CLIMATE NORMALS FOR TODAY
                         NORMAL    RECORD    YEAR
 MAXIMUM TEMPERATURE (F)   93       103      2000
 MINIMUM TEMPERATURE (F)   75        67      1915


SUNRISE AND SUNSET
AUGUST 31 2014........SUNRISE   708 AM CDT   SUNSET   752 PM CDT
SEPTEMBER  1 2014.....SUNRISE   709 AM CDT   SUNSET   751 PM CDT


-  INDICATES NEGATIVE NUMBERS.
R  INDICATES RECORD WAS SET OR TIED.
MM INDICATES DATA IS MISSING.
T  INDICATES TRACE AMOUNT.




$$
