000
CDUS44 KCRP 240648
CLICRP

CLIMATE REPORT
NATIONAL WEATHER SERVICE CORPUS CHRISTI TX
1245 AM CST MON NOV 24 2014


...................................

...THE CORPUS CHRISTI CLIMATE SUMMARY FOR NOVEMBER 23 2014...

CLIMATE NORMAL PERIOD 1981 TO 2010
CLIMATE RECORD PERIOD 1887 TO 2014


WEATHER ITEM   OBSERVED TIME   RECORD YEAR NORMAL DEPARTURE LAST
                VALUE   (LST)  VALUE       VALUE  FROM      YEAR
                                                  NORMAL
..................................................................
TEMPERATURE (F)
 YESTERDAY
  MAXIMUM         81    357 PM  88    1981  74      7       47
                                      1924
  MINIMUM         58    815 AM  35    1975  54      4       41
  AVERAGE         70                        64      6       44

PRECIPITATION (IN)
  YESTERDAY        0.00          2.57 1895   0.05  -0.05     0.01
  MONTH TO DATE    2.84                      1.63   1.21     2.96
  SINCE SEP 1     14.48                     10.25   4.23    11.72
  SINCE JAN 1     28.32                     29.59  -1.27    22.73

SNOWFALL (IN)
  YESTERDAY        0.0
  MONTH TO DATE    0.0
  SINCE SEP 1      0.0
  SINCE JUL 1      0.0
  SNOW DEPTH       0

DEGREE DAYS
 HEATING
  YESTERDAY        0                         4     -4       21
  MONTH TO DATE  135                        55     80       52
  SINCE SEP 1    135                        65     70       52
  SINCE JUL 1    135                        65     70       52

 COOLING
  YESTERDAY        5                         3      2        0
  MONTH TO DATE   52                       105    -53      129
  SINCE SEP 1    930                       895     35     1099
  SINCE JAN 1   3633                      3456    177     4112
..................................................................


WIND (MPH)
  HIGHEST WIND SPEED    16   HIGHEST WIND DIRECTION    SW (220)
  HIGHEST GUST SPEED    19   HIGHEST GUST DIRECTION    SW (210)
  AVERAGE WIND SPEED     8.7


SKY COVER
  POSSIBLE SUNSHINE  MM
  AVERAGE SKY COVER 0.3


WEATHER CONDITIONS
 THE FOLLOWING WEATHER WAS RECORDED YESTERDAY.
  FOG
  FOG W/VISIBILITY <= 1/4 MILE


RELATIVE HUMIDITY (PERCENT)
 HIGHEST   100           600 AM
 LOWEST     49           400 PM
 AVERAGE    75

..........................................................


THE CORPUS CHRISTI CLIMATE NORMALS FOR TODAY
                         NORMAL    RECORD    YEAR
 MAXIMUM TEMPERATURE (F)   73        89      1949
 MINIMUM TEMPERATURE (F)   54        29      1991


SUNRISE AND SUNSET
NOVEMBER 24 2014......SUNRISE   658 AM CST   SUNSET   535 PM CST
NOVEMBER 25 2014......SUNRISE   659 AM CST   SUNSET   535 PM CST


-  INDICATES NEGATIVE NUMBERS.
R  INDICATES RECORD WAS SET OR TIED.
MM INDICATES DATA IS MISSING.
T  INDICATES TRACE AMOUNT.




$$
