000
CDUS44 KCRP 140039
CLICRP

CLIMATE REPORT
NATIONAL WEATHER SERVICE CORPUS CHRISTI TX
638 PM CST WED DEC 13 2017


...................................

...THE CORPUS CHRISTI CLIMATE SUMMARY FOR DECEMBER 13 2017...
VALID TODAY AS OF 600 PM LOCAL TIME.

CLIMATE NORMAL PERIOD 1981 TO 2010
CLIMATE RECORD PERIOD 1887 TO 2017


WEATHER ITEM   OBSERVED TIME   RECORD YEAR NORMAL DEPARTURE LAST
                VALUE   (LST)  VALUE       VALUE  FROM      YEAR
                                                  NORMAL
..................................................................
TEMPERATURE (F)
 TODAY
  MAXIMUM         64    302 PM  86    1901  69     -5       77
  MINIMUM         41    728 AM  25    1989  49     -8       63
  AVERAGE         53                        59     -6       70

PRECIPITATION (IN)
  TODAY            0.00          1.41 1887   0.06  -0.06      T
  MONTH TO DATE    3.82                      0.70   3.12     2.00
  SINCE DEC 1      3.82                      0.70   3.12     2.00
  SINCE JAN 1     30.34                     30.63  -0.29    32.53

SNOWFALL (IN)
  TODAY            0.0
  MONTH TO DATE    1.0
  SINCE DEC 1      1.0
  SINCE JUL 1      1.0
  SNOW DEPTH       0

DEGREE DAYS
 HEATING
  TODAY           12                         8      4        0
  MONTH TO DATE  123                        90     33       73
  SINCE DEC 1    123                        90     33       73
  SINCE JUL 1    187                       191     -4       91

 COOLING
  TODAY            0                         2     -2        5
  MONTH TO DATE   24                        26     -2       17
  SINCE DEC 1     24                        26     -2       17
  SINCE JAN 1   4011                      3501    510     4199
..................................................................


WIND (MPH)
  HIGHEST WIND SPEED    10   HIGHEST WIND DIRECTION     S (190)
  HIGHEST GUST SPEED    12   HIGHEST GUST DIRECTION     S (200)


SKY COVER
  POSSIBLE SUNSHINE  MM
  AVERAGE SKY COVER 0.8


WEATHER CONDITIONS
 THE FOLLOWING WEATHER WAS RECORDED TODAY.
  NO SIGNIFICANT WEATHER WAS OBSERVED.


RELATIVE HUMIDITY (PERCENT)
 HIGHEST    89           400 AM
 LOWEST     48          1200 PM
 AVERAGE    69

..........................................................


THE CORPUS CHRISTI CLIMATE NORMALS FOR TOMORROW
                         NORMAL    RECORD    YEAR
 MAXIMUM TEMPERATURE (F)   68        85      1973
 MINIMUM TEMPERATURE (F)   49        27      1919


SUNRISE AND SUNSET
DECEMBER 13 2017......SUNRISE   712 AM CST   SUNSET   537 PM CST
DECEMBER 14 2017......SUNRISE   713 AM CST   SUNSET   537 PM CST


-  INDICATES NEGATIVE NUMBERS.
R  INDICATES RECORD WAS SET OR TIED.
MM INDICATES DATA IS MISSING.
T  INDICATES TRACE AMOUNT.




$$
