000
CDUS44 KCRP 292321
CLICRP

CLIMATE REPORT
NATIONAL WEATHER SERVICE CORPUS CHRISTI TX
519 PM CST THU JAN 29 2015

...................................

...THE CORPUS CHRISTI CLIMATE SUMMARY FOR JANUARY 29 2015...
VALID TODAY AS OF 519 PM LOCAL TIME.

CLIMATE NORMAL PERIOD 1981 TO 2010
CLIMATE RECORD PERIOD 1887 TO 2015


WEATHER ITEM   OBSERVED TIME   RECORD YEAR NORMAL DEPARTURE LAST
                VALUE   (LST)  VALUE       VALUE  FROM      YEAR
                                                  NORMAL
..................................................................
TEMPERATURE (F)
 TODAY
  MAXIMUM         77    234 PM  91    2013  68      9       51
  MINIMUM         52    714 AM  25    1951  48      4       37
  AVERAGE         65                        58      7       44

PRECIPITATION (IN)
  TODAY            0.00          0.54 1979   0.05  -0.05     0.00
  MONTH TO DATE    1.99                      1.45   0.54     0.67
  SINCE DEC 1      3.03                      3.28  -0.25     0.96
  SINCE JAN 1      1.99                      1.45   0.54     0.67

SNOWFALL (IN)
  TODAY            0.0
  MONTH TO DATE    0.0
  SINCE DEC 1      0.0
  SINCE JUL 1      0.0
  SNOW DEPTH       0

DEGREE DAYS
 HEATING
  TODAY            0                         8     -8       21
  MONTH TO DATE  387                       255    132      302
  SINCE DEC 1    541                       505     36      601
  SINCE JUL 1    702                       606     96      758

 COOLING
  TODAY            0                         1     -1        0
  MONTH TO DATE    2                        29    -27        2
  SINCE DEC 1     61                        78    -17       38
  SINCE JAN 1      2                        29    -27        2
..................................................................


WIND (MPH)
  HIGHEST WIND SPEED    21   HIGHEST WIND DIRECTION     S (170)
  HIGHEST GUST SPEED    29   HIGHEST GUST DIRECTION     S (180)


SKY COVER
  POSSIBLE SUNSHINE  MM
  AVERAGE SKY COVER 0.4


WEATHER CONDITIONS
 THE FOLLOWING WEATHER WAS RECORDED TODAY.
  FOG


RELATIVE HUMIDITY (PERCENT)
 HIGHEST   100          1200 AM
 LOWEST     54          1200 PM
 AVERAGE    77

..........................................................


THE CORPUS CHRISTI CLIMATE NORMALS FOR TOMORROW
                         NORMAL    RECORD    YEAR
 MAXIMUM TEMPERATURE (F)   68        91      1971
 MINIMUM TEMPERATURE (F)   48        22      1951


SUNRISE AND SUNSET
JANUARY 29 2015.......SUNRISE   718 AM CST   SUNSET   608 PM CST
JANUARY 30 2015.......SUNRISE   718 AM CST   SUNSET   609 PM CST


-  INDICATES NEGATIVE NUMBERS.
R  INDICATES RECORD WAS SET OR TIED.
MM INDICATES DATA IS MISSING.
T  INDICATES TRACE AMOUNT.

$$
