000
CDUS44 KCRP 210945
CLICRP

CLIMATE REPORT
NATIONAL WEATHER SERVICE CORPUS CHRISTI TX
343 AM CST TUE FEB 21 2017


...................................

...THE CORPUS CHRISTI CLIMATE SUMMARY FOR FEBRUARY 20 2017...

CLIMATE NORMAL PERIOD 1981 TO 2010
CLIMATE RECORD PERIOD 1887 TO 2017


WEATHER ITEM   OBSERVED TIME   RECORD YEAR NORMAL DEPARTURE LAST
                VALUE   (LST)  VALUE       VALUE  FROM      YEAR
                                                  NORMAL
..................................................................
TEMPERATURE (F)
 YESTERDAY
  MAXIMUM         73    348 AM  93    1996  71      2       82
  MINIMUM         60   1159 PM  35    1978  52      8       65
                                      1929
                                      1904
  AVERAGE         67                        61      6       74

PRECIPITATION (IN)
  YESTERDAY        1.50          2.99 1958   0.06   1.44     0.00
  MONTH TO DATE    2.57                      1.33   1.24     0.00
  SINCE DEC 1      5.04                      4.70   0.34     2.97
  SINCE JAN 1      2.84                      2.87  -0.03     2.08

SNOWFALL (IN)
  YESTERDAY        0.0
  MONTH TO DATE    0.0
  SINCE DEC 1      0.0
  SINCE JUL 1      0.0
  SNOW DEPTH       0

DEGREE DAYS
 HEATING
  YESTERDAY        0                         5     -5        0
  MONTH TO DATE   26                       135   -109       83
  SINCE DEC 1    330                       661   -331      515
  SINCE JUL 1    348                       762   -414      589

 COOLING
  YESTERDAY        2                         2      0        9
  MONTH TO DATE  118                        33     85       29
  SINCE DEC 1    298                       112    186      120
  SINCE JAN 1    210                        63    147       42
..................................................................


WIND (MPH)
  HIGHEST WIND SPEED    23   HIGHEST WIND DIRECTION     W (280)
  HIGHEST GUST SPEED    27   HIGHEST GUST DIRECTION    NW (320)
  AVERAGE WIND SPEED     6.9


SKY COVER
  POSSIBLE SUNSHINE  MM
  AVERAGE SKY COVER 0.7


WEATHER CONDITIONS
 THE FOLLOWING WEATHER WAS RECORDED YESTERDAY.
  THUNDERSTORM
  HEAVY RAIN
  RAIN
  LIGHT RAIN
  FOG


RELATIVE HUMIDITY (PERCENT)
 HIGHEST   100           600 AM
 LOWEST     78           400 PM
 AVERAGE    89

..........................................................


THE CORPUS CHRISTI CLIMATE NORMALS FOR TODAY
                         NORMAL    RECORD    YEAR
 MAXIMUM TEMPERATURE (F)   72        92      1997
 MINIMUM TEMPERATURE (F)   52        33      1978
                                             1964


SUNRISE AND SUNSET
FEBRUARY 21 2017......SUNRISE   702 AM CST   SUNSET   626 PM CST
FEBRUARY 22 2017......SUNRISE   701 AM CST   SUNSET   626 PM CST


-  INDICATES NEGATIVE NUMBERS.
R  INDICATES RECORD WAS SET OR TIED.
MM INDICATES DATA IS MISSING.
T  INDICATES TRACE AMOUNT.




$$
