000
CDUS44 KCRP 292315
CLICRP

CLIMATE REPORT
NATIONAL WEATHER SERVICE CORPUS CHRISTI TX
615 PM CDT FRI MAY 29 2015

...................................

...THE CORPUS CHRISTI CLIMATE SUMMARY FOR MAY 29 2015...
VALID TODAY AS OF 615 PM LOCAL TIME.

CLIMATE NORMAL PERIOD 1981 TO 2010
CLIMATE RECORD PERIOD 1887 TO 2015


WEATHER ITEM   OBSERVED TIME   RECORD YEAR NORMAL DEPARTURE LAST
                VALUE   (LST)  VALUE       VALUE  FROM      YEAR
                                                  NORMAL
..................................................................
TEMPERATURE (F)
 TODAY
  MAXIMUM         88    105 PM  95    2010  89     -1       92
  MINIMUM         67    455 AM  61    1973  72     -5       66
  AVERAGE         78                        80     -2       79

PRECIPITATION (IN)
  TODAY            0.76          2.42 1929   0.11   0.65     0.00
  MONTH TO DATE   14.17                      2.85  11.32     3.83
  SINCE MAR 1     26.66                      6.58  20.08     5.98
  SINCE JAN 1     30.11                     10.05  20.06     6.89

SNOWFALL (IN)
  TODAY            0.0
  MONTH TO DATE    0.0
  SINCE MAR 1      0.0
  SINCE JUL 1      0.0
  SNOW DEPTH       0

DEGREE DAYS
 HEATING
  TODAY            0                         0      0        0
  MONTH TO DATE    0                         0      0        0
  SINCE MAR 1    116                        98     18      146
  SINCE JUL 1   1053                       898    155     1145

 COOLING
  TODAY           13                        16     -3       14
  MONTH TO DATE  417                       382     35      326
  SINCE MAR 1    773                       734     39      695
  SINCE JAN 1    801                       810     -9      772
..................................................................


WIND (MPH)
  HIGHEST WIND SPEED    41   HIGHEST WIND DIRECTION     N (360)
  HIGHEST GUST SPEED    51   HIGHEST GUST DIRECTION     N (360)


SKY COVER
  POSSIBLE SUNSHINE  MM
  AVERAGE SKY COVER 0.8


WEATHER CONDITIONS
 THE FOLLOWING WEATHER WAS RECORDED TODAY.
  THUNDERSTORM
  HEAVY RAIN
  RAIN
  LIGHT RAIN
  FOG


RELATIVE HUMIDITY (PERCENT)
 HIGHEST    93           500 AM
 LOWEST     59           100 PM
 AVERAGE    76

..........................................................


THE CORPUS CHRISTI CLIMATE NORMALS FOR TOMORROW
                         NORMAL    RECORD    YEAR
 MAXIMUM TEMPERATURE (F)   89        95      2013
                                             2003
                                             1994
 MINIMUM TEMPERATURE (F)   72        59      1984


SUNRISE AND SUNSET
MAY 29 2015...........SUNRISE   635 AM CDT   SUNSET   820 PM CDT
MAY 30 2015...........SUNRISE   635 AM CDT   SUNSET   820 PM CDT


-  INDICATES NEGATIVE NUMBERS.
R  INDICATES RECORD WAS SET OR TIED.
MM INDICATES DATA IS MISSING.
T  INDICATES TRACE AMOUNT.




$$
