000
CDUS44 KCRP 302332
CLICRP

CLIMATE REPORT
NATIONAL WEATHER SERVICE CORPUS CHRISTI TX
630 PM CDT SUN APR 30 2017

...................................

...THE CORPUS CHRISTI CLIMATE SUMMARY FOR APRIL 30 2017...
VALID AS OF 629 PM LOCAL TIME.

CLIMATE NORMAL PERIOD 1981 TO 2010
CLIMATE RECORD PERIOD 1887 TO 2017


WEATHER ITEM   OBSERVED TIME   RECORD YEAR NORMAL DEPARTURE LAST
                VALUE   (LST)  VALUE       VALUE  FROM      YEAR
                                                  NORMAL
..................................................................
TEMPERATURE (F)
 TODAY
  MAXIMUM         83    529 PM 100    1953  84     -1       94
  MINIMUM         63    655 AM  45    1996  67     -4       78
  AVERAGE         73                        75     -2       86

PRECIPITATION (IN)
  TODAY            0.01          4.17 1977   0.08  -0.07     0.00
  MONTH TO DATE    2.22                      1.84   0.38     3.40
  SINCE MAR 1      7.21                      3.73   3.48     9.94
  SINCE JAN 1     10.05                      7.20   2.85    12.23

SNOWFALL (IN)
  TODAY            0.0
  MONTH TO DATE    0.0
  SINCE MAR 1      0.0
  SINCE JUL 1      0.0
  SNOW DEPTH       0

DEGREE DAYS
 HEATING
  TODAY            0                         0      0        0
  MONTH TO DATE    0                        15    -15        0
  SINCE MAR 1     16                        98    -82       21
  SINCE JUL 1    368                       898   -530      640

 COOLING
  TODAY            8                        10     -2       21
  MONTH TO DATE  304                       237     67      298
  SINCE MAR 1    507                       352    155      498
  SINCE JAN 1    776                       428    348      575
..................................................................


WIND (MPH)
  HIGHEST WIND SPEED    32   HIGHEST WIND DIRECTION     N (360)
  HIGHEST GUST SPEED    42   HIGHEST GUST DIRECTION     N (360)


SKY COVER
  POSSIBLE SUNSHINE  MM
  AVERAGE SKY COVER 0.5


WEATHER CONDITIONS
 THE FOLLOWING WEATHER WAS RECORDED TODAY.
  LIGHT RAIN
  FOG


RELATIVE HUMIDITY (PERCENT)
 HIGHEST    78           200 AM
 LOWEST     21           200 PM
 AVERAGE    50

..........................................................


THE CORPUS CHRISTI CLIMATE NORMALS FOR TOMORROW
                         NORMAL    RECORD    YEAR
 MAXIMUM TEMPERATURE (F)   84        96      1998
 MINIMUM TEMPERATURE (F)   67        45      1925


SUNRISE AND SUNSET
APRIL 30 2017.........SUNRISE   651 AM CDT   SUNSET   804 PM CDT
MAY  1 2017...........SUNRISE   650 AM CDT   SUNSET   804 PM CDT


-  INDICATES NEGATIVE NUMBERS.
R  INDICATES RECORD WAS SET OR TIED.
MM INDICATES DATA IS MISSING.
T  INDICATES TRACE AMOUNT.




$$
