000
CDUS44 KCRP 260736
CLICRP

CLIMATE REPORT
NATIONAL WEATHER SERVICE CORPUS CHRISTI TX
236 AM CDT TUE JUL 26 2016


...................................

...THE CORPUS CHRISTI CLIMATE SUMMARY FOR JULY 25 2016...

CLIMATE NORMAL PERIOD 1981 TO 2010
CLIMATE RECORD PERIOD 1887 TO 2016


WEATHER ITEM   OBSERVED TIME   RECORD YEAR NORMAL DEPARTURE LAST
                VALUE   (LST)  VALUE       VALUE  FROM      YEAR
                                                  NORMAL
..................................................................
TEMPERATURE (F)
 YESTERDAY
  MAXIMUM         97    229 PM 101    1954  94      3       97
  MINIMUM         77    611 AM  70    1976  75      2       75
                                      1903
  AVERAGE         87                        84      3       86

PRECIPITATION (IN)
  YESTERDAY        0.00          3.58 1934   0.06  -0.06     0.00
  MONTH TO DATE    T                         2.43  -2.43     0.57
  SINCE JUN 1      2.95                      5.79  -2.84     2.20
  SINCE JAN 1     21.17                     16.06   5.11    32.46

SNOWFALL (IN)
  YESTERDAY        0.0
  MONTH TO DATE    0.0
  SINCE JUN 1      0.0
  SINCE JUL 1      0.0
  SNOW DEPTH       0

DEGREE DAYS
 HEATING
  YESTERDAY        0                         0      0        0
  MONTH TO DATE    0                         0      0        0
  SINCE JUN 1      0                         0      0        0
  SINCE JUL 1      0                         0      0        0

 COOLING
  YESTERDAY       22                        19      3       21
  MONTH TO DATE  537                       471     66      512
  SINCE JUN 1   1097                       993    104     1051
  SINCE JAN 1   2133                      1834    299     1881
..................................................................


WIND (MPH)
  HIGHEST WIND SPEED    20   HIGHEST WIND DIRECTION    SE (140)
  HIGHEST GUST SPEED    26   HIGHEST GUST DIRECTION    SE (150)
  AVERAGE WIND SPEED     8.8


SKY COVER
  POSSIBLE SUNSHINE  MM
  AVERAGE SKY COVER 0.6


WEATHER CONDITIONS
 THE FOLLOWING WEATHER WAS RECORDED YESTERDAY.
  NO SIGNIFICANT WEATHER WAS OBSERVED.


RELATIVE HUMIDITY (PERCENT)
 HIGHEST    97           300 AM
 LOWEST     45           300 PM
 AVERAGE    71

..........................................................


THE CORPUS CHRISTI CLIMATE NORMALS FOR TODAY
                         NORMAL    RECORD    YEAR
 MAXIMUM TEMPERATURE (F)   94       101      1954
 MINIMUM TEMPERATURE (F)   75        72      1993
                                             1989
                                             1976


SUNRISE AND SUNSET
JULY 26 2016..........SUNRISE   650 AM CDT   SUNSET   823 PM CDT
JULY 27 2016..........SUNRISE   651 AM CDT   SUNSET   822 PM CDT


-  INDICATES NEGATIVE NUMBERS.
R  INDICATES RECORD WAS SET OR TIED.
MM INDICATES DATA IS MISSING.
T  INDICATES TRACE AMOUNT.




$$
