000
CDUS44 KCRP 130027
CLICRP

CLIMATE REPORT
NATIONAL WEATHER SERVICE CORPUS CHRISTI TX
724 PM CDT SAT JUL 12 2014


...................................

...THE CORPUS CHRISTI CLIMATE SUMMARY FOR JULY 12 2014...
VALID TODAY AS OF 700 PM LOCAL TIME.

CLIMATE NORMAL PERIOD 1981 TO 2010
CLIMATE RECORD PERIOD 1887 TO 2014


WEATHER ITEM   OBSERVED TIME   RECORD YEAR NORMAL DEPARTURE LAST
                VALUE   (LST)  VALUE       VALUE  FROM      YEAR
                                                  NORMAL
..................................................................
TEMPERATURE (F)
 TODAY
  MAXIMUM         94    406 PM 101    1964  93      1       98
  MINIMUM         70    605 AM  69    1946  75     -5       75
  AVERAGE         82                        84     -2       87

PRECIPITATION (IN)
  TODAY            0.00          2.21 1968   0.11  -0.11     0.00
  MONTH TO DATE    0.46                      1.40  -0.94      T
  SINCE JUN 1      1.87                      4.76  -2.89     2.34
  SINCE JAN 1      8.97                     15.03  -6.06     7.07

SNOWFALL (IN)
  TODAY            0.0
  MONTH TO DATE    0.0
  SINCE JUN 1      0.0
  SINCE JUL 1      0.0
  SNOW DEPTH       0

DEGREE DAYS
 HEATING
  TODAY            0                         0      0        0
  MONTH TO DATE    0                         0      0        0
  SINCE JUN 1      0                         0      0        0
  SINCE JUL 1      0                         0      0        0

 COOLING
  TODAY           17                        19     -2       22
  MONTH TO DATE  227                       224      3      253
  SINCE JUN 1    834                       746     88      911
  SINCE JAN 1   1640                      1587     53     1929
..................................................................


WIND (MPH)
  HIGHEST WIND SPEED    20   HIGHEST WIND DIRECTION     E (100)
  HIGHEST GUST SPEED    25   HIGHEST GUST DIRECTION     E (80)


SKY COVER
  POSSIBLE SUNSHINE  MM
  AVERAGE SKY COVER 0.4


WEATHER CONDITIONS
 THE FOLLOWING WEATHER WAS RECORDED TODAY.
  FOG
  FOG W/VISIBILITY <= 1/4 MILE


RELATIVE HUMIDITY (PERCENT)
 HIGHEST   100           200 AM
 LOWEST     49           200 PM
 AVERAGE    75

..........................................................


THE CORPUS CHRISTI CLIMATE NORMALS FOR TOMORROW
                         NORMAL    RECORD    YEAR
 MAXIMUM TEMPERATURE (F)   93        99      2009
 MINIMUM TEMPERATURE (F)   75        70      2000
                                             1940
                                             1894


SUNRISE AND SUNSET
JULY 12 2014..........SUNRISE   642 AM CDT   SUNSET   829 PM CDT
JULY 13 2014..........SUNRISE   643 AM CDT   SUNSET   828 PM CDT


-  INDICATES NEGATIVE NUMBERS.
R  INDICATES RECORD WAS SET OR TIED.
MM INDICATES DATA IS MISSING.
T  INDICATES TRACE AMOUNT.




$$
