000
CDUS41 KRLX 180823
CLICRW


CLIMATE REPORT
NATIONAL WEATHER SERVICE CHARLESTON WV
322 AM EST THU DEC 18 2014


...................................

...THE CHARLESTON WV CLIMATE SUMMARY FOR DECEMBER 17 2014...

CLIMATE NORMAL PERIOD 1981 TO 2010
CLIMATE RECORD PERIOD 1901 TO 2014


WEATHER ITEM   OBSERVED TIME   RECORD YEAR NORMAL DEPARTURE LAST
                VALUE   (LST)  VALUE       VALUE  FROM      YEAR
                                                  NORMAL
..................................................................
TEMPERATURE (F)
 YESTERDAY
  MAXIMUM         43    131 AM  76    1924  45     -2       46
  MINIMUM         33   1159 PM  -2    1989  29      4       30
  AVERAGE         38                        37      1       38

PRECIPITATION (IN)
  YESTERDAY        0.05          1.36 1906   0.10  -0.05     0.06
  MONTH TO DATE    2.30                      1.86   0.44     4.17
  SINCE JAN 1     45.66                     42.62   3.04    45.14

SNOWFALL (IN)
  YESTERDAY        0.0
  MONTH TO DATE    T
  SINCE SEP 1      1.0
  SNOW DEPTH       0

DEGREE DAYS
 HEATING
  YESTERDAY       27                        28     -1       27
  MONTH TO DATE  407                       443    -36      452
  SINCE DEC 1    407                       443    -36      452
  SINCE JUL 1   1450                      1327    123     1409

 COOLING
  YESTERDAY        0                         0      0        0
  MONTH TO DATE    0                         0      0        0
  SINCE DEC 1      0                         0      0        0
  SINCE JAN 1   1049                      1096    -47     1121
..................................................................


WIND (MPH)
  HIGHEST WIND SPEED    18   HIGHEST WIND DIRECTION     W (270)
  HIGHEST GUST SPEED    24   HIGHEST GUST DIRECTION     W (290)
  AVERAGE WIND SPEED     8.8


SKY COVER
  POSSIBLE SUNSHINE  MM
  AVERAGE SKY COVER 1.0


WEATHER CONDITIONS
 THE FOLLOWING WEATHER WAS RECORDED YESTERDAY.
  LIGHT RAIN
  LIGHT SNOW
  FOG


RELATIVE HUMIDITY (PERCENT)
 HIGHEST    85           600 AM
 LOWEST     64           600 PM
 AVERAGE    75

..........................................................


THE CHARLESTON WV CLIMATE NORMALS FOR TODAY
                         NORMAL    RECORD    YEAR
 MAXIMUM TEMPERATURE (F)   45        78      1933
 MINIMUM TEMPERATURE (F)   29         2      1989


SUNRISE AND SUNSET
DECEMBER 18 2014......SUNRISE   738 AM EST   SUNSET   508 PM EST
DECEMBER 19 2014......SUNRISE   739 AM EST   SUNSET   508 PM EST


-  INDICATES NEGATIVE NUMBERS.
R  INDICATES RECORD WAS SET OR TIED.
MM INDICATES DATA IS MISSING.
T  INDICATES TRACE AMOUNT.




$$
