000
CDUS41 KRLX 300750
CLICRW


CLIMATE REPORT
NATIONAL WEATHER SERVICE CHARLESTON WV
349 AM EDT THU JUL 30 2015


...................................

...THE CHARLESTON WV CLIMATE SUMMARY FOR JULY 29 2015...

CLIMATE NORMAL PERIOD 1981 TO 2010
CLIMATE RECORD PERIOD 1901 TO 2015


WEATHER ITEM   OBSERVED TIME   RECORD YEAR NORMAL DEPARTURE LAST
                VALUE   (LST)  VALUE       VALUE  FROM      YEAR
                                                  NORMAL
..................................................................
TEMPERATURE (F)
 YESTERDAY
  MAXIMUM         90    342 PM 106    1930  85      5       73
  MINIMUM         71    601 AM  50    1925  66      5       58
  AVERAGE         81                        75      6       66

PRECIPITATION (IN)
  YESTERDAY        0.28          1.87 1907   0.15   0.13      T
  MONTH TO DATE    7.78                      4.62   3.16     5.09
  SINCE JAN 1     32.96                     27.05   5.91    27.75

SNOWFALL (IN)
  YESTERDAY        0.0
  MONTH TO DATE    0.0
  SINCE SEP 1     29.1
  SNOW DEPTH       0

DEGREE DAYS
 HEATING
  YESTERDAY        0                         0      0        0
  MONTH TO DATE    0                         0      0        0
  SINCE JUN 1      8                        13     -5        0
  SINCE JUL 1      0                         0      0        0

 COOLING
  YESTERDAY       16                        10      6        1
  MONTH TO DATE  293                       305    -12      251
  SINCE JUN 1    580                       525     55      515
  SINCE JAN 1    769                       635    134      636
..................................................................


WIND (MPH)
  HIGHEST WIND SPEED    13   HIGHEST WIND DIRECTION    SE (150)
  HIGHEST GUST SPEED    16   HIGHEST GUST DIRECTION     S (160)
  AVERAGE WIND SPEED     3.0


SKY COVER
  POSSIBLE SUNSHINE  MM
  AVERAGE SKY COVER 0.6


WEATHER CONDITIONS
 THE FOLLOWING WEATHER WAS RECORDED YESTERDAY.
  HEAVY RAIN
  LIGHT RAIN
  FOG
  HAZE


RELATIVE HUMIDITY (PERCENT)
 HIGHEST   100           500 AM
 LOWEST     59          1200 PM
 AVERAGE    80

..........................................................


THE CHARLESTON WV CLIMATE NORMALS FOR TODAY
                         NORMAL    RECORD    YEAR
 MAXIMUM TEMPERATURE (F)   85       103      1930
 MINIMUM TEMPERATURE (F)   66        53      2014
                                             1965


SUNRISE AND SUNSET
JULY 30 2015..........SUNRISE   627 AM EDT   SUNSET   839 PM EDT
JULY 31 2015..........SUNRISE   628 AM EDT   SUNSET   838 PM EDT


-  INDICATES NEGATIVE NUMBERS.
R  INDICATES RECORD WAS SET OR TIED.
MM INDICATES DATA IS MISSING.
T  INDICATES TRACE AMOUNT.




$$
