000
CDUS41 KRLX 010823
CLICRW


CLIMATE REPORT
NATIONAL WEATHER SERVICE CHARLESTON WV
322 AM EST SUN MAR 1 2015


...................................

...THE CHARLESTON WV CLIMATE SUMMARY FOR FEBRUARY 28 2015...

CLIMATE NORMAL PERIOD 1981 TO 2010
CLIMATE RECORD PERIOD 1901 TO 2015


WEATHER ITEM   OBSERVED TIME   RECORD YEAR NORMAL DEPARTURE LAST
                VALUE   (LST)  VALUE       VALUE  FROM      YEAR
                                                  NORMAL
..................................................................
TEMPERATURE (F)
 YESTERDAY
  MAXIMUM         40    515 PM  79    1918  50    -10       40
  MINIMUM         14    613 AM  -3    1934  31    -17       11
  AVERAGE         27                        41    -14       26

PRECIPITATION (IN)
  YESTERDAY        0.00          1.48 1945   0.12  -0.12     0.00
  MONTH TO DATE    2.97                      3.19  -0.22     4.56
  SINCE JAN 1      5.20                      6.19  -0.99     7.06

SNOWFALL (IN)
  YESTERDAY        0.0
  MONTH TO DATE   15.1
  SINCE SEP 1     19.1
  SNOW DEPTH       2

DEGREE DAYS
 HEATING
  YESTERDAY       38                        24     14       39
  MONTH TO DATE 1095                       766    329      865
  SINCE DEC 1   2862                      2570    292     2810
  SINCE JUL 1   3905                      3454    451     3767

 COOLING
  YESTERDAY        0                         0      0        0
  MONTH TO DATE    0                         0      0        0
  SINCE DEC 1      0                         1     -1        2
  SINCE JAN 1      0                         0      0        0
..................................................................


WIND (MPH)
  HIGHEST WIND SPEED     8   HIGHEST WIND DIRECTION     N (10)
  HIGHEST GUST SPEED    11   HIGHEST GUST DIRECTION    NE (40)
  AVERAGE WIND SPEED     3.1


SKY COVER
  POSSIBLE SUNSHINE  MM
  AVERAGE SKY COVER 0.5


WEATHER CONDITIONS
 THE FOLLOWING WEATHER WAS RECORDED YESTERDAY.
  NO SIGNIFICANT WEATHER WAS OBSERVED.


RELATIVE HUMIDITY (PERCENT)
 HIGHEST    69          1100 PM
 LOWEST     33           400 PM
 AVERAGE    51

..........................................................


THE CHARLESTON WV CLIMATE NORMALS FOR TODAY
                         NORMAL    RECORD    YEAR
 MAXIMUM TEMPERATURE (F)   51        77      1976
 MINIMUM TEMPERATURE (F)   31         2      1934


SUNRISE AND SUNSET
MARCH  1 2015.........SUNRISE   659 AM EST   SUNSET   619 PM EST
MARCH  2 2015.........SUNRISE   657 AM EST   SUNSET   620 PM EST


-  INDICATES NEGATIVE NUMBERS.
R  INDICATES RECORD WAS SET OR TIED.
MM INDICATES DATA IS MISSING.
T  INDICATES TRACE AMOUNT.




$$
