000
CDUS41 KRLX 250819
CLICRW


CLIMATE REPORT
NATIONAL WEATHER SERVICE CHARLESTON WV
317 AM EST SUN JAN 25 2015


...................................

...THE CHARLESTON WV CLIMATE SUMMARY FOR JANUARY 24 2015...

CLIMATE NORMAL PERIOD 1981 TO 2010
CLIMATE RECORD PERIOD 1901 TO 2015


WEATHER ITEM   OBSERVED TIME   RECORD YEAR NORMAL DEPARTURE LAST
                VALUE   (LST)  VALUE       VALUE  FROM      YEAR
                                                  NORMAL
..................................................................
TEMPERATURE (F)
 YESTERDAY
  MAXIMUM         36   1232 AM  77    1943  43     -7       26
  MINIMUM         30    212 PM -12    1963  26      4        2
  AVERAGE         33                        35     -2       14

PRECIPITATION (IN)
  YESTERDAY        0.10          1.17 1958   0.09   0.01     0.00
  MONTH TO DATE    1.85                      2.30  -0.45     2.28
  SINCE JAN 1      1.85                      2.30  -0.45     2.28

SNOWFALL (IN)
  YESTERDAY        0.9
  MONTH TO DATE    1.1
  SINCE SEP 1      2.1
  SNOW DEPTH       T

DEGREE DAYS
 HEATING
  YESTERDAY       32                        30      2       51
  MONTH TO DATE  753                       742     11      850
  SINCE DEC 1   1519                      1598    -79     1643
  SINCE JUL 1   2562                      2482     80     2600

 COOLING
  YESTERDAY        0                         0      0        0
  MONTH TO DATE    0                         0      0        0
  SINCE DEC 1      0                         1     -1        2
  SINCE JAN 1      0                         0      0        0
..................................................................


WIND (MPH)
  HIGHEST WIND SPEED    17   HIGHEST WIND DIRECTION     W (250)
  HIGHEST GUST SPEED    24   HIGHEST GUST DIRECTION     W (260)
  AVERAGE WIND SPEED     7.7


SKY COVER
  POSSIBLE SUNSHINE  MM
  AVERAGE SKY COVER 1.0


WEATHER CONDITIONS
 THE FOLLOWING WEATHER WAS RECORDED YESTERDAY.
  LIGHT RAIN
  SNOW
  LIGHT SNOW
  FOG
  HAZE


RELATIVE HUMIDITY (PERCENT)
 HIGHEST    96           400 AM
 LOWEST     75           700 PM
 AVERAGE    86

..........................................................


THE CHARLESTON WV CLIMATE NORMALS FOR TODAY
                         NORMAL    RECORD    YEAR
 MAXIMUM TEMPERATURE (F)   43        79      1950
 MINIMUM TEMPERATURE (F)   27        -6      1961


SUNRISE AND SUNSET
JANUARY 25 2015.......SUNRISE   737 AM EST   SUNSET   541 PM EST
JANUARY 26 2015.......SUNRISE   736 AM EST   SUNSET   542 PM EST


-  INDICATES NEGATIVE NUMBERS.
R  INDICATES RECORD WAS SET OR TIED.
MM INDICATES DATA IS MISSING.
T  INDICATES TRACE AMOUNT.




$$
