000
CDUS41 KRLX 250718
CLICRW


CLIMATE REPORT
NATIONAL WEATHER SERVICE CHARLESTON WV
317 AM EDT SAT MAR 25 2017


...................................

...THE CHARLESTON WV CLIMATE SUMMARY FOR MARCH 24 2017...

CLIMATE NORMAL PERIOD 1981 TO 2010
CLIMATE RECORD PERIOD 1901 TO 2017


WEATHER ITEM   OBSERVED TIME   RECORD YEAR NORMAL DEPARTURE LAST
                VALUE   (LST)  VALUE       VALUE  FROM      YEAR
                                                  NORMAL
..................................................................
TEMPERATURE (F)
 YESTERDAY
  MAXIMUM         77    255 PM  85    1907  59     18       81
  MINIMUM         52    446 AM  20    1973  38     14       44
  AVERAGE         65                        49     16       63

PRECIPITATION (IN)
  YESTERDAY        0.00          1.47 1980   0.12  -0.12     0.07
  MONTH TO DATE    2.17                      3.08  -0.91     2.13
  SINCE JAN 1      9.47                      9.27   0.20     8.30

SNOWFALL (IN)
  YESTERDAY        0.0
  MONTH TO DATE    T
  SINCE SEP 1      7.5
  SNOW DEPTH       0

DEGREE DAYS
 HEATING
  YESTERDAY        0                        17    -17        2
  MONTH TO DATE  542                       492     50      329
  SINCE MAR 1    542                       492     50      329
  SINCE JUL 1   3249                      3946   -697     3264

 COOLING
  YESTERDAY        0                         0      0        0
  MONTH TO DATE    0                         0      0        1
  SINCE MAR 1      0                         0      0        1
  SINCE JAN 1      0                         0      0        1
..................................................................


WIND (MPH)
  HIGHEST WIND SPEED    18   HIGHEST WIND DIRECTION    SW (230)
  HIGHEST GUST SPEED    24   HIGHEST GUST DIRECTION    SW (210)
  AVERAGE WIND SPEED     8.3


SKY COVER
  POSSIBLE SUNSHINE  MM
  AVERAGE SKY COVER 0.7


WEATHER CONDITIONS
 THE FOLLOWING WEATHER WAS RECORDED YESTERDAY.
  NO SIGNIFICANT WEATHER WAS OBSERVED.


RELATIVE HUMIDITY (PERCENT)
 HIGHEST    48          1100 PM
 LOWEST     32          1200 AM
 AVERAGE    40

..........................................................


THE CHARLESTON WV CLIMATE NORMALS FOR TODAY
                         NORMAL    RECORD    YEAR
 MAXIMUM TEMPERATURE (F)   60        90      1929
 MINIMUM TEMPERATURE (F)   38        17      1960


SUNRISE AND SUNSET
MARCH 25 2017.........SUNRISE   722 AM EDT   SUNSET   743 PM EDT
MARCH 26 2017.........SUNRISE   720 AM EDT   SUNSET   744 PM EDT


-  INDICATES NEGATIVE NUMBERS.
R  INDICATES RECORD WAS SET OR TIED.
MM INDICATES DATA IS MISSING.
T  INDICATES TRACE AMOUNT.




$$
