704
CDUS42 KFFC 290818
CLICSG


CLIMATE REPORT
NATIONAL WEATHER SERVICE PEACHTREE CITY GA
417 AM EDT FRI JUL 29 2016


...................................

...THE COLUMBUS CLIMATE SUMMARY FOR JULY 28 2016...

CLIMATE NORMAL PERIOD 1981 TO 2010
CLIMATE RECORD PERIOD 1948 TO 2016


WEATHER ITEM   OBSERVED TIME   RECORD YEAR NORMAL DEPARTURE LAST
                VALUE   (LST)  VALUE       VALUE  FROM      YEAR
                                                  NORMAL
..................................................................
TEMPERATURE (F)
 YESTERDAY
  MAXIMUM         95    509 PM 100    1993  92      3       97
                                      1952
                                      1940
  MINIMUM         73    619 AM  61    1911  73      0       75
  AVERAGE         84                        83      1       86

PRECIPITATION (IN)
  YESTERDAY        0.00          1.55 1962   0.14  -0.14     0.10
  MONTH TO DATE    0.87                      4.32  -3.45     1.96
  SINCE JUN 1      3.02                      8.04  -5.02     6.03
  SINCE JAN 1     22.46                     28.53  -6.07    25.51

DEGREE DAYS
 HEATING
  YESTERDAY        0                         0      0        0
  MONTH TO DATE    0                         0      0        0
  SINCE JUN 1      0                         0      0        0
  SINCE JUL 1      0                         0      0        0

 COOLING
  YESTERDAY       19                        18      1       21
  MONTH TO DATE  547                       496     51      524
  SINCE JUN 1   1043                       942    101      996
  SINCE JAN 1   1429                      1300    129     1442
..................................................................


WIND (MPH)
  HIGHEST WIND SPEED    21   HIGHEST WIND DIRECTION     W (250)
  HIGHEST GUST SPEED    28   HIGHEST GUST DIRECTION    SW (240)
  AVERAGE WIND SPEED     8.5


SKY COVER
  AVERAGE SKY COVER 0.2


WEATHER CONDITIONS
 THE FOLLOWING WEATHER WAS RECORDED YESTERDAY.
  NO SIGNIFICANT WEATHER WAS OBSERVED.


RELATIVE HUMIDITY (PERCENT)
 HIGHEST    87           500 AM
 LOWEST     33           500 PM
 AVERAGE    60

..........................................................


THE COLUMBUS CLIMATE NORMALS FOR TODAY
                         NORMAL    RECORD    YEAR
 MAXIMUM TEMPERATURE (F)   92       101      1952
 MINIMUM TEMPERATURE (F)   73        63      1920


SUNRISE AND SUNSET
JULY 29 2016..........SUNRISE   652 AM EDT   SUNSET   840 PM EDT
JULY 30 2016..........SUNRISE   653 AM EDT   SUNSET   839 PM EDT


-  INDICATES NEGATIVE NUMBERS.
R  INDICATES RECORD WAS SET OR TIED.
MM INDICATES DATA IS MISSING.
T  INDICATES TRACE AMOUNT.




$$
