000
CDUS42 KFFC 202039
CLICSG


CLIMATE REPORT
NATIONAL WEATHER SERVICE PEACHTREE CITY GA
439 PM EDT FRI OCT 20 2017


...................................

...THE COLUMBUS CLIMATE SUMMARY FOR OCTOBER 20 2017...
VALID TODAY AS OF 0400 PM LOCAL TIME.

CLIMATE NORMAL PERIOD 1981 TO 2010
CLIMATE RECORD PERIOD 1948 TO 2017


WEATHER ITEM   OBSERVED TIME   RECORD YEAR NORMAL DEPARTURE LAST
                VALUE   (LST)  VALUE       VALUE  FROM      YEAR
                                                  NORMAL
..................................................................
TEMPERATURE (F)
 TODAY
  MAXIMUM         82    322 PM  88    2016  76      6       88
                                      1993
                                      1985
  MINIMUM         50    716 AM  34    1989  54     -4       64
  AVERAGE         66                        65      1       76

PRECIPITATION (IN)
  TODAY            0.00          0.79 1950   0.08  -0.08     0.00
  MONTH TO DATE    2.26                      1.69   0.57     0.92
  SINCE SEP 1      5.45                      4.75   0.70     1.67
  SINCE JAN 1     44.46                     37.49   6.97    28.59

SNOWFALL (IN)
  TODAY            0.0           0.0  2002   0.0    0.0      0.0
                                      2001
  MONTH TO DATE    0.0                       0.0    0.0      0.0
  SINCE SEP 1      0.0                       0.0    0.0      0.0
  SINCE JUL 1      0.0                       0.0    0.0      0.0
  SNOW DEPTH       0

DEGREE DAYS
 HEATING
  TODAY            0                         3     -3        0
  MONTH TO DATE    3                        31    -28        0
  SINCE SEP 1      6                        34    -28        0
  SINCE JUL 1      6                        34    -28        0

 COOLING
  TODAY            1                         3     -2       11
  MONTH TO DATE  195                        93    102      164
  SINCE SEP 1    568                       443    125      631
  SINCE JAN 1   2662                      2315    347     2688
..................................................................


WIND (MPH)
  RESULTANT WIND SPEED   2   RESULTANT WIND DIRECTION   E (100)
  HIGHEST WIND SPEED    12   HIGHEST WIND DIRECTION     E (90)
  HIGHEST GUST SPEED    14   HIGHEST GUST DIRECTION     E (80)
  AVERAGE WIND SPEED     2.4


SKY COVER
  AVERAGE SKY COVER 0.0


WEATHER CONDITIONS
 THE FOLLOWING WEATHER WAS RECORDED TODAY.
  NO SIGNIFICANT WEATHER WAS OBSERVED.


RELATIVE HUMIDITY (PERCENT)
 HIGHEST    89           300 AM
 LOWEST     26           300 PM
 AVERAGE    58

..........................................................


THE COLUMBUS CLIMATE NORMALS FOR TOMORROW
                         NORMAL    RECORD    YEAR
 MAXIMUM TEMPERATURE (F)   76        89      1984
                                             1963
                                             1910
 MINIMUM TEMPERATURE (F)   54        32      1989


SUNRISE AND SUNSET
OCTOBER 20 2017.......SUNRISE   748 AM EDT   SUNSET   701 PM EDT
OCTOBER 21 2017.......SUNRISE   748 AM EDT   SUNSET   700 PM EDT


-  INDICATES NEGATIVE NUMBERS.
R  INDICATES RECORD WAS SET OR TIED.
MM INDICATES DATA IS MISSING.
T  INDICATES TRACE AMOUNT.




$$
