000
CDUS42 KFFC 270033
CLICSG


CLIMATE REPORT
NATIONAL WEATHER SERVICE PEACHTREE CITY GA
832 PM EDT MON SEP 26 2016


...................................

...THE COLUMBUS CLIMATE SUMMARY FOR SEPTEMBER 26 2016...
VALID AS OF 0800 PM LOCAL TIME.

CLIMATE NORMAL PERIOD 1981 TO 2010
CLIMATE RECORD PERIOD 1948 TO 2016


WEATHER ITEM   OBSERVED TIME   RECORD YEAR NORMAL DEPARTURE LAST
                VALUE   (LST)  VALUE       VALUE  FROM      YEAR
                                                  NORMAL
..................................................................
TEMPERATURE (F)
 TODAY
  MAXIMUM         91    433 PM  99    1921  83      8       78
  MINIMUM         69    721 AM  48    2001  63      6       65
  AVERAGE         80                        73      7       72

PRECIPITATION (IN)
  TODAY            0.00          2.89 1941   0.10  -0.10     0.01
  MONTH TO DATE    0.75                      2.67  -1.92     1.07
  SINCE SEP 1      0.75                      2.67  -1.92     1.07
  SINCE JAN 1     27.67                     35.41  -7.74    34.36

DEGREE DAYS
 HEATING
  TODAY            0                         0      0        0
  MONTH TO DATE    0                         0      0        0
  SINCE SEP 1      0                         0      0        0
  SINCE JUL 1      0                         0      0        0

 COOLING
  TODAY           15                         8      7        7
  MONTH TO DATE  428                       317    111      284
  SINCE SEP 1    428                       317    111      284
  SINCE JAN 1   2485                      2189    296     2311
..................................................................


WIND (MPH)
  HIGHEST WIND SPEED    10   HIGHEST WIND DIRECTION    SW (240)
  HIGHEST GUST SPEED    13   HIGHEST GUST DIRECTION    SW (230)
  AVERAGE WIND SPEED     3.1


SKY COVER
  AVERAGE SKY COVER 0.2


WEATHER CONDITIONS
 THE FOLLOWING WEATHER WAS RECORDED TODAY.
  NO SIGNIFICANT WEATHER WAS OBSERVED.


RELATIVE HUMIDITY (PERCENT)
 HIGHEST    90           300 AM
 LOWEST     40           500 PM

..........................................................


THE COLUMBUS CLIMATE NORMALS FOR TOMORROW
                         NORMAL    RECORD
 MAXIMUM TEMPERATURE (F)   83        97
 MINIMUM TEMPERATURE (F)   63        48


SUNRISE AND SUNSET
SEPTEMBER 26 2016.....SUNRISE   731 AM EDT   SUNSET   730 PM EDT
SEPTEMBER 27 2016.....SUNRISE   731 AM EDT   SUNSET   729 PM EDT


-  INDICATES NEGATIVE NUMBERS.
R  INDICATES RECORD WAS SET OR TIED.
MM INDICATES DATA IS MISSING.
T  INDICATES TRACE AMOUNT.




$$
