000
CDUS42 KFFC 230024
CLICSG


CLIMATE REPORT
NATIONAL WEATHER SERVICE PEACHTREE CITY GA
824 PM EDT TUE AUG 22 2017


...................................

...THE COLUMBUS CLIMATE SUMMARY FOR AUGUST 22 2017...
VALID AS OF 0800 PM LOCAL TIME.

CLIMATE NORMAL PERIOD 1981 TO 2010
CLIMATE RECORD PERIOD 1948 TO 2017


WEATHER ITEM   OBSERVED TIME   RECORD YEAR NORMAL DEPARTURE LAST
                VALUE   (LST)  VALUE       VALUE  FROM      YEAR
                                                  NORMAL
..................................................................
TEMPERATURE (F)
 TODAY
  MAXIMUM         95    446 PM 102    2007  91      4       94
  MINIMUM         75    645 AM  60    1930  72      3       74
  AVERAGE         85                        82      3       84

PRECIPITATION (IN)
  TODAY            0.00          1.20 1897   0.13  -0.13     0.00
  MONTH TO DATE    2.81                      2.74   0.07     3.50
  SINCE JUN 1     11.37                     11.22   0.15     6.61
  SINCE JAN 1     36.94                     31.71   5.23    26.05

DEGREE DAYS
 COOLING
  TODAY           20                        17      3       19
  MONTH TO DATE  389                       378     11      402
  SINCE JUN 1   1397                      1368     29     1505
  SINCE JAN 1   1949                      1726    223     1891
..................................................................


WIND (MPH)
  HIGHEST WIND SPEED    13   HIGHEST WIND DIRECTION    SW (240)
  HIGHEST GUST SPEED    16   HIGHEST GUST DIRECTION     W (250)
  AVERAGE WIND SPEED     3.5


SKY COVER
  AVERAGE SKY COVER 0.2


WEATHER CONDITIONS
 THE FOLLOWING WEATHER WAS RECORDED TODAY.
  NO SIGNIFICANT WEATHER WAS OBSERVED.


RELATIVE HUMIDITY (PERCENT)
 HIGHEST    87           400 AM
 LOWEST     44           500 PM

..........................................................


THE COLUMBUS CLIMATE NORMALS FOR TOMORROW
                         NORMAL    RECORD
 MAXIMUM TEMPERATURE (F)   91       101
 MINIMUM TEMPERATURE (F)   72        61


SUNRISE AND SUNSET
AUGUST 22 2017........SUNRISE   708 AM EDT   SUNSET   816 PM EDT
AUGUST 23 2017........SUNRISE   709 AM EDT   SUNSET   815 PM EDT


-  INDICATES NEGATIVE NUMBERS.
R  INDICATES RECORD WAS SET OR TIED.
MM INDICATES DATA IS MISSING.
T  INDICATES TRACE AMOUNT.




$$
