000
CDUS42 KFFC 310821
CLICSG


CLIMATE REPORT
NATIONAL WEATHER SERVICE PEACHTREE CITY GA
420 AM EDT TUE MAY 31 2016


...................................

...THE COLUMBUS CLIMATE SUMMARY FOR MAY 30 2016...

CLIMATE NORMAL PERIOD 1981 TO 2010
CLIMATE RECORD PERIOD 1948 TO 2016


WEATHER ITEM   OBSERVED TIME   RECORD YEAR NORMAL DEPARTURE LAST
                VALUE   (LST)  VALUE       VALUE  FROM      YEAR
                                                  NORMAL
..................................................................
TEMPERATURE (F)
 YESTERDAY
  MAXIMUM         94    338 PM 100    1937  87      7       89
  MINIMUM         68    602 AM  49    1984  66      2       66
  AVERAGE         81                        77      4       78

PRECIPITATION (IN)
  YESTERDAY        0.00          2.06 1970   0.11  -0.11     0.00
  MONTH TO DATE    2.51                      3.07  -0.56     2.92
  SINCE MAR 1     12.01                     12.08  -0.07    11.85
  SINCE JAN 1     19.44                     20.37  -0.93    19.22

DEGREE DAYS
 HEATING
  YESTERDAY        0                         0      0        0
  MONTH TO DATE    7                         6      1        2
  SINCE MAR 1    221                       341   -120      202
  SINCE JUL 1   1611                      2118   -507     2212

 COOLING
  YESTERDAY       16                        12      4       13
  MONTH TO DATE  229                       241    -12      282
  SINCE MAR 1    367                       341     26      431
  SINCE JAN 1    369                       345     24      431
..................................................................


WIND (MPH)
  HIGHEST WIND SPEED    21   HIGHEST WIND DIRECTION    NW (320)
  HIGHEST GUST SPEED    26   HIGHEST GUST DIRECTION    NW (320)
  AVERAGE WIND SPEED     3.6


SKY COVER
  AVERAGE SKY COVER 0.1


WEATHER CONDITIONS
 THE FOLLOWING WEATHER WAS RECORDED YESTERDAY.
  THUNDERSTORM


RELATIVE HUMIDITY (PERCENT)
 HIGHEST    84           400 AM
 LOWEST     30           200 PM
 AVERAGE    57

..........................................................


THE COLUMBUS CLIMATE NORMALS FOR TODAY
                         NORMAL    RECORD    YEAR
 MAXIMUM TEMPERATURE (F)   87        99      1945
 MINIMUM TEMPERATURE (F)   66        49      1984


SUNRISE AND SUNSET
MAY 31 2016...........SUNRISE   633 AM EDT   SUNSET   842 PM EDT
JUNE  1 2016..........SUNRISE   633 AM EDT   SUNSET   842 PM EDT


-  INDICATES NEGATIVE NUMBERS.
R  INDICATES RECORD WAS SET OR TIED.
MM INDICATES DATA IS MISSING.
T  INDICATES TRACE AMOUNT.




$$
