000
CDUS42 KFFC 260821
CLICSG


CLIMATE REPORT
NATIONAL WEATHER SERVICE PEACHTREE CITY GA
421 AM EDT MON JUN 26 2017


...................................

...THE COLUMBUS CLIMATE SUMMARY FOR JUNE 25 2017...

CLIMATE NORMAL PERIOD 1981 TO 2010
CLIMATE RECORD PERIOD 1948 TO 2017


WEATHER ITEM   OBSERVED TIME   RECORD YEAR NORMAL DEPARTURE LAST
                VALUE   (LST)  VALUE       VALUE  FROM      YEAR
                                                  NORMAL
..................................................................
TEMPERATURE (F)
 YESTERDAY
  MAXIMUM         87    457 PM 102    1914  91     -4       98
  MINIMUM         71   1159 PM  61    1974  71      0       77
  AVERAGE         79                        81     -2       88

PRECIPITATION (IN)
  YESTERDAY        0.00          2.45 1998   0.13  -0.13     0.00
  MONTH TO DATE    2.66                      3.05  -0.39     2.01
  SINCE JUN 1      2.66                      3.05  -0.39     2.01
  SINCE JAN 1     28.23                     23.54   4.69    21.45

DEGREE DAYS
 HEATING
  YESTERDAY        0                         0      0        0
  MONTH TO DATE    0                         0      0        0
  SINCE JUN 1      0                         0      0        0
  SINCE JUL 1   1369                      2120   -751     1611

 COOLING
  YESTERDAY       14                        16     -2       23
  MONTH TO DATE  355                       361     -6      408
  SINCE JUN 1    355                       361     -6      408
  SINCE JAN 1    907                       719    188      794
..................................................................


WIND (MPH)
  HIGHEST WIND SPEED    15   HIGHEST WIND DIRECTION     N (350)
  HIGHEST GUST SPEED    22   HIGHEST GUST DIRECTION     N (360)
  AVERAGE WIND SPEED     5.9


SKY COVER
  AVERAGE SKY COVER 0.1


WEATHER CONDITIONS
 THE FOLLOWING WEATHER WAS RECORDED YESTERDAY.
  NO SIGNIFICANT WEATHER WAS OBSERVED.


RELATIVE HUMIDITY (PERCENT)
 HIGHEST   100           200 AM
 LOWEST     31           500 PM
 AVERAGE    66

..........................................................


THE COLUMBUS CLIMATE NORMALS FOR TODAY
                         NORMAL    RECORD    YEAR
 MAXIMUM TEMPERATURE (F)   92       105      1914
 MINIMUM TEMPERATURE (F)   72        60      1974
                                             1940


SUNRISE AND SUNSET
JUNE 26 2017..........SUNRISE   634 AM EDT   SUNSET   851 PM EDT
JUNE 27 2017..........SUNRISE   635 AM EDT   SUNSET   851 PM EDT


-  INDICATES NEGATIVE NUMBERS.
R  INDICATES RECORD WAS SET OR TIED.
MM INDICATES DATA IS MISSING.
T  INDICATES TRACE AMOUNT.




$$
