000
CDUS42 KFFC 130922
CLICSG


CLIMATE REPORT
NATIONAL WEATHER SERVICE PEACHTREE CITY GA
419 AM EST WED DEC 13 2017


...................................

...THE COLUMBUS CLIMATE SUMMARY FOR DECEMBER 12 2017...

CLIMATE NORMAL PERIOD 1981 TO 2010
CLIMATE RECORD PERIOD 1948 TO 2017


WEATHER ITEM   OBSERVED TIME   RECORD YEAR NORMAL DEPARTURE LAST
                VALUE   (LST)  VALUE       VALUE  FROM      YEAR
                                                  NORMAL
..................................................................
TEMPERATURE (F)
 YESTERDAY
  MAXIMUM         58    228 PM  80    1971  60     -2       70
  MINIMUM         37    702 AM   9    1962  39     -2       46
  AVERAGE         48                        50     -2       58

PRECIPITATION (IN)
  YESTERDAY        0.00          2.30 1985   0.14  -0.14     0.12
  MONTH TO DATE    1.92                      1.79   0.13     2.09
  SINCE DEC 1      1.92                      1.79   0.13     2.09
  SINCE JAN 1     50.36                     44.27   6.09    32.86

SNOWFALL (IN)
  YESTERDAY        0.0           0.0  2001   0.0    0.0      0.0
  MONTH TO DATE    T                         0.0    0.0      0.0
  SINCE DEC 1      T                         0.0    0.0      0.0
  SINCE JUL 1      T                         0.0    0.0      0.0
  SNOW DEPTH       0

DEGREE DAYS
 HEATING
  YESTERDAY       17                        15      2        7
  MONTH TO DATE  149                       170    -21      178
  SINCE DEC 1    149                       170    -21      178
  SINCE JUL 1    413                       502    -89      365

 COOLING
  YESTERDAY        0                         0      0        0
  MONTH TO DATE    4                         0      4        0
  SINCE DEC 1      4                         0      4        0
  SINCE JAN 1   2718                      2364    354     2755
..................................................................


WIND (MPH)
  HIGHEST WIND SPEED    23   HIGHEST WIND DIRECTION     N (340)
  HIGHEST GUST SPEED    31   HIGHEST GUST DIRECTION     N (340)
  AVERAGE WIND SPEED     9.1


SKY COVER
  AVERAGE SKY COVER 0.0


WEATHER CONDITIONS
 THE FOLLOWING WEATHER WAS RECORDED YESTERDAY.
  HAZE


RELATIVE HUMIDITY (PERCENT)
 HIGHEST    92           600 AM
 LOWEST     36           100 PM
 AVERAGE    64

..........................................................


THE COLUMBUS CLIMATE NORMALS FOR TODAY
                         NORMAL    RECORD    YEAR
 MAXIMUM TEMPERATURE (F)   60        77      1984
                                             1931
 MINIMUM TEMPERATURE (F)   39         4      1962


SUNRISE AND SUNSET
DECEMBER 13 2017......SUNRISE   733 AM EST   SUNSET   535 PM EST
DECEMBER 14 2017......SUNRISE   734 AM EST   SUNSET   536 PM EST


-  INDICATES NEGATIVE NUMBERS.
R  INDICATES RECORD WAS SET OR TIED.
MM INDICATES DATA IS MISSING.
T  INDICATES TRACE AMOUNT.




$$
