000
CDUS42 KFFC 200817
CLICSG


CLIMATE REPORT
NATIONAL WEATHER SERVICE PEACHTREE CITY GA
417 AM EDT SAT SEP 20 2014


...................................

...THE COLUMBUS CLIMATE SUMMARY FOR SEPTEMBER 19 2014...

CLIMATE NORMAL PERIOD 1981 TO 2010
CLIMATE RECORD PERIOD 1948 TO 2014


WEATHER ITEM   OBSERVED TIME   RECORD YEAR NORMAL DEPARTURE LAST
                VALUE   (LST)  VALUE       VALUE  FROM      YEAR
                                                  NORMAL
..................................................................
TEMPERATURE (F)
 YESTERDAY
  MAXIMUM         87    402 PM  97    2010  86      1       88
  MINIMUM         69    703 AM  49    1981  66      3       65
  AVERAGE         78                        76      2       77

PRECIPITATION (IN)
  YESTERDAY        0.00          2.00 1953   0.10  -0.10     0.00
  MONTH TO DATE    3.88                      1.99   1.89      T
  SINCE SEP 1      3.88                      1.99   1.89      T
  SINCE JAN 1     40.06                     34.73   5.33    50.37

DEGREE DAYS
 HEATING
  YESTERDAY        0                         0      0        0
  MONTH TO DATE    0                         0      0        0
  SINCE SEP 1      0                         0      0        0
  SINCE JUL 1      0                         0      0        0

 COOLING
  YESTERDAY       13                        11      2       12
  MONTH TO DATE  307                       252     55      307
  SINCE SEP 1    307                       252     55      307
  SINCE JAN 1   2102                      2124    -22     2091
..................................................................


WIND (MPH)
  HIGHEST WIND SPEED    16   HIGHEST WIND DIRECTION     E (90)
  HIGHEST GUST SPEED    18   HIGHEST GUST DIRECTION     E (90)
  AVERAGE WIND SPEED     6.7


SKY COVER
  AVERAGE SKY COVER 0.1


WEATHER CONDITIONS
 THE FOLLOWING WEATHER WAS RECORDED YESTERDAY.
  NO SIGNIFICANT WEATHER WAS OBSERVED.


RELATIVE HUMIDITY (PERCENT)
 HIGHEST    90           500 AM
 LOWEST     42           500 PM
 AVERAGE    66

..........................................................


THE COLUMBUS CLIMATE NORMALS FOR TODAY
                         NORMAL    RECORD    YEAR
 MAXIMUM TEMPERATURE (F)   85        98      2010
 MINIMUM TEMPERATURE (F)   65        50      1981


SUNRISE AND SUNSET
SEPTEMBER 20 2014.....SUNRISE   727 AM EDT   SUNSET   739 PM EDT
SEPTEMBER 21 2014.....SUNRISE   727 AM EDT   SUNSET   738 PM EDT


-  INDICATES NEGATIVE NUMBERS.
R  INDICATES RECORD WAS SET OR TIED.
MM INDICATES DATA IS MISSING.
T  INDICATES TRACE AMOUNT.




$$
