000
CDUS42 KFFC 062136
CLICSG


CLIMATE REPORT
NATIONAL WEATHER SERVICE PEACHTREE CITY GA
436 PM EST FRI MAR 6 2015


...................................

...THE COLUMBUS CLIMATE SUMMARY FOR MARCH 6 2015...
VALID TODAY AS OF 0400 PM LOCAL TIME.

CLIMATE NORMAL PERIOD 1981 TO 2010
CLIMATE RECORD PERIOD 1948 TO 2015


WEATHER ITEM   OBSERVED TIME   RECORD YEAR NORMAL DEPARTURE LAST
                VALUE   (LST)  VALUE       VALUE  FROM      YEAR
                                                  NORMAL
..................................................................
TEMPERATURE (F)
 TODAY
  MAXIMUM         51    252 PM  82    1994  67    -16       47
                                      1955
  MINIMUM         30    802 AM  19    1960  44    -14       37
  AVERAGE         41                        56    -15       42

PRECIPITATION (IN)
  TODAY            0.00          1.88 1948   0.19  -0.19     0.19
  MONTH TO DATE    0.53                      1.07  -0.54     0.31
  SINCE MAR 1      0.53                      1.07  -0.54     0.31
  SINCE JAN 1      7.90                      9.36  -1.46     8.63

SNOWFALL (IN)
  TODAY            0.0           0.0  2002   0.0    0.0      0.0
                                      2000
                                      2001
  MONTH TO DATE    0.0                       0.0    0.0      0.0
  SINCE MAR 1      0.0                       0.0    0.0      0.0
  SINCE JUL 1      0.0                       0.3   -0.3      1.2
  SNOW DEPTH       0

DEGREE DAYS
 HEATING
  TODAY           24                        10     14       23
  MONTH TO DATE   62                        63     -1       90
  SINCE MAR 1     62                        63     -1       90
  SINCE JUL 1   2072                      1840    232     2033

 COOLING
  TODAY            0                         0      0        0
  MONTH TO DATE    4                         0      4        0
  SINCE MAR 1      4                         0      4        0
  SINCE JAN 1      4                         4      0        3
..................................................................


WIND (MPH)
  RESULTANT WIND SPEED   6   RESULTANT WIND DIRECTION  NE (30)
  HIGHEST WIND SPEED    13   HIGHEST WIND DIRECTION     N (350)
  HIGHEST GUST SPEED    22   HIGHEST GUST DIRECTION    NE (30)
  AVERAGE WIND SPEED     6.9


SKY COVER
  AVERAGE SKY COVER 0.7


WEATHER CONDITIONS
 THE FOLLOWING WEATHER WAS RECORDED TODAY.
  FOG


RELATIVE HUMIDITY (PERCENT)
 HIGHEST    85           800 AM
 LOWEST     44           400 PM
 AVERAGE    65

..........................................................


THE COLUMBUS CLIMATE NORMALS FOR TOMORROW
                         NORMAL    RECORD    YEAR
 MAXIMUM TEMPERATURE (F)   67        83      1961
 MINIMUM TEMPERATURE (F)   44        24      1966


SUNRISE AND SUNSET
MARCH  6 2015.........SUNRISE   702 AM EST   SUNSET   641 PM EST
MARCH  7 2015.........SUNRISE   700 AM EST   SUNSET   642 PM EST


-  INDICATES NEGATIVE NUMBERS.
R  INDICATES RECORD WAS SET OR TIED.
MM INDICATES DATA IS MISSING.
T  INDICATES TRACE AMOUNT.




$$
