000
CDUS44 KOHX 170628
CLICSV

CLIMATE REPORT
NATIONAL WEATHER SERVICE NASHVILLE TN
126 AM CDT THU APR 17 2014


...................................

...THE CROSSVILLE CLIMATE SUMMARY FOR APRIL 16 2014...

CLIMATE NORMAL PERIOD 1981 TO 2010
CLIMATE RECORD PERIOD 1954 TO 2014


WEATHER ITEM   OBSERVED TIME   RECORD YEAR NORMAL DEPARTURE
                VALUE   (LST)  VALUE       VALUE  FROM
                                                  NORMAL
...............................................................
TEMPERATURE (F)
 YESTERDAY
  MAXIMUM         57    448 PM  85    1955  67    -10
  MINIMUM         27    533 AM  24    1962  45    -18
  AVERAGE         42                        56    -14

PRECIPITATION (IN)
  YESTERDAY        0.00          1.21 1998   0.16  -0.16
  MONTH TO DATE    2.78                      2.57   0.21
  SINCE MAR 1      5.77                      7.55  -1.78
  SINCE JAN 1     11.43                     16.77  -5.34

DEGREE DAYS
 HEATING
  YESTERDAY       23                               14
  MONTH TO DATE  142                              -41
  SINCE MAR 1    778                               39
  SINCE JUL 1   4319                              284

 COOLING
  YESTERDAY        0                                0
  MONTH TO DATE    7                                7
  SINCE MAR 1      7                                5
  SINCE JAN 1      7                                5
...............................................................


WIND (MPH)
  HIGHEST WIND SPEED    13   HIGHEST WIND DIRECTION    SE (120)
  HIGHEST GUST SPEED    19   HIGHEST GUST DIRECTION    SE (120)
  AVERAGE WIND SPEED     6.7


SKY COVER
  POSSIBLE SUNSHINE  MM
  AVERAGE SKY COVER 0.0


WEATHER CONDITIONS
 THE FOLLOWING WEATHER WAS RECORDED YESTERDAY.
  NO SIGNIFICANT WEATHER WAS OBSERVED.


RELATIVE HUMIDITY (PERCENT)
 HIGHEST    81           500 AM
 LOWEST     24           200 PM
 AVERAGE    53

..........................................................


THE CROSSVILLE CLIMATE NORMALS FOR TODAY
                         NORMAL    RECORD    YEAR
 MAXIMUM TEMPERATURE (F)   67        85      1955
 MINIMUM TEMPERATURE (F)   46        29      2001


SUNRISE AND SUNSET
APRIL 17 2014.........SUNRISE   605 AM CDT   SUNSET   716 PM CDT
APRIL 18 2014.........SUNRISE   603 AM CDT   SUNSET   716 PM CDT


-  INDICATES NEGATIVE NUMBERS.
R  INDICATES RECORD WAS SET OR TIED.
MM INDICATES DATA IS MISSING.
T  INDICATES TRACE AMOUNT.




$$
