000
CDUS45 KTFX 231021
CLICTB


CLIMATE REPORT
NATIONAL WEATHER SERVICE GREAT FALLS MT
417 AM MDT THU OCT 23 2014


...................................

...THE CUT BANK MT CLIMATE SUMMARY FOR OCTOBER 22 2014...

CLIMATE NORMAL PERIOD 1981 TO 2010
CLIMATE RECORD PERIOD 1903 TO 2014


WEATHER ITEM   OBSERVED TIME   RECORD YEAR NORMAL DEPARTURE LAST
                VALUE   (LST)  VALUE       VALUE  FROM      YEAR
                                                  NORMAL
..................................................................
TEMPERATURE (F)
 YESTERDAY
  MAXIMUM         59    330 PM  79    1965  53      6       69
  MINIMUM         42    405 AM   6    1908  28     14       29
  AVERAGE         51                        41     10       49

PRECIPITATION (IN)
  YESTERDAY        0.00          0.35 2012   0.01  -0.01     0.00
  MONTH TO DATE    0.27                      0.35  -0.08     0.20
  SINCE OCT 1      0.27                      0.35  -0.08     0.20
  SINCE JAN 1     15.18                     10.23   4.95    13.90

SNOWFALL (IN)
  YESTERDAY       MM
  SNOW DEPTH       0

DEGREE DAYS
 HEATING
  YESTERDAY       14                        24    -10       16
  MONTH TO DATE  280                       449   -169      466
  SINCE SEP 1    594                       792   -198      689
  SINCE JUL 1    691                       986   -295      761

 COOLING
  YESTERDAY        0                         0      0        0
  MONTH TO DATE    0                         0      0        0
  SINCE SEP 1     11                         8      3       31
  SINCE JAN 1    208                       161     47      226
..................................................................


WIND (MPH)
  HIGHEST WIND SPEED    43   HIGHEST WIND DIRECTION     W (250)
  HIGHEST GUST SPEED    50   HIGHEST GUST DIRECTION     W (250)
  AVERAGE WIND SPEED    18.5


SKY COVER
  AVERAGE SKY COVER 0.1


WEATHER CONDITIONS
 THE FOLLOWING WEATHER WAS RECORDED YESTERDAY.
  NO SIGNIFICANT WEATHER WAS OBSERVED.


RELATIVE HUMIDITY (PERCENT)
 HIGHEST    70           100 AM
 LOWEST     33           300 PM
 AVERAGE    52

..........................................................


THE CUT BANK MT CLIMATE NORMALS FOR TODAY
                         NORMAL    RECORD    YEAR
 MAXIMUM TEMPERATURE (F)   52        81      1965
 MINIMUM TEMPERATURE (F)   28         6      2012
                                             1919


SUNRISE AND SUNSET
OCTOBER 23 2014.......SUNRISE   802 AM MDT   SUNSET   625 PM MDT
OCTOBER 24 2014.......SUNRISE   803 AM MDT   SUNSET   623 PM MDT


-  INDICATES NEGATIVE NUMBERS.
R  INDICATES RECORD WAS SET OR TIED.
MM INDICATES DATA IS MISSING.
T  INDICATES TRACE AMOUNT.




$$
