000
CDUS45 KTFX 290751
CLICTB


CLIMATE REPORT
NATIONAL WEATHER SERVICE GREAT FALLS MT
151 AM MDT FRI APR 29 2016


...................................

...THE CUT BANK MT CLIMATE SUMMARY FOR APRIL 28 2016...

CLIMATE NORMAL PERIOD 1981 TO 2010
CLIMATE RECORD PERIOD 1903 TO 2016


WEATHER ITEM   OBSERVED TIME   RECORD YEAR NORMAL DEPARTURE LAST
                VALUE   (LST)  VALUE       VALUE  FROM      YEAR
                                                  NORMAL
..................................................................
TEMPERATURE (F)
 YESTERDAY
  MAXIMUM         45    536 PM  86    1987  57    -12       77
  MINIMUM         32    644 AM  12    1954  32      0       31
  AVERAGE         39                        45     -6       54

PRECIPITATION (IN)
  YESTERDAY        0.02          0.58 1953   0.03  -0.01     0.00
  MONTH TO DATE    1.64                      0.71   0.93     0.21
  SINCE OCT 1      4.31                      2.64   1.67     3.88
  SINCE JAN 1      2.39                      1.62   0.77     1.35

SNOWFALL (IN)
  YESTERDAY       MM
  SNOW DEPTH       T

DEGREE DAYS
 HEATING
  YESTERDAY       26                        20      6       11
  MONTH TO DATE  527                       680   -153      671
  SINCE MAR 1   1371                      1718   -347     1445
  SINCE JUL 1   6836                      7778   -942     7107

 COOLING
  YESTERDAY        0                         0      0        0
  MONTH TO DATE    0                         0      0        0
  SINCE MAR 1      0                         0      0        0
  SINCE JAN 1      0                         0      0        0
..................................................................


WIND (MPH)
  HIGHEST WIND SPEED    16   HIGHEST WIND DIRECTION    SE (140)
  HIGHEST GUST SPEED    21   HIGHEST GUST DIRECTION    SE (140)
  AVERAGE WIND SPEED     6.6


SKY COVER
  AVERAGE SKY COVER 0.9


WEATHER CONDITIONS
 THE FOLLOWING WEATHER WAS RECORDED YESTERDAY.
  LIGHT SNOW
  FOG


RELATIVE HUMIDITY (PERCENT)
 HIGHEST   100           100 AM
 LOWEST     62           100 PM
 AVERAGE    81

..........................................................


THE CUT BANK MT CLIMATE NORMALS FOR TODAY
                         NORMAL    RECORD    YEAR
 MAXIMUM TEMPERATURE (F)   58        84      1939
 MINIMUM TEMPERATURE (F)   32        10      1954


SUNRISE AND SUNSET
APRIL 29 2016.........SUNRISE   612 AM MDT   SUNSET   842 PM MDT
APRIL 30 2016.........SUNRISE   610 AM MDT   SUNSET   844 PM MDT


-  INDICATES NEGATIVE NUMBERS.
R  INDICATES RECORD WAS SET OR TIED.
MM INDICATES DATA IS MISSING.
T  INDICATES TRACE AMOUNT.




$$
