000
CDUS45 KTFX 211145
CLICTB


CLIMATE REPORT
NATIONAL WEATHER SERVICE GREAT FALLS MT
444 AM MST TUE NOV 21 2017


...................................

...THE CUT BANK MT CLIMATE SUMMARY FOR NOVEMBER 20 2017...

CLIMATE NORMAL PERIOD 1981 TO 2010
CLIMATE RECORD PERIOD 1903 TO 2017


WEATHER ITEM   OBSERVED TIME   RECORD YEAR NORMAL DEPARTURE LAST
                VALUE   (LST)  VALUE       VALUE  FROM      YEAR
                                                  NORMAL
..................................................................
TEMPERATURE (F)
 YESTERDAY
  MAXIMUM         44   1220 AM  62    2005  38      6       41
                                      1987
  MINIMUM         15   1159 PM -21    1996  19     -4       29
  AVERAGE         30                        28      2       35

PRECIPITATION (IN)
  YESTERDAY        T             0.30 1970   0.01  -0.01     0.00
  MONTH TO DATE    0.04                      0.25  -0.21     0.26
  SINCE OCT 1      0.54                      0.69  -0.15     1.33
  SINCE JAN 1      8.66                     10.57  -1.91    11.23

SNOWFALL (IN)
  YESTERDAY       MM
  SNOW DEPTH       T

DEGREE DAYS
 HEATING
  YESTERDAY       35                        37     -2       30
  MONTH TO DATE  842                       654    188      421
  SINCE SEP 1   1890                      1684    206     1481
  SINCE JUL 1   1973                      1878     95     1654

 COOLING
  YESTERDAY        0                         0      0        0
  MONTH TO DATE    0                         0      0        0
  SINCE SEP 1     24                         9     15        5
  SINCE JAN 1    250                       162     88      108
..................................................................


WIND (MPH)
  HIGHEST WIND SPEED    56   HIGHEST WIND DIRECTION     W (250)
  HIGHEST GUST SPEED    68   HIGHEST GUST DIRECTION     W (260)
  AVERAGE WIND SPEED    20.2


SKY COVER
  AVERAGE SKY COVER 0.7


WEATHER CONDITIONS
 THE FOLLOWING WEATHER WAS RECORDED YESTERDAY.
  LIGHT SNOW
  FOG


RELATIVE HUMIDITY (PERCENT)
 HIGHEST    92           900 PM
 LOWEST     30          1200 AM
 AVERAGE    61

..........................................................


THE CUT BANK MT CLIMATE NORMALS FOR TODAY
                         NORMAL    RECORD    YEAR
 MAXIMUM TEMPERATURE (F)   38        67      2002
 MINIMUM TEMPERATURE (F)   18       -23      1996


SUNRISE AND SUNSET
NOVEMBER 21 2017......SUNRISE   747 AM MST   SUNSET   443 PM MST
NOVEMBER 22 2017......SUNRISE   749 AM MST   SUNSET   442 PM MST


-  INDICATES NEGATIVE NUMBERS.
R  INDICATES RECORD WAS SET OR TIED.
MM INDICATES DATA IS MISSING.
T  INDICATES TRACE AMOUNT.




$$
