000
CDUS45 KTFX 222330
CLICTB


CLIMATE REPORT
NATIONAL WEATHER SERVICE GREAT FALLS MT
430 PM MST WED FEB 22 2017


...................................

...THE CUT BANK MT CLIMATE SUMMARY FOR FEBRUARY 22 2017...
VALID TODAY AS OF 0400 PM LOCAL TIME.

CLIMATE NORMAL PERIOD 1981 TO 2010
CLIMATE RECORD PERIOD 1903 TO 2017


WEATHER ITEM   OBSERVED TIME   RECORD YEAR NORMAL DEPARTURE LAST
                VALUE   (LST)  VALUE       VALUE  FROM      YEAR
                                                  NORMAL
..................................................................
TEMPERATURE (F)
 TODAY
  MAXIMUM         31    340 PM  59    1973  36     -5       44
  MINIMUM         21    717 AM -45    1910  14      7       24
  AVERAGE         26                        25      1       34

PRECIPITATION (IN)
  TODAY            0.00          0.43 1937   0.01  -0.01     0.00
  MONTH TO DATE    0.15                      0.16  -0.01     0.01
  SINCE OCT 1      2.18                      1.38   0.80     2.37
  SINCE JAN 1      0.75                      0.36   0.39     0.45

DEGREE DAYS
 HEATING
  TODAY           39                        40     -1       31
  MONTH TO DATE  958                       908     50      613
  SINCE DEC 1   4087                      3563    524     3226
  SINCE JUL 1   6065                      5826    239     5264

 COOLING
  TODAY            0                         0      0        0
  MONTH TO DATE    0                         0      0        0
  SINCE DEC 1      0                         0      0        0
  SINCE JAN 1      0                         0      0        0
..................................................................


WIND (MPH)
  HIGHEST WIND SPEED    21   HIGHEST WIND DIRECTION     N (340)
  HIGHEST GUST SPEED    23   HIGHEST GUST DIRECTION    NW (330)
  AVERAGE WIND SPEED     8.5


SKY COVER
  AVERAGE SKY COVER 0.9


WEATHER CONDITIONS
 THE FOLLOWING WEATHER WAS RECORDED TODAY.
  FOG
  FOG W/VISIBILITY <= 1/4 MILE
  HAZE


RELATIVE HUMIDITY (PERCENT)
 HIGHEST   100          1200 AM
 LOWEST     78          1000 AM
 AVERAGE    89

..........................................................


THE CUT BANK MT CLIMATE NORMALS FOR TOMORROW
                         NORMAL    RECORD    YEAR
 MAXIMUM TEMPERATURE (F)   37        59      1981
 MINIMUM TEMPERATURE (F)   14       -24      1922


SUNRISE AND SUNSET
FEBRUARY 22 2017......SUNRISE   724 AM MST   SUNSET   603 PM MST
FEBRUARY 23 2017......SUNRISE   722 AM MST   SUNSET   604 PM MST


-  INDICATES NEGATIVE NUMBERS.
R  INDICATES RECORD WAS SET OR TIED.
MM INDICATES DATA IS MISSING.
T  INDICATES TRACE AMOUNT.




$$
