000
CDUS45 KTFX 301004
CLICTB


CLIMATE REPORT
NATIONAL WEATHER SERVICE GREAT FALLS MT
403 AM MDT THU JUL 30 2015


...................................

...THE CUT BANK MT CLIMATE SUMMARY FOR JULY 29 2015...

CLIMATE NORMAL PERIOD 1981 TO 2010
CLIMATE RECORD PERIOD 1903 TO 2015


WEATHER ITEM   OBSERVED TIME   RECORD YEAR NORMAL DEPARTURE LAST
                VALUE   (LST)  VALUE       VALUE  FROM      YEAR
                                                  NORMAL
..................................................................
TEMPERATURE (F)
 YESTERDAY
  MAXIMUM         83    357 PM  98    2007  82      1       91
                                      1934
  MINIMUM         46    451 AM  39    1963  51     -5       49
  AVERAGE         65                        66     -1       70

PRECIPITATION (IN)
  YESTERDAY        0.00          0.66 1992   0.04  -0.04     0.00
  MONTH TO DATE    0.95                      1.21  -0.26     0.42
  SINCE OCT 1      7.68                      8.42  -0.74    12.35
  SINCE JAN 1      5.15                      7.40  -2.25    11.15

SNOWFALL (IN)
  YESTERDAY       MM
  SNOW DEPTH       0

DEGREE DAYS
 HEATING
  YESTERDAY        0                         2     -2        0
  MONTH TO DATE   67                        84    -17       17
  SINCE JUN 1    197                       317   -120      290
  SINCE JUL 1     67                        84    -17       17

 COOLING
  YESTERDAY        0                         3     -3        5
  MONTH TO DATE   63                        66     -3       89
  SINCE JUN 1    123                        81     42       90
  SINCE JAN 1    123                        83     40       90
..................................................................


WIND (MPH)
  HIGHEST WIND SPEED    24   HIGHEST WIND DIRECTION     W (250)
  HIGHEST GUST SPEED    30   HIGHEST GUST DIRECTION    SW (240)
  AVERAGE WIND SPEED    11.7


SKY COVER
  AVERAGE SKY COVER 0.1


WEATHER CONDITIONS
 THE FOLLOWING WEATHER WAS RECORDED YESTERDAY.
  NO SIGNIFICANT WEATHER WAS OBSERVED.


RELATIVE HUMIDITY (PERCENT)
 HIGHEST    76           500 AM
 LOWEST     18           300 PM
 AVERAGE    47

..........................................................


THE CUT BANK MT CLIMATE NORMALS FOR TODAY
                         NORMAL    RECORD    YEAR
 MAXIMUM TEMPERATURE (F)   82        98      1926
 MINIMUM TEMPERATURE (F)   51        40      1933


SUNRISE AND SUNSET
JULY 30 2015..........SUNRISE   601 AM MDT   SUNSET   910 PM MDT
JULY 31 2015..........SUNRISE   602 AM MDT   SUNSET   909 PM MDT


-  INDICATES NEGATIVE NUMBERS.
R  INDICATES RECORD WAS SET OR TIED.
MM INDICATES DATA IS MISSING.
T  INDICATES TRACE AMOUNT.




$$
