000
CDUS45 KTFX 220938
CLICTB


CLIMATE REPORT
NATIONAL WEATHER SERVICE GREAT FALLS MT
237 AM MST SUN JAN 22 2017


...................................

...THE CUT BANK MT CLIMATE SUMMARY FOR JANUARY 21 2017...

CLIMATE NORMAL PERIOD 1981 TO 2010
CLIMATE RECORD PERIOD 1903 TO 2017


WEATHER ITEM   OBSERVED TIME   RECORD YEAR NORMAL DEPARTURE LAST
                VALUE   (LST)  VALUE       VALUE  FROM      YEAR
                                                  NORMAL
..................................................................
TEMPERATURE (F)
 YESTERDAY
  MAXIMUM         35    333 PM  59    1981  33      2       42
  MINIMUM         13    739 AM -43    1927  12      1        8
  AVERAGE         24                        22      2       25

PRECIPITATION (IN)
  YESTERDAY        0.00          1.72 1943   0.01  -0.01     0.00
  MONTH TO DATE    0.05                      0.14  -0.09     0.44
  SINCE OCT 1      1.48                      1.16   0.32     2.36
  SINCE JAN 1      0.05                      0.14  -0.09     0.44

SNOWFALL (IN)
  YESTERDAY        0.0
  SNOW DEPTH       T

DEGREE DAYS
 HEATING
  YESTERDAY       41                        43     -2       40
  MONTH TO DATE 1076                       906    170     1004
  SINCE DEC 1   2721                      2233    488     2311
  SINCE JUL 1   4699                      4496    203     4349

 COOLING
  YESTERDAY        0                         0      0        0
  MONTH TO DATE    0                         0      0        0
  SINCE DEC 1      0                         0      0        0
  SINCE JAN 1      0                         0      0        0
..................................................................


WIND (MPH)
  HIGHEST WIND SPEED    13   HIGHEST WIND DIRECTION     N (340)
  HIGHEST GUST SPEED    14   HIGHEST GUST DIRECTION     N (340)
  AVERAGE WIND SPEED     7.4


SKY COVER
  AVERAGE SKY COVER 0.0


WEATHER CONDITIONS
 THE FOLLOWING WEATHER WAS RECORDED YESTERDAY.
  NO SIGNIFICANT WEATHER WAS OBSERVED.


RELATIVE HUMIDITY (PERCENT)
 HIGHEST    96           600 AM
 LOWEST     59           100 PM
 AVERAGE    78

..........................................................


THE CUT BANK MT CLIMATE NORMALS FOR TODAY
                         NORMAL    RECORD    YEAR
 MAXIMUM TEMPERATURE (F)   33        61      1981
 MINIMUM TEMPERATURE (F)   12       -38      1943


SUNRISE AND SUNSET
JANUARY 22 2017.......SUNRISE   810 AM MST   SUNSET   513 PM MST
JANUARY 23 2017.......SUNRISE   809 AM MST   SUNSET   514 PM MST


-  INDICATES NEGATIVE NUMBERS.
R  INDICATES RECORD WAS SET OR TIED.
MM INDICATES DATA IS MISSING.
T  INDICATES TRACE AMOUNT.




$$
