512
CDUS45 KTFX 141136
CLICTB


CLIMATE REPORT
NATIONAL WEATHER SERVICE GREAT FALLS MT
436 AM MST SUN FEB 14 2016


...................................

...THE CUT BANK MT CLIMATE SUMMARY FOR FEBRUARY 13 2016...

CLIMATE NORMAL PERIOD 1981 TO 2010
CLIMATE RECORD PERIOD 1903 TO 2016


WEATHER ITEM   OBSERVED TIME   RECORD YEAR NORMAL DEPARTURE LAST
                VALUE   (LST)  VALUE       VALUE  FROM      YEAR
                                                  NORMAL
..................................................................
TEMPERATURE (F)
 YESTERDAY
  MAXIMUM         48    226 PM  61    2015  35     13       61
  MINIMUM         28    156 AM -39    1936  13     15       38
  AVERAGE         38                        24     14       50

PRECIPITATION (IN)
  YESTERDAY        0.00          0.35 1904   0.00   0.00     0.00
  MONTH TO DATE    0.01                      0.08  -0.07     0.06
  SINCE OCT 1      2.37                      1.30   1.07     3.30
  SINCE JAN 1      0.45                      0.28   0.17     0.77

SNOWFALL (IN)
  YESTERDAY       MM
  SNOW DEPTH       0

DEGREE DAYS
 HEATING
  YESTERDAY       27                        41    -14       15
  MONTH TO DATE  363                       543   -180      452
  SINCE DEC 1   2976                      3198   -222     2965
  SINCE JUL 1   5014                      5461   -447     5063

 COOLING
  YESTERDAY        0                         0      0        0
  MONTH TO DATE    0                         0      0        0
  SINCE DEC 1      0                         0      0        0
  SINCE JAN 1      0                         0      0        0
..................................................................


WIND (MPH)
  HIGHEST WIND SPEED    36   HIGHEST WIND DIRECTION     W (250)
  HIGHEST GUST SPEED    43   HIGHEST GUST DIRECTION    SW (240)
  AVERAGE WIND SPEED    21.5


SKY COVER
  AVERAGE SKY COVER 0.1


WEATHER CONDITIONS
 THE FOLLOWING WEATHER WAS RECORDED YESTERDAY.
  NO SIGNIFICANT WEATHER WAS OBSERVED.


RELATIVE HUMIDITY (PERCENT)
 HIGHEST    92          1200 AM
 LOWEST     31           200 PM
 AVERAGE    62

..........................................................


THE CUT BANK MT CLIMATE NORMALS FOR TODAY
                         NORMAL    RECORD    YEAR
 MAXIMUM TEMPERATURE (F)   35        59      1934
 MINIMUM TEMPERATURE (F)   13       -43      1936


SUNRISE AND SUNSET
FEBRUARY 14 2016......SUNRISE   739 AM MST   SUNSET   549 PM MST
FEBRUARY 15 2016......SUNRISE   738 AM MST   SUNSET   550 PM MST


-  INDICATES NEGATIVE NUMBERS.
R  INDICATES RECORD WAS SET OR TIED.
MM INDICATES DATA IS MISSING.
T  INDICATES TRACE AMOUNT.




$$
