000
CDUS45 KTFX 062327
CLICTB


CLIMATE REPORT
NATIONAL WEATHER SERVICE GREAT FALLS MT
425 PM MST FRI MAR 6 2015


...................................

...THE CUT BANK MT CLIMATE SUMMARY FOR MARCH 6 2015...
VALID TODAY AS OF 0400 PM LOCAL TIME.

CLIMATE NORMAL PERIOD 1981 TO 2010
CLIMATE RECORD PERIOD 1903 TO 2015


WEATHER ITEM   OBSERVED TIME   RECORD YEAR NORMAL DEPARTURE LAST
                VALUE   (LST)  VALUE       VALUE  FROM      YEAR
                                                  NORMAL
..................................................................
TEMPERATURE (F)
 TODAY
  MAXIMUM         54    140 PM  60    1987  40     14        8
  MINIMUM         34    313 AM -31    1996  17     17        4
  AVERAGE         44                        28     16        6

PRECIPITATION (IN)
  TODAY            0.00          0.26 1946   0.02  -0.02      T
  MONTH TO DATE    T                         0.08  -0.08     0.07
  SINCE OCT 1      3.32                      1.51   1.81     2.60
  SINCE JAN 1      0.79                      0.49   0.30     1.40

SNOWFALL (IN)
  TODAY           MM
  SNOW DEPTH       0

DEGREE DAYS
 HEATING
  TODAY           21                        37    -16       59
  MONTH TO DATE  244                       225     19      371
  SINCE MAR 1    244                       225     19      371
  SINCE JUL 1   5906                      6285   -379     6577

 COOLING
  TODAY            0                         0      0        0
  MONTH TO DATE    0                         0      0        0
  SINCE MAR 1      0                         0      0        0
  SINCE JAN 1      0                         0      0        0
..................................................................


WIND (MPH)
  HIGHEST WIND SPEED    36   HIGHEST WIND DIRECTION     W (280)
  HIGHEST GUST SPEED    42   HIGHEST GUST DIRECTION     W (270)
  AVERAGE WIND SPEED    24.2


SKY COVER
  AVERAGE SKY COVER 0.0


WEATHER CONDITIONS
 THE FOLLOWING WEATHER WAS RECORDED TODAY.
  NO SIGNIFICANT WEATHER WAS OBSERVED.


RELATIVE HUMIDITY (PERCENT)
 HIGHEST    52           700 AM
 LOWEST     26           200 PM
 AVERAGE    39

..........................................................


THE CUT BANK MT CLIMATE NORMALS FOR TOMORROW
                         NORMAL    RECORD    YEAR
 MAXIMUM TEMPERATURE (F)   40        62      2005
 MINIMUM TEMPERATURE (F)   17       -30      1951


SUNRISE AND SUNSET
MARCH  6 2015.........SUNRISE   702 AM MST   SUNSET   621 PM MST
MARCH  7 2015.........SUNRISE   700 AM MST   SUNSET   622 PM MST


-  INDICATES NEGATIVE NUMBERS.
R  INDICATES RECORD WAS SET OR TIED.
MM INDICATES DATA IS MISSING.
T  INDICATES TRACE AMOUNT.




$$
