000
CDUS45 KTFX 220749
CLICTB


CLIMATE REPORT
NATIONAL WEATHER SERVICE GREAT FALLS MT
148 AM MDT SAT JUL 22 2017


...................................

...THE CUT BANK MT CLIMATE SUMMARY FOR JULY 21 2017...

CLIMATE NORMAL PERIOD 1981 TO 2010
CLIMATE RECORD PERIOD 1903 TO 2017


WEATHER ITEM   OBSERVED TIME   RECORD YEAR NORMAL DEPARTURE LAST
                VALUE   (LST)  VALUE       VALUE  FROM      YEAR
                                                  NORMAL
..................................................................
TEMPERATURE (F)
 YESTERDAY
  MAXIMUM         82    430 PM  97    1985  81      1       87
  MINIMUM         50   1153 PM  35    1933  51     -1       49
  AVERAGE         66                        66      0       68

PRECIPITATION (IN)
  YESTERDAY        0.00          0.96 1995   0.03  -0.03     0.00
  MONTH TO DATE    0.01                      0.94  -0.93     0.89
  SINCE OCT 1      8.94                      8.15   0.79     8.82
  SINCE JAN 1      7.51                      7.13   0.38     6.90

SNOWFALL (IN)
  YESTERDAY       MM
  SNOW DEPTH       0

DEGREE DAYS
 HEATING
  YESTERDAY        0                         2     -2        0
  MONTH TO DATE   11                        68    -57       72
  SINCE JUN 1    182                       301   -119      236
  SINCE JUL 1     11                        68    -57       72

 COOLING
  YESTERDAY        1                         3     -2        3
  MONTH TO DATE   98                        42     56       23
  SINCE JUN 1    110                        57     53       45
  SINCE JAN 1    112                        59     53       45
..................................................................


WIND (MPH)
  HIGHEST WIND SPEED    26   HIGHEST WIND DIRECTION     W (250)
  HIGHEST GUST SPEED    31   HIGHEST GUST DIRECTION     W (250)
  AVERAGE WIND SPEED    14.3


SKY COVER
  AVERAGE SKY COVER 0.0


WEATHER CONDITIONS
 THE FOLLOWING WEATHER WAS RECORDED YESTERDAY.
  NO SIGNIFICANT WEATHER WAS OBSERVED.


RELATIVE HUMIDITY (PERCENT)
 HIGHEST    61          1100 PM
 LOWEST     14           300 PM
 AVERAGE    38

..........................................................


THE CUT BANK MT CLIMATE NORMALS FOR TODAY
                         NORMAL    RECORD    YEAR
 MAXIMUM TEMPERATURE (F)   81       101      1936
 MINIMUM TEMPERATURE (F)   51        36      1984


SUNRISE AND SUNSET
JULY 22 2017..........SUNRISE   551 AM MDT   SUNSET   920 PM MDT
JULY 23 2017..........SUNRISE   553 AM MDT   SUNSET   919 PM MDT


-  INDICATES NEGATIVE NUMBERS.
R  INDICATES RECORD WAS SET OR TIED.
MM INDICATES DATA IS MISSING.
T  INDICATES TRACE AMOUNT.




$$
