000
CDUS45 KTFX 260849
CLICTB


CLIMATE REPORT
NATIONAL WEATHER SERVICE GREAT FALLS MT
249 AM MDT SUN MAR 26 2017


...................................

...THE CUT BANK MT CLIMATE SUMMARY FOR MARCH 25 2017...

CLIMATE NORMAL PERIOD 1981 TO 2010
CLIMATE RECORD PERIOD 1903 TO 2017


WEATHER ITEM   OBSERVED TIME   RECORD YEAR NORMAL DEPARTURE LAST
                VALUE   (LST)  VALUE       VALUE  FROM      YEAR
                                                  NORMAL
..................................................................
TEMPERATURE (F)
 YESTERDAY
  MAXIMUM         51    308 PM  66    1999  46      5       36
  MINIMUM         28    900 PM -19    1955  23      5       25
  AVERAGE         40                        34      6       31

PRECIPITATION (IN)
  YESTERDAY        0.00          0.31 1940   0.02  -0.02     0.13
  MONTH TO DATE    0.06                      0.39  -0.33     0.14
  SINCE OCT 1      2.91                      1.82   1.09     2.54
  SINCE JAN 1      1.48                      0.80   0.68     0.62

SNOWFALL (IN)
  YESTERDAY       MM
  SNOW DEPTH       0

DEGREE DAYS
 HEATING
  YESTERDAY       25                        31     -6       34
  MONTH TO DATE  889                       865     24      676
  SINCE MAR 1    889                       865     24      676
  SINCE JUL 1   7240                      6925    315     6141

 COOLING
  YESTERDAY        0                         0      0        0
  MONTH TO DATE    0                         0      0        0
  SINCE MAR 1      0                         0      0        0
  SINCE JAN 1      0                         0      0        0
..................................................................


WIND (MPH)
  HIGHEST WIND SPEED    35   HIGHEST WIND DIRECTION    SW (240)
  HIGHEST GUST SPEED    42   HIGHEST GUST DIRECTION     W (250)
  AVERAGE WIND SPEED    19.2


SKY COVER
  AVERAGE SKY COVER 0.2


WEATHER CONDITIONS
 THE FOLLOWING WEATHER WAS RECORDED YESTERDAY.
  NO SIGNIFICANT WEATHER WAS OBSERVED.


RELATIVE HUMIDITY (PERCENT)
 HIGHEST    78           900 PM
 LOWEST     29           300 PM
 AVERAGE    54

..........................................................


THE CUT BANK MT CLIMATE NORMALS FOR TODAY
                         NORMAL    RECORD    YEAR
 MAXIMUM TEMPERATURE (F)   46        66      1960
 MINIMUM TEMPERATURE (F)   24       -30      1904


SUNRISE AND SUNSET
MARCH 26 2017.........SUNRISE   719 AM MDT   SUNSET   752 PM MDT
MARCH 27 2017.........SUNRISE   717 AM MDT   SUNSET   753 PM MDT


-  INDICATES NEGATIVE NUMBERS.
R  INDICATES RECORD WAS SET OR TIED.
MM INDICATES DATA IS MISSING.
T  INDICATES TRACE AMOUNT.




$$
