000
CDUS45 KTFX 180925
CLICTB


CLIMATE REPORT
NATIONAL WEATHER SERVICE GREAT FALLS MT
324 AM MDT THU SEP 18 2014


...................................

...THE CUT BANK MT CLIMATE SUMMARY FOR SEPTEMBER 17 2014...

CLIMATE NORMAL PERIOD 1981 TO 2010
CLIMATE RECORD PERIOD 1903 TO 2014


WEATHER ITEM   OBSERVED TIME   RECORD YEAR NORMAL DEPARTURE LAST
                VALUE   (LST)  VALUE       VALUE  FROM      YEAR
                                                  NORMAL
..................................................................
TEMPERATURE (F)
 YESTERDAY
  MAXIMUM         84        MM  90    1981  67     17       73
  MINIMUM         47        MM  24    1973  39      8       49
  AVERAGE         66                        53     13       61

PRECIPITATION (IN)
  YESTERDAY        0.00          1.45 1996   0.04  -0.04     0.00
  MONTH TO DATE    0.61                      0.75  -0.14     2.38
  SINCE OCT 1     15.65                     10.43   5.22    15.57
  SINCE JAN 1     14.45                      9.41   5.04    13.40

SNOWFALL (IN)
  YESTERDAY       MM
  SNOW DEPTH       0

DEGREE DAYS
 HEATING
  YESTERDAY        0                        12    -12        4
  MONTH TO DATE  238                       159     79       20
  SINCE SEP 1    238                       159     79       20
  SINCE JUL 1    335                       353    -18       92

 COOLING
  YESTERDAY        1                         0      1        0
  MONTH TO DATE    1                         6     -5       31
  SINCE SEP 1      1                         6     -5       31
  SINCE JAN 1    198                       159     39      226
..................................................................


WIND (MPH)
  HIGHEST WIND SPEED    12   HIGHEST WIND DIRECTION     W (290)
  HIGHEST GUST SPEED    MM   HIGHEST GUST DIRECTION    MM
  AVERAGE WIND SPEED     5.1


SKY COVER
  AVERAGE SKY COVER 0.0


WEATHER CONDITIONS
 THE FOLLOWING WEATHER WAS RECORDED YESTERDAY.
  NO SIGNIFICANT WEATHER WAS OBSERVED.


RELATIVE HUMIDITY (PERCENT)
 HIGHEST    82           500 AM
 LOWEST     23           200 PM
 AVERAGE    53

..........................................................


THE CUT BANK MT CLIMATE NORMALS FOR TODAY
                         NORMAL    RECORD    YEAR
 MAXIMUM TEMPERATURE (F)   67        94      1981
 MINIMUM TEMPERATURE (F)   39        23      2003
                                             1991


SUNRISE AND SUNSET
SEPTEMBER 18 2014.....SUNRISE   711 AM MDT   SUNSET   736 PM MDT
SEPTEMBER 19 2014.....SUNRISE   712 AM MDT   SUNSET   734 PM MDT


-  INDICATES NEGATIVE NUMBERS.
R  INDICATES RECORD WAS SET OR TIED.
MM INDICATES DATA IS MISSING.
T  INDICATES TRACE AMOUNT.




$$
