000
CDUS45 KTFX 200848
CLICTB


CLIMATE REPORT
NATIONAL WEATHER SERVICE GREAT FALLS MT
146 AM MST TUE FEB 20 2018


...................................

...THE CUT BANK MT CLIMATE SUMMARY FOR FEBRUARY 19 2018...

CLIMATE NORMAL PERIOD 1981 TO 2010
CLIMATE RECORD PERIOD 1903 TO 2018


WEATHER ITEM   OBSERVED TIME   RECORD YEAR NORMAL DEPARTURE LAST
                VALUE   (LST)  VALUE       VALUE  FROM      YEAR
                                                  NORMAL
..................................................................
TEMPERATURE (F)
 YESTERDAY
  MAXIMUM         -1    354 PM  62    1981  36    -37       47
  MINIMUM        -23   1159 PM -30    1986  13    -36       27
  AVERAGE        -12                        25    -37       37

PRECIPITATION (IN)
  YESTERDAY        T             0.11 1940   0.01  -0.01     0.00
  MONTH TO DATE    T                         0.13  -0.13     0.61
  SINCE OCT 1      2.21                      1.35   0.86     2.64
  SINCE JAN 1      0.10                      0.33  -0.23     1.21

SNOWFALL (IN)
  YESTERDAY       MM
  SNOW DEPTH       8

DEGREE DAYS
 HEATING
  YESTERDAY       77                        40     37       28
  MONTH TO DATE 1099                       788    311      862
  SINCE DEC 1   3822                      3443    379     3991
  SINCE JUL 1   6046                      5706    340     5969

 COOLING
  YESTERDAY        0                         0      0        0
  MONTH TO DATE    0                         0      0        0
  SINCE DEC 1      0                         0      0        0
  SINCE JAN 1      0                         0      0        0
..................................................................


WIND (MPH)
  HIGHEST WIND SPEED     9   HIGHEST WIND DIRECTION     W (290)
  HIGHEST GUST SPEED     9   HIGHEST GUST DIRECTION     W (290)
  AVERAGE WIND SPEED     4.0


SKY COVER
  AVERAGE SKY COVER 0.6


WEATHER CONDITIONS
 THE FOLLOWING WEATHER WAS RECORDED YESTERDAY.
  LIGHT SNOW
  FOG
  HAZE


RELATIVE HUMIDITY (PERCENT)
 HIGHEST    92           800 AM
 LOWEST     72           300 PM
 AVERAGE    82

..........................................................


THE CUT BANK MT CLIMATE NORMALS FOR TODAY
                         NORMAL    RECORD    YEAR
 MAXIMUM TEMPERATURE (F)   36        66      1977
 MINIMUM TEMPERATURE (F)   14       -37      1918


SUNRISE AND SUNSET
FEBRUARY 20 2018......SUNRISE   728 AM MST   SUNSET   559 PM MST
FEBRUARY 21 2018......SUNRISE   726 AM MST   SUNSET   601 PM MST


-  INDICATES NEGATIVE NUMBERS.
R  INDICATES RECORD WAS SET OR TIED.
MM INDICATES DATA IS MISSING.
T  INDICATES TRACE AMOUNT.




$$
