000
CDUS42 KTAE 240631
CLICTY


CLIMATE REPORT
NATIONAL WEATHER SERVICE TALLAHASSEE FL
230 AM EDT FRI MAR 24 2017


...................................

...THE CROSS CITY  CLIMATE SUMMARY FOR MARCH 23 2017...

CLIMATE NORMAL PERIOD 1981 TO 2010
CLIMATE RECORD PERIOD 1948 TO 2017


WEATHER ITEM   OBSERVED TIME   NORMAL DEPARTURE LAST
                VALUE   (LST)  VALUE  FROM      YEAR
                                      NORMAL
......................................................
TEMPERATURE (F)
 YESTERDAY
  MAXIMUM         81    200 PM  77      4       79
  MINIMUM         59   1100 PM  50      9       39
  AVERAGE         70            64      6

PRECIPITATION (IN)
  YESTERDAY        0.00          0.14  -0.14     0.00
  MONTH TO DATE    0.86          3.13  -2.27     2.50
  SINCE MAR 1      0.86          3.13  -2.27     2.50
  SINCE JAN 1      3.41         10.44  -7.03     9.26

DEGREE DAYS
 HEATING
  YESTERDAY        0             3     -3
  MONTH TO DATE  135           112     23
  SINCE MAR 1    135           112     23
  SINCE JUL 1    734          1232   -498

 COOLING
  YESTERDAY        5             2      3
  MONTH TO DATE   34            28      6
  SINCE MAR 1     34            28      6
  SINCE JAN 1     96            55     41
......................................................


WIND (MPH)
  RESULTANT WIND SPEED   9   RESULTANT WIND DIRECTION   E (70)
  HIGHEST WIND SPEED    18   HIGHEST WIND DIRECTION     E (80)
  HIGHEST GUST SPEED    24   HIGHEST GUST DIRECTION     E (70)
  AVERAGE WIND SPEED     9.1



WEATHER CONDITIONS
 THE FOLLOWING WEATHER WAS RECORDED YESTERDAY.
  NO SIGNIFICANT WEATHER WAS OBSERVED.


RELATIVE HUMIDITY (PERCENT)
 HIGHEST    84
 LOWEST     54

..........................................................




SUNRISE AND SUNSET
MARCH 24 2017.........SUNRISE   731 AM EDT   SUNSET   746 PM EDT
MARCH 25 2017.........SUNRISE   730 AM EDT   SUNSET   747 PM EDT


-  INDICATES NEGATIVE NUMBERS.
R  INDICATES RECORD WAS SET OR TIED.
MM INDICATES DATA IS MISSING.
T  INDICATES TRACE AMOUNT.




$$
