000
CDUS42 KTAE 290641
CLICTY


CLIMATE REPORT
NATIONAL WEATHER SERVICE TALLAHASSEE FL
235 AM EDT SUN MAR 29 2015


...................................

...THE CROSS CITY  CLIMATE SUMMARY FOR MARCH 28 2015...

CLIMATE NORMAL PERIOD 1981 TO 2010
CLIMATE RECORD PERIOD 1948 TO 2015


WEATHER ITEM   OBSERVED TIME   NORMAL DEPARTURE LAST
                VALUE   (LST)  VALUE  FROM      YEAR
                                      NORMAL
......................................................
TEMPERATURE (F)
 YESTERDAY
  MAXIMUM         67    136 PM  78    -11       76
  MINIMUM         38    639 AM  51    -13       61
  AVERAGE         53            64    -11

PRECIPITATION (IN)
  YESTERDAY        0.00          0.15  -0.15     0.00
  MONTH TO DATE    1.36          3.83  -2.47     4.96
  SINCE MAR 1      1.36          3.83  -2.47     4.96
  SINCE JAN 1      7.33         11.14  -3.81    15.11

DEGREE DAYS
 HEATING
  YESTERDAY       12             3      9
  MONTH TO DATE   35           127    -92
  SINCE MAR 1     35           127    -92
  SINCE JUL 1   1195          1247    -52

 COOLING
  YESTERDAY        0             2     -2
  MONTH TO DATE  153            38    115
  SINCE MAR 1    153            38    115
  SINCE JAN 1    169            65    104
......................................................


WIND (MPH)
  RESULTANT WIND SPEED   6   RESULTANT WIND DIRECTION  NW (310)
  HIGHEST WIND SPEED    17   HIGHEST WIND DIRECTION    NW (300)
  HIGHEST GUST SPEED    23   HIGHEST GUST DIRECTION     W (290)
  AVERAGE WIND SPEED     6.5



WEATHER CONDITIONS
 THE FOLLOWING WEATHER WAS RECORDED YESTERDAY.
  NO SIGNIFICANT WEATHER WAS OBSERVED.


RELATIVE HUMIDITY (PERCENT)
 HIGHEST    85
 LOWEST     26

..........................................................




SUNRISE AND SUNSET
MARCH 29 2015.........SUNRISE   726 AM EDT   SUNSET   749 PM EDT
MARCH 30 2015.........SUNRISE   725 AM EDT   SUNSET   750 PM EDT


-  INDICATES NEGATIVE NUMBERS.
R  INDICATES RECORD WAS SET OR TIED.
MM INDICATES DATA IS MISSING.
T  INDICATES TRACE AMOUNT.




$$
