000
CDUS42 KTAE 170630
CLICTY


CLIMATE REPORT
NATIONAL WEATHER SERVICE TALLAHASSEE FL
130 AM EST SUN DEC 17 2017


...................................

...THE CROSS CITY  CLIMATE SUMMARY FOR DECEMBER 16 2017...

CLIMATE NORMAL PERIOD 1981 TO 2010
CLIMATE RECORD PERIOD 1948 TO 2017


WEATHER ITEM   OBSERVED TIME   NORMAL DEPARTURE LAST
                VALUE   (LST)  VALUE  FROM      YEAR
                                      NORMAL
......................................................
TEMPERATURE (F)
 YESTERDAY
  MAXIMUM         66        MM  66      0       73
  MINIMUM         44        MM  43      1       41
  AVERAGE         55            54      1

PRECIPITATION (IN)
  YESTERDAY        0.00          0.08  -0.08     0.00
  MONTH TO DATE    3.11          1.42   1.69     3.14
  SINCE DEC 1      3.11          1.42   1.69     3.14
  SINCE JAN 1     58.85         47.26  11.59    62.74

DEGREE DAYS
 HEATING
  YESTERDAY       10            11     -1
  MONTH TO DATE  155           152      3
  SINCE DEC 1    155           152      3
  SINCE JUL 1    308           320    -12

 COOLING
  YESTERDAY        0             0      0
  MONTH TO DATE    8            14     -6
  SINCE DEC 1      8            14     -6
  SINCE JAN 1   2897          2616    281
......................................................


WIND (MPH)
  RESULTANT WIND SPEED   4   RESULTANT WIND DIRECTION  NE (30)
  HIGHEST WIND SPEED     9   HIGHEST WIND DIRECTION     N (20)
  HIGHEST GUST SPEED    MM   HIGHEST GUST DIRECTION    MM
  AVERAGE WIND SPEED     4.5



WEATHER CONDITIONS
 THE FOLLOWING WEATHER WAS RECORDED YESTERDAY.
  NO SIGNIFICANT WEATHER WAS OBSERVED.


RELATIVE HUMIDITY (PERCENT)
 HIGHEST    92
 LOWEST     33

..........................................................




SUNRISE AND SUNSET
DECEMBER 17 2017......SUNRISE   721 AM EST   SUNSET   536 PM EST
DECEMBER 18 2017......SUNRISE   722 AM EST   SUNSET   537 PM EST


-  INDICATES NEGATIVE NUMBERS.
R  INDICATES RECORD WAS SET OR TIED.
MM INDICATES DATA IS MISSING.
T  INDICATES TRACE AMOUNT.




$$
