000
CDUS42 KTAE 230639
CLICTY


CLIMATE REPORT
NATIONAL WEATHER SERVICE TALLAHASSEE FL
139 AM EST THU FEB 23 2017


...................................

...THE CROSS CITY  CLIMATE SUMMARY FOR FEBRUARY 22 2017...

CLIMATE NORMAL PERIOD 1981 TO 2010
CLIMATE RECORD PERIOD 1948 TO 2017


WEATHER ITEM   OBSERVED TIME   NORMAL DEPARTURE LAST
                VALUE   (LST)  VALUE  FROM      YEAR
                                      NORMAL
......................................................
TEMPERATURE (F)
 YESTERDAY
  MAXIMUM         70    300 PM  72     -2       77
  MINIMUM         61    100 AM  44     17       48
  AVERAGE         66            58      8

PRECIPITATION (IN)
  YESTERDAY        0.07          0.14  -0.07     0.00
  MONTH TO DATE    1.07          2.31  -1.24     3.29
  SINCE DEC 1      6.37          8.87  -2.50     8.63
  SINCE JAN 1      2.50          6.35  -3.85     6.37

DEGREE DAYS
 HEATING
  YESTERDAY        0             8     -8
  MONTH TO DATE   93           199   -106
  SINCE DEC 1    466           909   -443
  SINCE JUL 1    591          1077   -486

 COOLING
  YESTERDAY        1             1      0
  MONTH TO DATE   11            16     -5
  SINCE DEC 1     98            45     53
  SINCE JAN 1     45            27     18
......................................................


WIND (MPH)
  RESULTANT WIND SPEED   6   RESULTANT WIND DIRECTION   E (100)
  HIGHEST WIND SPEED    10   HIGHEST WIND DIRECTION     E (100)
  HIGHEST GUST SPEED    17   HIGHEST GUST DIRECTION     E (110)
  AVERAGE WIND SPEED     6.7



WEATHER CONDITIONS
 THE FOLLOWING WEATHER WAS RECORDED YESTERDAY.
  LIGHT RAIN
  FOG


RELATIVE HUMIDITY (PERCENT)
 HIGHEST    97
 LOWEST     78

..........................................................




SUNRISE AND SUNSET
FEBRUARY 23 2017......SUNRISE   704 AM EST   SUNSET   628 PM EST
FEBRUARY 24 2017......SUNRISE   703 AM EST   SUNSET   628 PM EST


-  INDICATES NEGATIVE NUMBERS.
R  INDICATES RECORD WAS SET OR TIED.
MM INDICATES DATA IS MISSING.
T  INDICATES TRACE AMOUNT.




$$
