000
CDUS42 KTAE 230632
CLICTY


CLIMATE REPORT
NATIONAL WEATHER SERVICE TALLAHASSEE FL
232 AM EDT WED AUG 23 2017


...................................

...THE CROSS CITY  CLIMATE SUMMARY FOR AUGUST 22 2017...

CLIMATE NORMAL PERIOD 1981 TO 2010
CLIMATE RECORD PERIOD 1948 TO 2017


WEATHER ITEM   OBSERVED TIME   NORMAL DEPARTURE LAST
                VALUE   (LST)  VALUE  FROM      YEAR
                                      NORMAL
......................................................
TEMPERATURE (F)
 YESTERDAY
  MAXIMUM         93    355 PM  91      2       93
  MINIMUM         74    515 AM  72      2       72
  AVERAGE         84            81      3

PRECIPITATION (IN)
  YESTERDAY        0.01          0.27  -0.26     0.00
  MONTH TO DATE   11.70          5.13   6.57    13.36
  SINCE JUN 1     35.83         15.88  19.95    25.01
  SINCE JAN 1     45.99         33.05  12.94    41.76

DEGREE DAYS
 HEATING
  YESTERDAY        0             0      0
  MONTH TO DATE    0             0      0
  SINCE JUN 1      0             0      0
  SINCE JUL 1      0             0      0

 COOLING
  YESTERDAY       19            16      3
  MONTH TO DATE  383           362     21
  SINCE JUN 1   1360          1317     43
  SINCE JAN 1   1961          1796    165
......................................................


WIND (MPH)
  RESULTANT WIND SPEED   1   RESULTANT WIND DIRECTION   E (80)
  HIGHEST WIND SPEED     7   HIGHEST WIND DIRECTION     W (290)
  HIGHEST GUST SPEED    MM   HIGHEST GUST DIRECTION    MM
  AVERAGE WIND SPEED     2.7



WEATHER CONDITIONS
 THE FOLLOWING WEATHER WAS RECORDED YESTERDAY.
  FOG


RELATIVE HUMIDITY (PERCENT)
 HIGHEST   100
 LOWEST     49

..........................................................




SUNRISE AND SUNSET
AUGUST 23 2017........SUNRISE   705 AM EDT   SUNSET   804 PM EDT
AUGUST 24 2017........SUNRISE   706 AM EDT   SUNSET   803 PM EDT


-  INDICATES NEGATIVE NUMBERS.
R  INDICATES RECORD WAS SET OR TIED.
MM INDICATES DATA IS MISSING.
T  INDICATES TRACE AMOUNT.




$$
