000
CDUS42 KTAE 030637
CLICTY


CLIMATE REPORT
NATIONAL WEATHER SERVICE TALLAHASSEE FL
236 AM EDT MON AUG 3 2015


...................................

...THE CROSS CITY  CLIMATE SUMMARY FOR AUGUST 2 2015...

CLIMATE NORMAL PERIOD 1981 TO 2010
CLIMATE RECORD PERIOD 1948 TO 2015


WEATHER ITEM   OBSERVED TIME   NORMAL DEPARTURE LAST
                VALUE   (LST)  VALUE  FROM      YEAR
                                      NORMAL
......................................................
TEMPERATURE (F)
 YESTERDAY
  MAXIMUM         86    305 PM  91     -5       95
  MINIMUM         76   1109 PM  72      4       68
  AVERAGE         81            82     -1

PRECIPITATION (IN)
  YESTERDAY        2.46          0.25   2.21     0.00
  MONTH TO DATE    9.38          0.51   8.87     0.00
  SINCE JUN 1     35.02         11.26  23.76    11.06
  SINCE JAN 1     48.16         28.43  19.73    36.56

DEGREE DAYS
 HEATING
  YESTERDAY        0             0      0
  MONTH TO DATE    0             0      0
  SINCE JUN 1      0             0      0
  SINCE JUL 1      0             0      0

 COOLING
  YESTERDAY       16            17     -1
  MONTH TO DATE   29            34     -5
  SINCE JUN 1   1098           989    109
  SINCE JAN 1   1937          1468    469
......................................................


WIND (MPH)
  RESULTANT WIND SPEED   7   RESULTANT WIND DIRECTION   S (170)
  HIGHEST WIND SPEED    20   HIGHEST WIND DIRECTION     S (180)
  HIGHEST GUST SPEED    26   HIGHEST GUST DIRECTION     S (180)
  AVERAGE WIND SPEED     7.8



WEATHER CONDITIONS
 THE FOLLOWING WEATHER WAS RECORDED YESTERDAY.
  NO SIGNIFICANT WEATHER WAS OBSERVED.


RELATIVE HUMIDITY (PERCENT)
 HIGHEST   100
 LOWEST     82

..........................................................




SUNRISE AND SUNSET
AUGUST  3 2015........SUNRISE   653 AM EDT   SUNSET   824 PM EDT
AUGUST  4 2015........SUNRISE   654 AM EDT   SUNSET   823 PM EDT


-  INDICATES NEGATIVE NUMBERS.
R  INDICATES RECORD WAS SET OR TIED.
MM INDICATES DATA IS MISSING.
T  INDICATES TRACE AMOUNT.




$$
