000
CDUS42 KTAE 282231
CLICTY


CLIMATE REPORT
NATIONAL WEATHER SERVICE TALLAHASSEE FL
531 PM EST WED JAN 28 2015


...................................

...THE CROSS CITY CLIMATE SUMMARY FOR JANUARY 28 2015...
VALID TODAY AS OF 0500 PM LOCAL TIME.

CLIMATE NORMAL PERIOD 1981 TO 2010
CLIMATE RECORD PERIOD 1948 TO 2015


WEATHER ITEM   OBSERVED TIME   NORMAL DEPARTURE LAST
                VALUE   (LST)  VALUE  FROM      YEAR
                                      NORMAL
......................................................
TEMPERATURE (F)
 TODAY
  MAXIMUM         59    412 PM  68     -9
  MINIMUM         31    755 AM  42    -11
  AVERAGE         45            54     -9

PRECIPITATION (IN)
  TODAY            0.00          0.13  -0.13     0.55
  MONTH TO DATE    2.94          3.73  -0.79     4.42
  SINCE DEC 1      6.18          6.25  -0.07     6.24
  SINCE JAN 1      2.94          3.73  -0.79     4.42

DEGREE DAYS
 HEATING
  TODAY           20
  MONTH TO DATE  285
  SINCE DEC 1    494
  SINCE JUL 1    779

 COOLING
  TODAY            0
  MONTH TO DATE   16
  SINCE DEC 1     54
  SINCE JAN 1     16
......................................................


WIND (MPH)
  RESULTANT WIND SPEED   3   RESULTANT WIND DIRECTION  NE (40)
  HIGHEST WIND SPEED    13   HIGHEST WIND DIRECTION     N (360)
  HIGHEST GUST SPEED    17   HIGHEST GUST DIRECTION     N (20)
  AVERAGE WIND SPEED     3.6



WEATHER CONDITIONS
 THE FOLLOWING WEATHER WAS RECORDED TODAY.
  NO SIGNIFICANT WEATHER WAS OBSERVED.


RELATIVE HUMIDITY (PERCENT)
 HIGHEST    96
 LOWEST     36
 AVERAGE    66

..........................................................


THE CROSS CITY (AMOS) CLIMATE NORMALS FOR TOMORROW
                         NORMAL
 MAXIMUM TEMPERATURE (F)   68
 MINIMUM TEMPERATURE (F)   42



-  INDICATES NEGATIVE NUMBERS.
R  INDICATES RECORD WAS SET OR TIED.
MM INDICATES DATA IS MISSING.
T  INDICATES TRACE AMOUNT.




$$
