000
CDUS42 KTAE 260634
CLICTY


CLIMATE REPORT
NATIONAL WEATHER SERVICE TALLAHASSEE FL
233 AM EDT THU MAY 26 2016


...................................

...THE CROSS CITY  CLIMATE SUMMARY FOR MAY 25 2016...

CLIMATE NORMAL PERIOD 1981 TO 2010
CLIMATE RECORD PERIOD 1948 TO 2016


WEATHER ITEM   OBSERVED TIME   NORMAL DEPARTURE LAST
                VALUE   (LST)  VALUE  FROM      YEAR
                                      NORMAL
......................................................
TEMPERATURE (F)
 YESTERDAY
  MAXIMUM         93    336 PM  90      3       95
  MINIMUM         63    411 AM  65     -2       71
  AVERAGE         78            77      1

PRECIPITATION (IN)
  YESTERDAY        0.00          0.11  -0.11     0.17
  MONTH TO DATE    1.70          1.86  -0.16     3.26
  SINCE MAR 1      9.67          9.03   0.64     6.56
  SINCE JAN 1     16.43         16.34   0.09    12.53

DEGREE DAYS
 HEATING
  YESTERDAY        0             0      0
  MONTH TO DATE    4             0      4
  SINCE MAR 1     80           183   -103
  SINCE JUL 1    811          1303   -492

 COOLING
  YESTERDAY       13            12      1
  MONTH TO DATE  255           222     33
  SINCE MAR 1    561           377    184
  SINCE JAN 1    590           404    186
......................................................


WIND (MPH)
  RESULTANT WIND SPEED   3   RESULTANT WIND DIRECTION  SE (120)
  HIGHEST WIND SPEED    12   HIGHEST WIND DIRECTION     E (100)
  HIGHEST GUST SPEED    16   HIGHEST GUST DIRECTION    SE (130)
  AVERAGE WIND SPEED     4.2



WEATHER CONDITIONS
 THE FOLLOWING WEATHER WAS RECORDED YESTERDAY.
  NO SIGNIFICANT WEATHER WAS OBSERVED.


RELATIVE HUMIDITY (PERCENT)
 HIGHEST    79
 LOWEST     28

..........................................................




SUNRISE AND SUNSET
MAY 26 2016...........SUNRISE   634 AM EDT   SUNSET   825 PM EDT
MAY 27 2016...........SUNRISE   634 AM EDT   SUNSET   826 PM EDT


-  INDICATES NEGATIVE NUMBERS.
R  INDICATES RECORD WAS SET OR TIED.
MM INDICATES DATA IS MISSING.
T  INDICATES TRACE AMOUNT.




$$
