000
CDUS42 KCAE 280655
CLICUB


CLIMATE REPORT
NATIONAL WEATHER SERVICE COLUMBIA SC
155 AM EST TUE FEB 28 2017


...................................

...THE HAMILTON - OWENS AIRPORT SC CLIMATE SUMMARY FOR FEBRUARY 27 2017...

CLIMATE NORMAL PERIOD 1981 TO 2010
CLIMATE RECORD PERIOD 9999 TO 9999


WEATHER ITEM   OBSERVED TIME   NORMAL DEPARTURE LAST
                VALUE   (LST)  VALUE  FROM      YEAR
                                      NORMAL
......................................................
TEMPERATURE (F)
 YESTERDAY
  MAXIMUM         71    359 PM  64      7       59
  MINIMUM         38    722 AM  40     -2       31
  AVERAGE         55            52      3       45

PRECIPITATION (IN)
  YESTERDAY        0.00          0.15  -0.15     0.00
  MONTH TO DATE    1.56          3.51  -1.95     3.37
  SINCE DEC 1     11.08         10.34   0.74    10.16
  SINCE JAN 1      7.70          7.14   0.56     4.92

DEGREE DAYS
 HEATING
  YESTERDAY       10            13     -3       20
  MONTH TO DATE  217           423   -206      427
  SINCE DEC 1   1003          1544   -541     1234
  SINCE JUL 1   1264          1915   -651     1481

 COOLING
  YESTERDAY        0             0      0        0
  MONTH TO DATE   13             0     13        3
  SINCE DEC 1     16             5     11       59
  SINCE JAN 1     15             1     14        3
......................................................


WIND (MPH)
  HIGHEST WIND SPEED    13   HIGHEST WIND DIRECTION     S (160)
  HIGHEST GUST SPEED    18   HIGHEST GUST DIRECTION    SE (140)
  AVERAGE WIND SPEED     2.6


SKY COVER
  AVERAGE SKY COVER 0.0


WEATHER CONDITIONS
 THE FOLLOWING WEATHER WAS RECORDED YESTERDAY.
  HAZE


RELATIVE HUMIDITY (PERCENT)
 HIGHEST    85           600 AM
 LOWEST     29           100 PM

..........................................................


THE HAMILTON - OWENS AIRPORT SC CLIMATE NORMALS FOR TODAY
                         NORMAL    RECORD    YEAR
 MAXIMUM TEMPERATURE (F)   64        MM        MM
 MINIMUM TEMPERATURE (F)   41        MM        MM


SUNRISE AND SUNSET
FEBRUARY 28 2017......SUNRISE   654 AM EST   SUNSET   620 PM EST
MARCH  1 2017.........SUNRISE   652 AM EST   SUNSET   621 PM EST


-  INDICATES NEGATIVE NUMBERS.
R  INDICATES RECORD WAS SET OR TIED.
MM INDICATES DATA IS MISSING.
T  INDICATES TRACE AMOUNT.




$$
