685
CDUS42 KCAE 240642
CLICUB


CLIMATE REPORT
NATIONAL WEATHER SERVICE COLUMBIA SC
142 AM EST FRI NOV 24 2017


...................................

...THE HAMILTON - OWENS AIRPORT SC CLIMATE SUMMARY FOR NOVEMBER 23 2017...

CLIMATE NORMAL PERIOD 1981 TO 2010
CLIMATE RECORD PERIOD 9999 TO 9999


WEATHER ITEM   OBSERVED TIME   NORMAL DEPARTURE LAST
                VALUE   (LST)  VALUE  FROM      YEAR
                                      NORMAL
......................................................
TEMPERATURE (F)
 YESTERDAY
  MAXIMUM         54    439 PM  65    -11       66
  MINIMUM         37   1159 PM  43     -6       35
  AVERAGE         46            54     -8       51

PRECIPITATION (IN)
  YESTERDAY        0.00          0.11  -0.11     0.00
  MONTH TO DATE    1.22          2.24  -1.02     0.97
  SINCE SEP 1      6.67          9.60  -2.93    11.31
  SINCE JAN 1     42.87         41.45   1.42    39.04

DEGREE DAYS
 HEATING
  YESTERDAY       19            11      8       14
  MONTH TO DATE  205           196      9      191
  SINCE SEP 1    266           285    -19      219
  SINCE JUL 1    266           285    -19      219

 COOLING
  YESTERDAY        0             0      0        0
  MONTH TO DATE   25            11     14        9
  SINCE SEP 1    591           435    156      604
  SINCE JAN 1   2691          2253    438     2838
......................................................


WIND (MPH)
  HIGHEST WIND SPEED     9   HIGHEST WIND DIRECTION     E (70)
  HIGHEST GUST SPEED    14   HIGHEST GUST DIRECTION     E (70)
  AVERAGE WIND SPEED     2.7


SKY COVER
  AVERAGE SKY COVER 0.0


WEATHER CONDITIONS
 THE FOLLOWING WEATHER WAS RECORDED YESTERDAY.
  FOG


RELATIVE HUMIDITY (PERCENT)
 HIGHEST    92          1000 PM
 LOWEST     42           200 AM

..........................................................


THE HAMILTON - OWENS AIRPORT SC CLIMATE NORMALS FOR TODAY
                         NORMAL    RECORD    YEAR
 MAXIMUM TEMPERATURE (F)   65        MM        MM
 MINIMUM TEMPERATURE (F)   42        MM        MM


SUNRISE AND SUNSET
NOVEMBER 24 2017......SUNRISE   705 AM EST   SUNSET   516 PM EST
NOVEMBER 25 2017......SUNRISE   706 AM EST   SUNSET   516 PM EST


-  INDICATES NEGATIVE NUMBERS.
R  INDICATES RECORD WAS SET OR TIED.
MM INDICATES DATA IS MISSING.
T  INDICATES TRACE AMOUNT.




$$
