550
CDUS42 KCAE 230621
CLICUB


CLIMATE REPORT
NATIONAL WEATHER SERVICE COLUMBIA SC
221 AM EDT SUN APR 23 2017


...................................

...THE HAMILTON - OWENS AIRPORT SC CLIMATE SUMMARY FOR APRIL 22 2017...

CLIMATE NORMAL PERIOD 1981 TO 2010
CLIMATE RECORD PERIOD 9999 TO 9999


WEATHER ITEM   OBSERVED TIME   NORMAL DEPARTURE LAST
                VALUE   (LST)  VALUE  FROM      YEAR
                                      NORMAL
......................................................
TEMPERATURE (F)
 YESTERDAY
  MAXIMUM         89    156 PM  78     11       80
  MINIMUM         66    630 AM  54     12       65
  AVERAGE         78            66     12       73

PRECIPITATION (IN)
  YESTERDAY        0.00          0.09  -0.09     0.25
  MONTH TO DATE    3.68          2.07   1.61     2.30
  SINCE MAR 1      7.23          5.95   1.28     4.55
  SINCE JAN 1     14.93         13.23   1.70     9.47

DEGREE DAYS
 HEATING
  YESTERDAY        0             2     -2        0
  MONTH TO DATE   30            84    -54       71
  SINCE MAR 1    299           358    -59      211
  SINCE JUL 1   1563          2287   -724     1711

 COOLING
  YESTERDAY       13             3     10        8
  MONTH TO DATE  111            53     58       37
  SINCE MAR 1    163            68     95      112
  SINCE JAN 1    181            71    110      115
......................................................


WIND (MPH)
  HIGHEST WIND SPEED    17   HIGHEST WIND DIRECTION     W (260)
  HIGHEST GUST SPEED    25   HIGHEST GUST DIRECTION    SW (230)
  AVERAGE WIND SPEED     6.1


SKY COVER
  AVERAGE SKY COVER 0.2


WEATHER CONDITIONS
 THE FOLLOWING WEATHER WAS RECORDED YESTERDAY.
  NO SIGNIFICANT WEATHER WAS OBSERVED.


RELATIVE HUMIDITY (PERCENT)
 HIGHEST    81           600 AM
 LOWEST     27           200 PM

..........................................................


THE HAMILTON - OWENS AIRPORT SC CLIMATE NORMALS FOR TODAY
                         NORMAL    RECORD    YEAR
 MAXIMUM TEMPERATURE (F)   78        MM        MM
 MINIMUM TEMPERATURE (F)   54        MM        MM


SUNRISE AND SUNSET
APRIL 23 2017.........SUNRISE   643 AM EDT   SUNSET   802 PM EDT
APRIL 24 2017.........SUNRISE   642 AM EDT   SUNSET   802 PM EDT


-  INDICATES NEGATIVE NUMBERS.
R  INDICATES RECORD WAS SET OR TIED.
MM INDICATES DATA IS MISSING.
T  INDICATES TRACE AMOUNT.




$$
