000
CDUS42 KCAE 130701
CLICUB


CLIMATE REPORT
NATIONAL WEATHER SERVICE COLUMBIA SC
301 AM EDT SUN JUL 13 2014


...................................

...THE HAMILTON - OWENS AIRPORT SC CLIMATE SUMMARY FOR JULY 12 2014...

CLIMATE NORMAL PERIOD 1981 TO 2010
CLIMATE RECORD PERIOD 9999 TO 9999


WEATHER ITEM   OBSERVED TIME   RECORD YEAR NORMAL DEPARTURE LAST
                VALUE   (LST)  VALUE       VALUE  FROM      YEAR
                                                  NORMAL
..................................................................
TEMPERATURE (F)
 YESTERDAY
  MAXIMUM         94    414 PM  MM      MM  93      1       86
  MINIMUM         72    508 AM  MM      MM  72      0       72
  AVERAGE         83                        83      0       79

PRECIPITATION (IN)
  YESTERDAY        0.00         MM      MM   0.18  -0.18     0.27
  MONTH TO DATE    1.26                      2.32  -1.06     7.10
  SINCE JUN 1      4.42                      7.23  -2.81    13.54
  SINCE JAN 1     22.38                     24.05  -1.67    30.64

DEGREE DAYS
 HEATING
  YESTERDAY        0                         0      0        0
  MONTH TO DATE    0                         0      0        0
  SINCE JUN 1      0                         0      0        0
  SINCE JUL 1      0                         0      0        0

 COOLING
  YESTERDAY       18                        18      0       14
  MONTH TO DATE  204                       209     -5      185
  SINCE JUN 1    698                       642     56      642
  SINCE JAN 1   1091                       978    113      952
..................................................................


WIND (MPH)
  HIGHEST WIND SPEED     9   HIGHEST WIND DIRECTION    SE (150)
  HIGHEST GUST SPEED    14   HIGHEST GUST DIRECTION    SE (140)
  AVERAGE WIND SPEED     1.8


SKY COVER
  AVERAGE SKY COVER 0.3


WEATHER CONDITIONS
 THE FOLLOWING WEATHER WAS RECORDED YESTERDAY.
  FOG


RELATIVE HUMIDITY (PERCENT)
 HIGHEST    93           100 AM
 LOWEST     41           300 PM

..........................................................


THE HAMILTON - OWENS AIRPORT SC CLIMATE NORMALS FOR TODAY
                         NORMAL    RECORD    YEAR
 MAXIMUM TEMPERATURE (F)   93        MM        MM
 MINIMUM TEMPERATURE (F)   72        MM        MM


SUNRISE AND SUNSET
JULY 13 2014..........SUNRISE   623 AM EDT   SUNSET   837 PM EDT
JULY 14 2014..........SUNRISE   623 AM EDT   SUNSET   836 PM EDT


-  INDICATES NEGATIVE NUMBERS.
R  INDICATES RECORD WAS SET OR TIED.
MM INDICATES DATA IS MISSING.
T  INDICATES TRACE AMOUNT.




$$
