000
CDUS42 KCAE 310555
CLICUB


CLIMATE REPORT
NATIONAL WEATHER SERVICE COLUMBIA SC
154 AM EDT MON AUG 31 2015


...................................

...THE HAMILTON - OWENS AIRPORT SC CLIMATE SUMMARY FOR AUGUST 30 2015...

CLIMATE NORMAL PERIOD 1981 TO 2010
CLIMATE RECORD PERIOD 9999 TO 9999


WEATHER ITEM   OBSERVED TIME   NORMAL DEPARTURE LAST
                VALUE   (LST)  VALUE  FROM      YEAR
                                      NORMAL
......................................................
TEMPERATURE (F)
 YESTERDAY
  MAXIMUM         81   1249 PM  89     -8       95
  MINIMUM         71   1111 PM  70      1       73
  AVERAGE         76            80     -4       84

PRECIPITATION (IN)
  YESTERDAY        1.73          0.11   1.62     0.00
  MONTH TO DATE    7.06          4.83   2.23     4.47
  SINCE JUN 1     17.13         14.92   2.21    10.95
  SINCE JAN 1     32.27         31.74   0.53    28.91

DEGREE DAYS
 HEATING
  YESTERDAY        0             0      0        0
  MONTH TO DATE    0             0      0        0
  SINCE JUN 1      0             0      0        0
  SINCE JUL 1      0             0      0        0

 COOLING
  YESTERDAY       11            15     -4       19
  MONTH TO DATE  532           488     44      495
  SINCE JUN 1   1707          1468    239     1513
  SINCE JAN 1   2136          1804    332     1906
......................................................


WIND (MPH)
  HIGHEST WIND SPEED    10   HIGHEST WIND DIRECTION     E (110)
  HIGHEST GUST SPEED    18   HIGHEST GUST DIRECTION    SE (130)
  AVERAGE WIND SPEED     2.1


SKY COVER
  AVERAGE SKY COVER 0.5


WEATHER CONDITIONS
 THE FOLLOWING WEATHER WAS RECORDED YESTERDAY.
  HEAVY RAIN
  RAIN
  LIGHT RAIN
  FOG
  HAZE


RELATIVE HUMIDITY (PERCENT)
 HIGHEST    93           600 PM
 LOWEST     62          1200 PM

..........................................................


THE HAMILTON - OWENS AIRPORT SC CLIMATE NORMALS FOR TODAY
                         NORMAL    RECORD    YEAR
 MAXIMUM TEMPERATURE (F)   89        MM        MM
 MINIMUM TEMPERATURE (F)   70        MM        MM


SUNRISE AND SUNSET
AUGUST 31 2015........SUNRISE   657 AM EDT   SUNSET   751 PM EDT
SEPTEMBER  1 2015.....SUNRISE   657 AM EDT   SUNSET   750 PM EDT


-  INDICATES NEGATIVE NUMBERS.
R  INDICATES RECORD WAS SET OR TIED.
MM INDICATES DATA IS MISSING.
T  INDICATES TRACE AMOUNT.




$$
