000
CDUS43 KUNR 160830
CLICUT


CLIMATE REPORT
NATIONAL WEATHER SERVICE RAPID CITY SD
230 AM MDT MON OCT 16 2017


...................................

...THE CUSTER COUNTY AIRPORT SD CLIMATE SUMMARY FOR OCTOBER 15 2017...

CLIMATE NORMAL PERIOD 1981 TO 2010
CLIMATE RECORD PERIOD 9999 TO 9999


WEATHER ITEM   OBSERVED TIME   NORMAL DEPARTURE LAST
                VALUE   (LST)  VALUE  FROM      YEAR
                                      NORMAL
......................................................
TEMPERATURE (F)
 YESTERDAY
  MAXIMUM         52    259 PM  55     -3       64
  MINIMUM         27    323 AM  31     -4       44
  AVERAGE         40            43     -3       54

PRECIPITATION (IN)
  YESTERDAY        0.00          0.06  -0.06     0.00
  MONTH TO DATE    0.72          0.89  -0.17     0.47
  SINCE SEP 1      2.29          2.46  -0.17     2.24
  SINCE JAN 1     19.86         17.38   2.48    15.08

DEGREE DAYS
 HEATING
  YESTERDAY       25            22      3       11
  MONTH TO DATE  349           300     49      247
  SINCE SEP 1    633           632      1      501
  SINCE JUL 1    734           786    -52      637

 COOLING
  YESTERDAY        0             0      0        0
  MONTH TO DATE    0             0      0        0
  SINCE SEP 1     27            11     16        7
  SINCE JAN 1    235           177     58      259
......................................................


WIND (MPH)
  HIGHEST WIND SPEED    23   HIGHEST WIND DIRECTION     W (270)
  HIGHEST GUST SPEED    31   HIGHEST GUST DIRECTION     W (280)
  AVERAGE WIND SPEED     8.1


SKY COVER
  AVERAGE SKY COVER 0.0


WEATHER CONDITIONS
 THE FOLLOWING WEATHER WAS RECORDED YESTERDAY.
  NO SIGNIFICANT WEATHER WAS OBSERVED.


RELATIVE HUMIDITY (PERCENT)
 HIGHEST    81
 LOWEST     32
 AVERAGE    57

..........................................................




SUNRISE AND SUNSET
OCTOBER 16 2017.......SUNRISE   710 AM MDT   SUNSET   609 PM MDT
OCTOBER 17 2017.......SUNRISE   712 AM MDT   SUNSET   607 PM MDT


-  INDICATES NEGATIVE NUMBERS.
R  INDICATES RECORD WAS SET OR TIED.
MM INDICATES DATA IS MISSING.
T  INDICATES TRACE AMOUNT.




$$
