523
CDUS43 KUNR 300830
CLICUT


CLIMATE REPORT
NATIONAL WEATHER SERVICE RAPID CITY SD
230 AM MDT SUN APR 30 2017


...................................

...THE CUSTER COUNTY AIRPORT SD CLIMATE SUMMARY FOR APRIL 29 2017...

CLIMATE NORMAL PERIOD 1981 TO 2010
CLIMATE RECORD PERIOD 9999 TO 9999


WEATHER ITEM   OBSERVED TIME   NORMAL DEPARTURE LAST
                VALUE   (LST)  VALUE  FROM      YEAR
                                      NORMAL
......................................................
TEMPERATURE (F)
 YESTERDAY
  MAXIMUM         43    358 PM  56    -13       35
  MINIMUM         21    533 AM  31    -10       30
  AVERAGE         32            43    -11       33

PRECIPITATION (IN)
  YESTERDAY        0.00          0.10  -0.10      T
  MONTH TO DATE    3.45          2.03   1.42     1.15
  SINCE MAR 1      4.16          3.04   1.12     2.29
  SINCE JAN 1      6.17          3.90   2.27     2.90

DEGREE DAYS
 HEATING
  YESTERDAY       33            22     11       32
  MONTH TO DATE  715           755    -40      639
  SINCE MAR 1   1559          1795   -236     1511
  SINCE JUL 1   6927          7630   -703     6566

 COOLING
  YESTERDAY        0             0      0        0
  MONTH TO DATE    0             0      0        0
  SINCE MAR 1      0             0      0        0
  SINCE JAN 1      0             0      0        0
......................................................


WIND (MPH)
  HIGHEST WIND SPEED    16   HIGHEST WIND DIRECTION    NE (60)
  HIGHEST GUST SPEED    19   HIGHEST GUST DIRECTION    NE (60)
  AVERAGE WIND SPEED     5.3


SKY COVER
  AVERAGE SKY COVER 0.4


WEATHER CONDITIONS
 THE FOLLOWING WEATHER WAS RECORDED YESTERDAY.
  NO SIGNIFICANT WEATHER WAS OBSERVED.


RELATIVE HUMIDITY (PERCENT)
 HIGHEST    77
 LOWEST     30
 AVERAGE    54

..........................................................




SUNRISE AND SUNSET
APRIL 30 2017.........SUNRISE   548 AM MDT   SUNSET   756 PM MDT
MAY  1 2017...........SUNRISE   546 AM MDT   SUNSET   757 PM MDT


-  INDICATES NEGATIVE NUMBERS.
R  INDICATES RECORD WAS SET OR TIED.
MM INDICATES DATA IS MISSING.
T  INDICATES TRACE AMOUNT.




$$
