000
CDUS43 KUNR 250858
CLICUT


CLIMATE REPORT
NATIONAL WEATHER SERVICE RAPID CITY SD
251 AM MDT MON MAY 25 2015


...................................

...THE CUSTER COUNTY AIRPORT SD CLIMATE SUMMARY FOR MAY 24 2015...

CLIMATE NORMAL PERIOD 1981 TO 2010
CLIMATE RECORD PERIOD 9999 TO 9999


WEATHER ITEM   OBSERVED TIME   NORMAL DEPARTURE LAST
                VALUE   (LST)  VALUE  FROM      YEAR
                                      NORMAL
......................................................
TEMPERATURE (F)
 YESTERDAY
  MAXIMUM         57    325 PM  62     -5       67
  MINIMUM         46   1159 PM  39      7       48
  AVERAGE         52            51      1       58

PRECIPITATION (IN)
  YESTERDAY        0.91          0.12   0.79     0.21
  MONTH TO DATE    5.34          2.36   2.98     1.55
  SINCE MAR 1      7.65          5.49   2.16     4.82
  SINCE JAN 1      8.05          6.35   1.70     6.15

DEGREE DAYS
 HEATING
  YESTERDAY       13            14     -1        7
  MONTH TO DATE  504           425     79      448
  SINCE MAR 1   2044          2240   -196     2271
  SINCE JUL 1   7493          8075   -582     8129

 COOLING
  YESTERDAY        0             0      0        0
  MONTH TO DATE    0             0      0        0
  SINCE MAR 1      0             0      0        0
  SINCE JAN 1      0             0      0        0
......................................................


WIND (MPH)
  HIGHEST WIND SPEED    15   HIGHEST WIND DIRECTION     E (70)
  HIGHEST GUST SPEED    20   HIGHEST GUST DIRECTION    NE (40)
  AVERAGE WIND SPEED     9.3


SKY COVER
  AVERAGE SKY COVER 1.0


WEATHER CONDITIONS
 THE FOLLOWING WEATHER WAS RECORDED YESTERDAY.
  RAIN
  LIGHT RAIN
  FOG
  HAZE


RELATIVE HUMIDITY (PERCENT)
 HIGHEST    93
 LOWEST     83
 AVERAGE    88

..........................................................




SUNRISE AND SUNSET
MAY 25 2015...........SUNRISE   520 AM MDT   SUNSET   823 PM MDT
MAY 26 2015...........SUNRISE   519 AM MDT   SUNSET   824 PM MDT


-  INDICATES NEGATIVE NUMBERS.
R  INDICATES RECORD WAS SET OR TIED.
MM INDICATES DATA IS MISSING.
T  INDICATES TRACE AMOUNT.




$$
