000
CDUS43 KUNR 190834
CLICUT


CLIMATE REPORT
NATIONAL WEATHER SERVICE RAPID CITY SD
232 AM MDT FRI SEP 19 2014


...................................

...THE CUSTER COUNTY AIRPORT SD CLIMATE SUMMARY FOR SEPTEMBER 18 2014...

CLIMATE NORMAL PERIOD 1981 TO 2010
CLIMATE RECORD PERIOD 9999 TO 9999


WEATHER ITEM   OBSERVED TIME   NORMAL DEPARTURE LAST
                VALUE   (LST)  VALUE  FROM      YEAR
                                      NORMAL
......................................................
TEMPERATURE (F)
 YESTERDAY
  MAXIMUM         86    308 PM  67     19       77
  MINIMUM         48    540 AM  40      8       51
  AVERAGE         67            53     14       64

PRECIPITATION (IN)
  YESTERDAY        0.00          0.05  -0.05     0.00
  MONTH TO DATE    0.71          1.06  -0.35     0.94
  SINCE SEP 1      0.71          1.06  -0.35     0.94
  SINCE JAN 1     15.22         15.98  -0.76    16.89

DEGREE DAYS
 HEATING
  YESTERDAY        0            12    -12        1
  MONTH TO DATE  217           155     62       71
  SINCE SEP 1    217           155     62       71
  SINCE JUL 1    348           309     39      168

 COOLING
  YESTERDAY        2             0      2        0
  MONTH TO DATE    7            11     -4       38
  SINCE SEP 1      7            11     -4       38
  SINCE JAN 1    141           177    -36      187
......................................................


WIND (MPH)
  HIGHEST WIND SPEED    15   HIGHEST WIND DIRECTION     W (270)
  HIGHEST GUST SPEED    23   HIGHEST GUST DIRECTION     S (200)
  AVERAGE WIND SPEED     5.0


SKY COVER
  AVERAGE SKY COVER 0.0


WEATHER CONDITIONS
 THE FOLLOWING WEATHER WAS RECORDED YESTERDAY.
  NO SIGNIFICANT WEATHER WAS OBSERVED.


RELATIVE HUMIDITY (PERCENT)
 HIGHEST    86
 LOWEST     17
 AVERAGE    52

..........................................................




SUNRISE AND SUNSET
SEPTEMBER 19 2014.....SUNRISE   638 AM MDT   SUNSET   657 PM MDT
SEPTEMBER 20 2014.....SUNRISE   639 AM MDT   SUNSET   655 PM MDT


-  INDICATES NEGATIVE NUMBERS.
R  INDICATES RECORD WAS SET OR TIED.
MM INDICATES DATA IS MISSING.
T  INDICATES TRACE AMOUNT.




$$
