000
CDUS43 KUNR 010831
CLICUT


CLIMATE REPORT
NATIONAL WEATHER SERVICE RAPID CITY SD
231 AM MDT TUE SEP 1 2015


...................................

...THE CUSTER COUNTY AIRPORT SD CLIMATE SUMMARY FOR AUGUST 31 2015...

CLIMATE NORMAL PERIOD 1981 TO 2010
CLIMATE RECORD PERIOD 9999 TO 9999


WEATHER ITEM   OBSERVED TIME   NORMAL DEPARTURE LAST
                VALUE   (LST)  VALUE  FROM      YEAR
                                      NORMAL
......................................................
TEMPERATURE (F)
 YESTERDAY
  MAXIMUM         74   1021 AM  75     -1       68
  MINIMUM         56   1008 PM  47      9       46
  AVERAGE         65            61      4       57

PRECIPITATION (IN)
  YESTERDAY        0.00          0.08  -0.08     0.01
  MONTH TO DATE    2.13          2.15  -0.02     1.90
  SINCE JUN 1     10.93          7.81   3.12     6.79
  SINCE JAN 1     20.24         14.92   5.32    14.51

DEGREE DAYS
 HEATING
  YESTERDAY        0             5     -5        8
  MONTH TO DATE   90            92     -2       52
  SINCE JUN 1    248           374   -126      404
  SINCE JUL 1    146           154     -8      131

 COOLING
  YESTERDAY        0             1     -1        0
  MONTH TO DATE   90            59     31       44
  SINCE JUN 1    187           165     22      130
  SINCE JAN 1    187           166     21      134
......................................................


WIND (MPH)
  HIGHEST WIND SPEED    14   HIGHEST WIND DIRECTION     E (110)
  HIGHEST GUST SPEED    21   HIGHEST GUST DIRECTION     W (270)
  AVERAGE WIND SPEED     4.7


SKY COVER
  AVERAGE SKY COVER 0.0


WEATHER CONDITIONS
 THE FOLLOWING WEATHER WAS RECORDED YESTERDAY.
  NO SIGNIFICANT WEATHER WAS OBSERVED.


RELATIVE HUMIDITY (PERCENT)
 HIGHEST    80
 LOWEST     38
 AVERAGE    59

..........................................................




SUNRISE AND SUNSET
SEPTEMBER  1 2015.....SUNRISE   618 AM MDT   SUNSET   730 PM MDT
SEPTEMBER  2 2015.....SUNRISE   619 AM MDT   SUNSET   729 PM MDT


-  INDICATES NEGATIVE NUMBERS.
R  INDICATES RECORD WAS SET OR TIED.
MM INDICATES DATA IS MISSING.
T  INDICATES TRACE AMOUNT.




$$
