000
CDUS43 KUNR 240834
CLICUT


CLIMATE REPORT
NATIONAL WEATHER SERVICE RAPID CITY SD
234 AM MDT THU AUG 24 2017


...................................

...THE CUSTER COUNTY AIRPORT SD CLIMATE SUMMARY FOR AUGUST 23 2017...

CLIMATE NORMAL PERIOD 1981 TO 2010
CLIMATE RECORD PERIOD 9999 TO 9999


WEATHER ITEM   OBSERVED TIME   NORMAL DEPARTURE LAST
                VALUE   (LST)  VALUE  FROM      YEAR
                                      NORMAL
......................................................
TEMPERATURE (F)
 YESTERDAY
  MAXIMUM         82    131 PM  77      5       80
  MINIMUM         51    303 AM  49      2       55
  AVERAGE         67            63      4       68

PRECIPITATION (IN)
  YESTERDAY        0.00          0.07  -0.07     0.00
  MONTH TO DATE    2.07          1.57   0.50     0.99
  SINCE JUN 1      9.65          7.23   2.42     7.52
  SINCE JAN 1     17.53         14.34   3.19    12.10

DEGREE DAYS
 HEATING
  YESTERDAY        0             3     -3        0
  MONTH TO DATE   92            57     35       56
  SINCE JUN 1    255           338    -83      155
  SINCE JUL 1    100           118    -18       99

 COOLING
  YESTERDAY        2             1      1        3
  MONTH TO DATE    8            44    -36       54
  SINCE JUN 1    196           150     46      249
  SINCE JAN 1    196           151     45      249
......................................................


WIND (MPH)
  HIGHEST WIND SPEED    25   HIGHEST WIND DIRECTION     E (80)
  HIGHEST GUST SPEED    30   HIGHEST GUST DIRECTION     E (80)
  AVERAGE WIND SPEED     9.8


SKY COVER
  AVERAGE SKY COVER 0.1


WEATHER CONDITIONS
 THE FOLLOWING WEATHER WAS RECORDED YESTERDAY.
  NO SIGNIFICANT WEATHER WAS OBSERVED.


RELATIVE HUMIDITY (PERCENT)
 HIGHEST    77
 LOWEST     23
 AVERAGE    50

..........................................................




SUNRISE AND SUNSET
AUGUST 24 2017........SUNRISE   609 AM MDT   SUNSET   743 PM MDT
AUGUST 25 2017........SUNRISE   610 AM MDT   SUNSET   742 PM MDT


-  INDICATES NEGATIVE NUMBERS.
R  INDICATES RECORD WAS SET OR TIED.
MM INDICATES DATA IS MISSING.
T  INDICATES TRACE AMOUNT.




$$
