000
CDUS43 KUNR 190859
CLICUT


CLIMATE REPORT
NATIONAL WEATHER SERVICE RAPID CITY SD
159 AM MST THU JAN 19 2017


...................................

...THE CUSTER COUNTY AIRPORT SD CLIMATE SUMMARY FOR JANUARY 18 2017...

CLIMATE NORMAL PERIOD 1981 TO 2010
CLIMATE RECORD PERIOD 9999 TO 9999


WEATHER ITEM   OBSERVED TIME   NORMAL DEPARTURE LAST
                VALUE   (LST)  VALUE  FROM      YEAR
                                      NORMAL
......................................................
TEMPERATURE (F)
 YESTERDAY
  MAXIMUM         61    254 PM  35     26       43
  MINIMUM         27    526 AM  14     13       12
  AVERAGE         44            24     20       28

PRECIPITATION (IN)
  YESTERDAY        0.00          0.01  -0.01      T
  MONTH TO DATE    0.24          0.17   0.07     0.03
  SINCE DEC 1      1.52          0.55   0.97     0.41
  SINCE JAN 1      0.24          0.17   0.07     0.03

DEGREE DAYS
 HEATING
  YESTERDAY       21            41    -20       37
  MONTH TO DATE  830           738     92      698
  SINCE DEC 1   2287          2027    260     1899
  SINCE JUL 1   3906          4208   -302     3687

 COOLING
  YESTERDAY        0             0      0        0
  MONTH TO DATE    0             0      0        0
  SINCE DEC 1      0             0      0        0
  SINCE JAN 1      0             0      0        0
......................................................


WIND (MPH)
  HIGHEST WIND SPEED    15   HIGHEST WIND DIRECTION     W (280)
  HIGHEST GUST SPEED    20   HIGHEST GUST DIRECTION     W (280)
  AVERAGE WIND SPEED     6.5


SKY COVER
  AVERAGE SKY COVER 0.0


WEATHER CONDITIONS
 THE FOLLOWING WEATHER WAS RECORDED YESTERDAY.
  NO SIGNIFICANT WEATHER WAS OBSERVED.


RELATIVE HUMIDITY (PERCENT)
 HIGHEST    56
 LOWEST     19
 AVERAGE    38

..........................................................




SUNRISE AND SUNSET
JANUARY 19 2017.......SUNRISE   723 AM MST   SUNSET   448 PM MST
JANUARY 20 2017.......SUNRISE   722 AM MST   SUNSET   450 PM MST


-  INDICATES NEGATIVE NUMBERS.
R  INDICATES RECORD WAS SET OR TIED.
MM INDICATES DATA IS MISSING.
T  INDICATES TRACE AMOUNT.




$$
