000
CDUS41 KILN 242054
CLICVG


CLIMATE REPORT
NATIONAL WEATHER SERVICE WILMINGTON OH
453 PM EDT TUE MAY 24 2016


...................................

...THE CINCINNATI OH CLIMATE SUMMARY FOR MAY 24 2016...
VALID TODAY AS OF 0400 PM LOCAL TIME.

CLIMATE NORMAL PERIOD 1981 TO 2010
CLIMATE RECORD PERIOD 1869 TO 2016


WEATHER ITEM   OBSERVED TIME   RECORD YEAR NORMAL DEPARTURE LAST
                VALUE   (LST)  VALUE       VALUE  FROM      YEAR
                                                  NORMAL
..................................................................
TEMPERATURE (F)
 TODAY
  MAXIMUM         82    323 PM  92    1975  76      6       84
  MINIMUM         50    526 AM  37    1925  56     -6       60
  AVERAGE         66                        66      0       72

PRECIPITATION (IN)
  TODAY            0.00          2.02 1968   0.16  -0.16     0.00
  MONTH TO DATE    2.71                      3.81  -1.10     0.77
  SINCE MAR 1     12.89                     11.66   1.23    12.22
  SINCE JAN 1     19.52                     17.47   2.05    16.37

SNOWFALL (IN)
  TODAY            0.0           0.0    MM   0.0    0.0      0.0
  MONTH TO DATE    0.0                       0.0    0.0      0.0
  SINCE MAR 1      2.3                       3.5   -1.2      4.9
  SINCE JUL 1     19.2                      22.1   -2.9     29.9
  SNOW DEPTH       0

DEGREE DAYS
 HEATING
  TODAY            0                         3     -3        0
  MONTH TO DATE  161                       111     50       67
  SINCE MAR 1    926                      1118   -192     1049
  SINCE JUL 1   4134                      4945   -811     5276

 COOLING
  TODAY            1                         3     -2        7
  MONTH TO DATE   16                        48    -32       92
  SINCE MAR 1     34                        66    -32       97
  SINCE JAN 1     34                        66    -32       97
..................................................................


WIND (MPH)
  HIGHEST WIND SPEED    13   HIGHEST WIND DIRECTION    SE (150)
  HIGHEST GUST SPEED    15   HIGHEST GUST DIRECTION    SW (220)
  AVERAGE WIND SPEED     3.8


SKY COVER
  POSSIBLE SUNSHINE  MM
  AVERAGE SKY COVER 0.3


WEATHER CONDITIONS
 THE FOLLOWING WEATHER WAS RECORDED TODAY.
  NO SIGNIFICANT WEATHER WAS OBSERVED.


RELATIVE HUMIDITY (PERCENT)
 HIGHEST    96           400 AM
 LOWEST     28           300 PM
 AVERAGE    62

..........................................................


THE CINCINNATI OH CLIMATE NORMALS FOR TOMORROW
                         NORMAL    RECORD    YEAR
 MAXIMUM TEMPERATURE (F)   76        93      1908
 MINIMUM TEMPERATURE (F)   56        32      1925


SUNRISE AND SUNSET
MAY 24 2016...........SUNRISE   619 AM EDT   SUNSET   853 PM EDT
MAY 25 2016...........SUNRISE   618 AM EDT   SUNSET   854 PM EDT


-  INDICATES NEGATIVE NUMBERS.
R  INDICATES RECORD WAS SET OR TIED.
MM INDICATES DATA IS MISSING.
T  INDICATES TRACE AMOUNT.




$$
