000
CDUS41 KILN 140537
CLICVG


CLIMATE REPORT
NATIONAL WEATHER SERVICE WILMINGTON OH
1237 AM EST THU DEC 14 2017


...................................

...THE CINCINNATI OH CLIMATE SUMMARY FOR DECEMBER 13 2017...

CLIMATE NORMAL PERIOD 1981 TO 2010
CLIMATE RECORD PERIOD 1869 TO 2017


WEATHER ITEM   OBSERVED TIME   RECORD YEAR NORMAL DEPARTURE LAST
                VALUE   (LST)  VALUE       VALUE  FROM      YEAR
                                                  NORMAL
..................................................................
TEMPERATURE (F)
 YESTERDAY
  MAXIMUM         46    917 PM  67    1927  42      4       33
                                      1901
  MINIMUM         15    445 AM  -3    1962  27    -12       27
  AVERAGE         31                        34     -3       30

PRECIPITATION (IN)
  YESTERDAY        0.00          1.64 1927   0.11  -0.11     0.28
  MONTH TO DATE    0.69                      1.45  -0.76     1.21
  SINCE DEC 1      0.69                      1.45  -0.76     1.21
  SINCE JAN 1     48.75                     40.60   8.15    41.21

SNOWFALL (IN)
  YESTERDAY        0.0           4.0  1945   0.1   -0.1      1.0
  MONTH TO DATE    0.9                       1.5   -0.6      1.3
  SINCE DEC 1      0.9                       1.5   -0.6      1.3
  SINCE JUL 1      0.9                       2.3   -1.4      1.3
  SNOW DEPTH       T

DEGREE DAYS
 HEATING
  YESTERDAY       34                        31      3       35
  MONTH TO DATE  389                       372     17      402
  SINCE DEC 1    389                       372     17      402
  SINCE JUL 1   1280                      1332    -52     1084

 COOLING
  YESTERDAY        0                         0      0        0
  MONTH TO DATE    0                         0      0        0
  SINCE DEC 1      0                         0      0        0
  SINCE JAN 1   1111                      1121    -10     1477
..................................................................


WIND (MPH)
  RESULTANT WIND SPEED  11   RESULTANT WIND DIRECTION  SW (220)
  HIGHEST WIND SPEED    41   HIGHEST WIND DIRECTION     W (280)
  HIGHEST GUST SPEED    49   HIGHEST GUST DIRECTION     W (280)
  AVERAGE WIND SPEED    13.8


SKY COVER
  POSSIBLE SUNSHINE  MM
  AVERAGE SKY COVER 0.8


WEATHER CONDITIONS
 THE FOLLOWING WEATHER WAS RECORDED YESTERDAY.
  NO SIGNIFICANT WEATHER WAS OBSERVED.


RELATIVE HUMIDITY (PERCENT)
 HIGHEST    74          1200 AM
 LOWEST     32           300 PM
 AVERAGE    53

..........................................................


THE CINCINNATI OH CLIMATE NORMALS FOR TODAY
                         NORMAL    RECORD    YEAR
 MAXIMUM TEMPERATURE (F)   42        69      1975
 MINIMUM TEMPERATURE (F)   27         0      1901


SUNRISE AND SUNSET
DECEMBER 14 2017......SUNRISE   750 AM EST   SUNSET   517 PM EST
DECEMBER 15 2017......SUNRISE   751 AM EST   SUNSET   517 PM EST


-  INDICATES NEGATIVE NUMBERS.
R  INDICATES RECORD WAS SET OR TIED.
MM INDICATES DATA IS MISSING.
T  INDICATES TRACE AMOUNT.




$$
