000
CDUS41 KILN 232152
CLICVG


CLIMATE REPORT
NATIONAL WEATHER SERVICE WILMINGTON OH
452 PM EST THU FEB 23 2017


...................................

...THE CINCINNATI OH CLIMATE SUMMARY FOR FEBRUARY 23 2017...
VALID TODAY AS OF 0400 PM LOCAL TIME.

CLIMATE NORMAL PERIOD 1981 TO 2010
CLIMATE RECORD PERIOD 1869 TO 2017


WEATHER ITEM   OBSERVED TIME   RECORD YEAR NORMAL DEPARTURE LAST
                VALUE   (LST)  VALUE       VALUE  FROM      YEAR
                                                  NORMAL
..................................................................
TEMPERATURE (F)
 TODAY
  MAXIMUM         71    347 PM  72    1996  45     26       56
                                      1985
  MINIMUM         56    334 AM  -1    1963  28     28       32
  AVERAGE         64                        36     28       44

PRECIPITATION (IN)
  TODAY            0.00          2.69 1909   0.10  -0.10     0.02
  MONTH TO DATE    1.86                      2.31  -0.45     3.96
  SINCE DEC 1      9.96                      8.68   1.28    11.44
  SINCE JAN 1      5.53                      5.31   0.22     5.35

SNOWFALL (IN)
  TODAY            0.0           7.0  1914   0.2   -0.2      0.0
  MONTH TO DATE    1.6                       5.6   -4.0      7.9
  SINCE DEC 1      8.0                      16.9   -8.9     16.4
  SINCE JUL 1      8.0                      17.7   -9.7     16.4
  SNOW DEPTH       0

DEGREE DAYS
 HEATING
  TODAY            1                        28    -27       21
  MONTH TO DATE  492                       717   -225      694
  SINCE DEC 1   2309                      2729   -420     2333
  SINCE JUL 1   2991                      3689   -698     3078

 COOLING
  TODAY            0                         0      0        0
  MONTH TO DATE    0                         0      0        0
  SINCE DEC 1      0                         0      0        0
  SINCE JAN 1      0                         0      0        0
..................................................................


WIND (MPH)
  HIGHEST WIND SPEED    18   HIGHEST WIND DIRECTION     S (200)
  HIGHEST GUST SPEED    23   HIGHEST GUST DIRECTION     S (190)
  AVERAGE WIND SPEED     9.5


SKY COVER
  POSSIBLE SUNSHINE  MM
  AVERAGE SKY COVER 0.8


WEATHER CONDITIONS
 THE FOLLOWING WEATHER WAS RECORDED TODAY.
  NO SIGNIFICANT WEATHER WAS OBSERVED.


RELATIVE HUMIDITY (PERCENT)
 HIGHEST    93           100 AM
 LOWEST     61           200 PM
 AVERAGE    77

..........................................................


THE CINCINNATI OH CLIMATE NORMALS FOR TOMORROW
                         NORMAL    RECORD    YEAR
 MAXIMUM TEMPERATURE (F)   46        72      1930
 MINIMUM TEMPERATURE (F)   28        -7      2015


SUNRISE AND SUNSET
FEBRUARY 23 2017......SUNRISE   719 AM EST   SUNSET   625 PM EST
FEBRUARY 24 2017......SUNRISE   718 AM EST   SUNSET   626 PM EST


-  INDICATES NEGATIVE NUMBERS.
R  INDICATES RECORD WAS SET OR TIED.
MM INDICATES DATA IS MISSING.
T  INDICATES TRACE AMOUNT.




$$
