000
CDUS41 KILN 280558
CLICVG


CLIMATE REPORT
NATIONAL WEATHER SERVICE WILMINGTON OH
157 AM EDT THU MAY 28 2015


...................................

...THE CINCINNATI OH CLIMATE SUMMARY FOR MAY 27 2015...

CLIMATE NORMAL PERIOD 1981 TO 2010
CLIMATE RECORD PERIOD 1869 TO 2015


WEATHER ITEM   OBSERVED TIME   RECORD YEAR NORMAL DEPARTURE LAST
                VALUE   (LST)  VALUE       VALUE  FROM      YEAR
                                                  NORMAL
..................................................................
TEMPERATURE (F)
 YESTERDAY
  MAXIMUM         81    403 PM  95    1911  77      4       87
  MINIMUM         65   1159 PM  34    1961  57      8       68
  AVERAGE         73                        67      6       78

PRECIPITATION (IN)
  YESTERDAY        0.00          2.36 1956   0.16  -0.16     0.00
  MONTH TO DATE    1.34                      4.29  -2.95     2.86
  SINCE MAR 1     12.79                     12.14   0.65    11.93
  SINCE JAN 1     16.94                     17.95  -1.01    17.47

SNOWFALL (IN)
  YESTERDAY        0.0           0.0    MM   0.0    0.0      0.0
  MONTH TO DATE    0.0                       0.0    0.0      0.0
  SINCE MAR 1      4.9                       3.5    1.4      3.9
  SINCE JUL 1     29.9                      22.1    7.8     47.5
  SNOW DEPTH       0

DEGREE DAYS
 HEATING
  YESTERDAY        0                         2     -2        0
  MONTH TO DATE   67                       118    -51      109
  SINCE MAR 1   1049                      1125    -76     1162
  SINCE JUL 1   5276                      4952    324     5406

 COOLING
  YESTERDAY        8                         4      4       13
  MONTH TO DATE  116                        60     56       87
  SINCE MAR 1    121                        78     43       94
  SINCE JAN 1    121                        78     43       94
..................................................................


WIND (MPH)
  RESULTANT WIND SPEED  11   RESULTANT WIND DIRECTION  SW (210)
  HIGHEST WIND SPEED    21   HIGHEST WIND DIRECTION    SW (210)
  HIGHEST GUST SPEED    28   HIGHEST GUST DIRECTION     S (200)
  AVERAGE WIND SPEED    10.7


SKY COVER
  POSSIBLE SUNSHINE  MM
  AVERAGE SKY COVER 0.8


WEATHER CONDITIONS
 THE FOLLOWING WEATHER WAS RECORDED YESTERDAY.
  FOG


RELATIVE HUMIDITY (PERCENT)
 HIGHEST   100           500 AM
 LOWEST     54           500 PM
 AVERAGE    77

..........................................................


THE CINCINNATI OH CLIMATE NORMALS FOR TODAY
                         NORMAL    RECORD    YEAR
 MAXIMUM TEMPERATURE (F)   77        95      1911
 MINIMUM TEMPERATURE (F)   57        40      1994


SUNRISE AND SUNSET
MAY 28 2015...........SUNRISE   617 AM EDT   SUNSET   856 PM EDT
MAY 29 2015...........SUNRISE   616 AM EDT   SUNSET   856 PM EDT


-  INDICATES NEGATIVE NUMBERS.
R  INDICATES RECORD WAS SET OR TIED.
MM INDICATES DATA IS MISSING.
T  INDICATES TRACE AMOUNT.




$$
