899
CDUS41 KILN 300531
CLICVG


CLIMATE REPORT
NATIONAL WEATHER SERVICE WILMINGTON OH
130 AM EDT THU MAR 30 2017


...................................

...THE CINCINNATI OH CLIMATE SUMMARY FOR MARCH 29 2017...

CLIMATE NORMAL PERIOD 1981 TO 2010
CLIMATE RECORD PERIOD 1869 TO 2017


WEATHER ITEM   OBSERVED TIME   RECORD YEAR NORMAL DEPARTURE LAST
                VALUE   (LST)  VALUE       VALUE  FROM      YEAR
                                                  NORMAL
..................................................................
TEMPERATURE (F)
 YESTERDAY
  MAXIMUM         58    522 PM  84    1910  58      0       58
                                      1895
  MINIMUM         45    710 AM  18    1964  38      7       36
  AVERAGE         52                        48      4       47

PRECIPITATION (IN)
  YESTERDAY        0.00          2.45 1985   0.14  -0.14     0.00
  MONTH TO DATE    4.14                      3.68   0.46     3.94
  SINCE MAR 1      4.14                      3.68   0.46     3.94
  SINCE JAN 1     11.36                      9.49   1.87    10.57

SNOWFALL (IN)
  YESTERDAY        0.0           2.7  1970   0.0    0.0      0.0
  MONTH TO DATE    2.0                       2.9   -0.9      2.3
  SINCE MAR 1      2.0                       2.9   -0.9      2.3
  SINCE JUL 1     10.0                      21.5  -11.5     19.2
  SNOW DEPTH       0

DEGREE DAYS
 HEATING
  YESTERDAY       13                        17     -4       18
  MONTH TO DATE  608                       633    -25      443
  SINCE MAR 1    608                       633    -25      443
  SINCE JUL 1   3688                      4460   -772     3651

 COOLING
  YESTERDAY        0                         0      0        0
  MONTH TO DATE    1                         0      1        0
  SINCE MAR 1      1                         0      1        0
  SINCE JAN 1      1                         0      1        0
..................................................................


WIND (MPH)
  RESULTANT WIND SPEED  11   RESULTANT WIND DIRECTION   E (70)
  HIGHEST WIND SPEED    18   HIGHEST WIND DIRECTION     E (70)
  HIGHEST GUST SPEED    22   HIGHEST GUST DIRECTION     E (70)
  AVERAGE WIND SPEED    11.6


SKY COVER
  POSSIBLE SUNSHINE  MM
  AVERAGE SKY COVER 0.7


WEATHER CONDITIONS
 THE FOLLOWING WEATHER WAS RECORDED YESTERDAY.
  NO SIGNIFICANT WEATHER WAS OBSERVED.


RELATIVE HUMIDITY (PERCENT)
 HIGHEST    86           400 AM
 LOWEST     61          1000 AM
 AVERAGE    74

..........................................................


THE CINCINNATI OH CLIMATE NORMALS FOR TODAY
                         NORMAL    RECORD    YEAR
 MAXIMUM TEMPERATURE (F)   59        82      1986
                                             1977
                                             1910
 MINIMUM TEMPERATURE (F)   38        18      1964
                                             1923


SUNRISE AND SUNSET
MARCH 30 2017.........SUNRISE   726 AM EDT   SUNSET   801 PM EDT
MARCH 31 2017.........SUNRISE   724 AM EDT   SUNSET   802 PM EDT


-  INDICATES NEGATIVE NUMBERS.
R  INDICATES RECORD WAS SET OR TIED.
MM INDICATES DATA IS MISSING.
T  INDICATES TRACE AMOUNT.




$$
