000
CDUS41 KILN 260611
CLICVG


CLIMATE REPORT
NATIONAL WEATHER SERVICE WILMINGTON OH
110 AM EST FRI DEC 26 2014


...................................

...THE CINCINNATI OH CLIMATE SUMMARY FOR DECEMBER 25 2014...

CLIMATE NORMAL PERIOD 1981 TO 2010
CLIMATE RECORD PERIOD 1869 TO 2014


WEATHER ITEM   OBSERVED TIME   RECORD YEAR NORMAL DEPARTURE LAST
                VALUE   (LST)  VALUE       VALUE  FROM      YEAR
                                                  NORMAL
..................................................................
TEMPERATURE (F)
 YESTERDAY
  MAXIMUM         41    507 PM  66    1893  39      2       35
  MINIMUM         32   1147 PM -12    1983  25      7       18
  AVERAGE         37                        32      5       27

PRECIPITATION (IN)
  YESTERDAY        0.02          1.12 1957   0.11  -0.09      T
  MONTH TO DATE    3.10                      2.72   0.38     4.64
  SINCE DEC 1      3.10                      2.72   0.38     4.64
  SINCE JAN 1     41.79                     41.87  -0.08    49.21

SNOWFALL (IN)
  YESTERDAY        T             3.7  1909   0.2   -0.2       T
  MONTH TO DATE    T                         3.6   -3.6     10.3
  SINCE DEC 1      T                         3.6   -3.6     10.3
  SINCE JUL 1      5.1                       4.4    0.7     12.7
  SNOW DEPTH       0

DEGREE DAYS
 HEATING
  YESTERDAY       28                        33     -5       38
  MONTH TO DATE  659                       757    -98      733
  SINCE DEC 1    659                       757    -98      733
  SINCE JUL 1   1797                      1717     80     1769

 COOLING
  YESTERDAY        0                         0      0        0
  MONTH TO DATE    0                         0      0        0
  SINCE DEC 1      0                         0      0        0
  SINCE JAN 1   1077                      1121    -44     1150
..................................................................


WIND (MPH)
  RESULTANT WIND SPEED   7   RESULTANT WIND DIRECTION  SW (220)
  HIGHEST WIND SPEED    20   HIGHEST WIND DIRECTION     W (260)
  HIGHEST GUST SPEED    29   HIGHEST GUST DIRECTION     W (260)
  AVERAGE WIND SPEED     8.0


SKY COVER
  POSSIBLE SUNSHINE  MM
  AVERAGE SKY COVER 0.8


WEATHER CONDITIONS
 THE FOLLOWING WEATHER WAS RECORDED YESTERDAY.
  LIGHT RAIN
  LIGHT SNOW
  FOG
  HAZE


RELATIVE HUMIDITY (PERCENT)
 HIGHEST    82           200 AM
 LOWEST     64           100 PM
 AVERAGE    73

..........................................................


THE CINCINNATI OH CLIMATE NORMALS FOR TODAY
                         NORMAL    RECORD    YEAR
 MAXIMUM TEMPERATURE (F)   39        64      1889
                                             1875
 MINIMUM TEMPERATURE (F)   24        -3      1983


SUNRISE AND SUNSET
DECEMBER 26 2014......SUNRISE   756 AM EST   SUNSET   522 PM EST
DECEMBER 27 2014......SUNRISE   757 AM EST   SUNSET   523 PM EST


-  INDICATES NEGATIVE NUMBERS.
R  INDICATES RECORD WAS SET OR TIED.
MM INDICATES DATA IS MISSING.
T  INDICATES TRACE AMOUNT.




$$
