000
CDUS45 KCYS 072228
CLICYS


CLIMATE REPORT
NATIONAL WEATHER SERVICE CHEYENNE WY
328 PM MST WED DEC 7 2016


...................................

...THE CHEYENNE WYOMING AIRPORT CLIMATE SUMMARY FOR DECEMBER 7 2016...
VALID AS OF 0300 PM LOCAL TIME.

CLIMATE NORMAL PERIOD 1981 TO 2010
CLIMATE RECORD PERIOD 1871 TO 2016


WEATHER ITEM   OBSERVED TIME   RECORD YEAR NORMAL DEPARTURE LAST
                VALUE   (LST)  VALUE       VALUE  FROM      YEAR
                                                  NORMAL
..................................................................
TEMPERATURE (F)
 TODAY
  MAXIMUM          8   1242 AM  63    1991  38    -30       54
  MINIMUM          0    912 AM -20    2005  18    -18       33
  AVERAGE          4                        28    -24       44

PRECIPITATION (IN)
  TODAY            0.05          0.52 2007   0.01   0.04     0.00
  MONTH TO DATE    0.11                      0.12  -0.01     0.00
  SINCE DEC 1      0.11                      0.12  -0.01     0.00
  SINCE JAN 1     14.39                     15.57  -1.18    16.69

SNOWFALL (IN)
  TODAY            0.5           4.9  2007   0.3    0.2      0.0
  MONTH TO DATE    1.5                       2.0   -0.5      0.0
  SINCE JUL 1      5.3                      16.3  -11.0     10.7
  SNOW DEPTH       1

DEGREE DAYS
 HEATING
  TODAY           61                        37     24       21
  MONTH TO DATE  296                       256     40      205
  SINCE DEC 1    296                       256     40      205
  SINCE JUL 1   1560                      2004   -444     1632

 COOLING
  TODAY            0                         0      0        0
  MONTH TO DATE    0                         0      0        0
  SINCE DEC 1      0                         0      0        0
  SINCE JAN 1    452                       348    104      362
..................................................................


WIND (MPH)
  HIGHEST WIND SPEED    17   HIGHEST WIND DIRECTION     N (350)
  HIGHEST GUST SPEED    23   HIGHEST GUST DIRECTION     N (360)
  AVERAGE WIND SPEED    11.9


SKY COVER
  AVERAGE SKY COVER 0.8


WEATHER CONDITIONS
 THE FOLLOWING WEATHER WAS RECORDED TODAY.
  LIGHT SNOW
  FOG
  HAZE
  BLOWING SNOW


RELATIVE HUMIDITY (PERCENT)
 HIGHEST    88           100 AM
 LOWEST     63           200 PM
 AVERAGE    76

..........................................................


THE CHEYENNE WYOMING AIRPORT CLIMATE NORMALS FOR TOMORROW
                         NORMAL    RECORD    YEAR
 MAXIMUM TEMPERATURE (F)   38        64      1940
 MINIMUM TEMPERATURE (F)   17       -19      1919


SUNRISE AND SUNSET
DECEMBER  7 2016......SUNRISE   711 AM MST   SUNSET   430 PM MST
DECEMBER  8 2016......SUNRISE   712 AM MST   SUNSET   430 PM MST


-  INDICATES NEGATIVE NUMBERS.
R  INDICATES RECORD WAS SET OR TIED.
MM INDICATES DATA IS MISSING.
T  INDICATES TRACE AMOUNT.




$$
