000
CDUS45 KCYS 200726
CLICYS


CLIMATE REPORT
NATIONAL WEATHER SERVICE CHEYENNE WY
126 AM MDT WED AUG 20 2014


...................................

...THE CHEYENNE WYOMING CLIMATE SUMMARY FOR AUGUST 19 2014...

CLIMATE NORMAL PERIOD 1981 TO 2010
CLIMATE RECORD PERIOD 1871 TO 2014


WEATHER ITEM   OBSERVED TIME   RECORD YEAR NORMAL DEPARTURE LAST
                VALUE   (LST)  VALUE       VALUE  FROM      YEAR
                                                  NORMAL
..................................................................
TEMPERATURE (F)
 YESTERDAY
  MAXIMUM         86   1203 PM  92    2001  81      5       91
  MINIMUM         53    437 AM  40    1978  54     -1       55
  AVERAGE         70                        67      3       73

PRECIPITATION (IN)
  YESTERDAY        0.06          0.94 1931   0.05   0.01     0.00
                                      1896
  MONTH TO DATE    0.54                      1.35  -0.81     0.88
  SINCE JAN 1     12.72                     11.85   0.87     8.12

SNOWFALL (IN)
  YESTERDAY        0.0          MM      MM   0.0    0.0      0.0
  MONTH TO DATE    0.0                       0.0    0.0      0.0
  SINCE JUL 1      0.0                       0.0    0.0      0.0
  SNOW DEPTH       0

DEGREE DAYS
 HEATING
  YESTERDAY        0                         1     -1        0
  MONTH TO DATE    0                        19    -19        8
  SINCE JUN 1    155                       175    -20       77
  SINCE JUL 1     29                        41    -12       15

 COOLING
  YESTERDAY        5                         3      2        8
  MONTH TO DATE   82                        85     -3       71
  SINCE JUN 1    254                       292    -38      348
  SINCE JAN 1    255                       295    -40      354
..................................................................


WIND (MPH)
  HIGHEST WIND SPEED    28   HIGHEST WIND DIRECTION     W (270)
  HIGHEST GUST SPEED    37   HIGHEST GUST DIRECTION     W (270)
  AVERAGE WIND SPEED     8.9


SKY COVER
  AVERAGE SKY COVER 0.2


WEATHER CONDITIONS
 THE FOLLOWING WEATHER WAS RECORDED YESTERDAY.
  THUNDERSTORM
  HEAVY RAIN
  LIGHT RAIN
  HAZE


RELATIVE HUMIDITY (PERCENT)
 HIGHEST    83           400 AM
 LOWEST     16          1200 PM
 AVERAGE    50

..........................................................


THE CHEYENNE WYOMING CLIMATE NORMALS FOR TODAY
                         NORMAL    RECORD    YEAR
 MAXIMUM TEMPERATURE (F)   81        94      2013
 MINIMUM TEMPERATURE (F)   54        37      1939


SUNRISE AND SUNSET
AUGUST 20 2014........SUNRISE   614 AM MDT   SUNSET   751 PM MDT
AUGUST 21 2014........SUNRISE   615 AM MDT   SUNSET   749 PM MDT


-  INDICATES NEGATIVE NUMBERS.
R  INDICATES RECORD WAS SET OR TIED.
MM INDICATES DATA IS MISSING.
T  INDICATES TRACE AMOUNT.




$$
