000
CDUS45 KCYS 250738
CLICYS


CLIMATE REPORT
NATIONAL WEATHER SERVICE CHEYENNE WY
1235 AM MST TUE NOV 25 2014


...................................

...THE CHEYENNE WYOMING CLIMATE SUMMARY FOR NOVEMBER 24 2014...

CLIMATE NORMAL PERIOD 1981 TO 2010
CLIMATE RECORD PERIOD 1871 TO 2014


WEATHER ITEM   OBSERVED TIME   RECORD YEAR NORMAL DEPARTURE LAST
                VALUE   (LST)  VALUE       VALUE  FROM      YEAR
                                                  NORMAL
..................................................................
TEMPERATURE (F)
 YESTERDAY
  MAXIMUM         34   1108 AM  64    1990  42     -8       47
  MINIMUM         14   1153 PM -16    1993  21     -7       15
  AVERAGE         24                        32     -8       31

PRECIPITATION (IN)
  YESTERDAY        0.09          0.40 1944   0.02   0.07     0.00
  MONTH TO DATE    1.02                      0.48   0.54     0.16
  SINCE JAN 1     16.93                     15.34   1.59    17.68

SNOWFALL (IN)
  YESTERDAY        1.3           5.2  2002   0.3    0.0      0.0
  MONTH TO DATE    7.1                       6.2    0.9      3.1
  SINCE JUL 1      8.6                      12.5   -3.9     15.6
  SNOW DEPTH       0

DEGREE DAYS
 HEATING
  YESTERDAY       41                        33      8       34
  MONTH TO DATE  806                       682    124      683
  SINCE SEP 1   1398                      1485    -87     1526
  SINCE JUL 1   1456                      1541    -85     1541

 COOLING
  YESTERDAY        0                         0      0        0
  MONTH TO DATE    0                         0      0        0
  SINCE SEP 1     35                        22     13       67
  SINCE JAN 1    301                       348    -47      520
..................................................................


WIND (MPH)
  HIGHEST WIND SPEED    32   HIGHEST WIND DIRECTION    NW (330)
  HIGHEST GUST SPEED    47   HIGHEST GUST DIRECTION    NW (320)
  AVERAGE WIND SPEED    17.3


SKY COVER
  AVERAGE SKY COVER 0.5


WEATHER CONDITIONS
 THE FOLLOWING WEATHER WAS RECORDED YESTERDAY.
  HEAVY SNOW
  SNOW
  LIGHT SNOW
  FOG
  FOG W/VISIBILITY <= 1/4 MILE
  HAZE


RELATIVE HUMIDITY (PERCENT)
 HIGHEST    88           200 PM
 LOWEST     41          1000 AM
 AVERAGE    65

..........................................................


THE CHEYENNE WYOMING CLIMATE NORMALS FOR TODAY
                         NORMAL    RECORD    YEAR
 MAXIMUM TEMPERATURE (F)   42        71      1990
 MINIMUM TEMPERATURE (F)   21       -11      1993


SUNRISE AND SUNSET
NOVEMBER 25 2014......SUNRISE   659 AM MST   SUNSET   434 PM MST
NOVEMBER 26 2014......SUNRISE   700 AM MST   SUNSET   433 PM MST


-  INDICATES NEGATIVE NUMBERS.
R  INDICATES RECORD WAS SET OR TIED.
MM INDICATES DATA IS MISSING.
T  INDICATES TRACE AMOUNT.




$$
