000
CDUS45 KCYS 010728
CLICYS


CLIMATE REPORT
NATIONAL WEATHER SERVICE CHEYENNE WY
1227 AM MST SUN MAR 1 2015


...................................

...THE CHEYENNE WYOMING CLIMATE SUMMARY FOR FEBRUARY 28 2015...

CLIMATE NORMAL PERIOD 1981 TO 2010
CLIMATE RECORD PERIOD 1871 TO 2015


WEATHER ITEM   OBSERVED TIME   RECORD YEAR NORMAL DEPARTURE LAST
                VALUE   (LST)  VALUE       VALUE  FROM      YEAR
                                                  NORMAL
..................................................................
TEMPERATURE (F)
 YESTERDAY
  MAXIMUM         22    117 PM  66    2006  43    -21       46
  MINIMUM         -2    344 AM -19    1960  21    -23       21
  AVERAGE         10                        32    -22       34

PRECIPITATION (IN)
  YESTERDAY        T             0.34 1886   0.02  -0.02      T
  MONTH TO DATE    0.72                      0.47   0.25     1.15
  SINCE JAN 1      0.78                      0.80  -0.02     2.16

SNOWFALL (IN)
  YESTERDAY        T             7.0  1912   0.3   -0.3       T
  MONTH TO DATE    9.5                       7.9    1.6     19.4
  SINCE JUL 1     32.9                      36.5   -3.6     60.1
  SNOW DEPTH       1

DEGREE DAYS
 HEATING
  YESTERDAY       55                        33     22       31
  MONTH TO DATE  925                       994    -69     1180
  SINCE DEC 1   3048                      3271   -223     3500
  SINCE JUL 1   4646                      5019   -373     5204

 COOLING
  YESTERDAY        0                         0      0        0
  MONTH TO DATE    0                         0      0        0
  SINCE DEC 1      0                         0      0        0
  SINCE JAN 1      0                         0      0        0
..................................................................


WIND (MPH)
  HIGHEST WIND SPEED    16   HIGHEST WIND DIRECTION     N (350)
  HIGHEST GUST SPEED    22   HIGHEST GUST DIRECTION     N (350)
  AVERAGE WIND SPEED     7.0


SKY COVER
  AVERAGE SKY COVER 0.5


WEATHER CONDITIONS
 THE FOLLOWING WEATHER WAS RECORDED YESTERDAY.
  LIGHT SNOW
  FOG
  HAZE


RELATIVE HUMIDITY (PERCENT)
 HIGHEST    87           100 AM
 LOWEST     62          1200 PM
 AVERAGE    75

..........................................................


THE CHEYENNE WYOMING CLIMATE NORMALS FOR TODAY
                         NORMAL    RECORD    YEAR
 MAXIMUM TEMPERATURE (F)   44        67      2008
 MINIMUM TEMPERATURE (F)   21       -15      1922


SUNRISE AND SUNSET
MARCH  1 2015.........SUNRISE   634 AM MST   SUNSET   550 PM MST
MARCH  2 2015.........SUNRISE   632 AM MST   SUNSET   551 PM MST


-  INDICATES NEGATIVE NUMBERS.
R  INDICATES RECORD WAS SET OR TIED.
MM INDICATES DATA IS MISSING.
T  INDICATES TRACE AMOUNT.




$$
