000
CDUS45 KCYS 050728
CLICYS


CLIMATE REPORT
NATIONAL WEATHER SERVICE CHEYENNE WY
128 AM MDT SUN JUL 5 2015


...................................

...THE CHEYENNE WYOMING AIRPORT CLIMATE SUMMARY FOR JULY 4 2015...

CLIMATE NORMAL PERIOD 1981 TO 2010
CLIMATE RECORD PERIOD 1871 TO 2015


WEATHER ITEM   OBSERVED TIME   RECORD YEAR NORMAL DEPARTURE LAST
                VALUE   (LST)  VALUE       VALUE  FROM      YEAR
                                                  NORMAL
..................................................................
TEMPERATURE (F)
 YESTERDAY
  MAXIMUM         90    157 PM  98    1874  82      8       86
  MINIMUM         59    457 AM  33    1915  54      5       58
  AVERAGE         75                        68      7       72

PRECIPITATION (IN)
  YESTERDAY        0.01          1.14 1894   0.06  -0.05      T
  MONTH TO DATE    0.36                      0.24   0.12      T
  SINCE JAN 1     11.47                      8.55   2.92     8.94

SNOWFALL (IN)
  YESTERDAY        0.0          MM      MM   0.0    0.0      0.0
  MONTH TO DATE    0.0                       0.0    0.0      0.0
  SINCE JUL 1      0.0                       0.0    0.0      0.0
  SNOW DEPTH       0

DEGREE DAYS
 HEATING
  YESTERDAY        0                         1     -1        0
  MONTH TO DATE    0                         4     -4       13
  SINCE JUN 1     36                       138   -102      139
  SINCE JUL 1      0                         4     -4       13

 COOLING
  YESTERDAY       10                         4      6        7
  MONTH TO DATE   21                        16      5       10
  SINCE JUN 1     83                        63     20       24
  SINCE JAN 1     83                        66     17       25
..................................................................


WIND (MPH)
  HIGHEST WIND SPEED    24   HIGHEST WIND DIRECTION    SE (120)
  HIGHEST GUST SPEED    35   HIGHEST GUST DIRECTION    SE (120)
  AVERAGE WIND SPEED     7.0


SKY COVER
  AVERAGE SKY COVER 0.1


WEATHER CONDITIONS
 THE FOLLOWING WEATHER WAS RECORDED YESTERDAY.
  THUNDERSTORM
  LIGHT RAIN


RELATIVE HUMIDITY (PERCENT)
 HIGHEST    87           500 AM
 LOWEST     22           100 PM
 AVERAGE    55

..........................................................


THE CHEYENNE WYOMING AIRPORT CLIMATE NORMALS FOR TODAY
                         NORMAL    RECORD    YEAR
 MAXIMUM TEMPERATURE (F)   82        96      1989
                                             1877
 MINIMUM TEMPERATURE (F)   54        40      1897


SUNRISE AND SUNSET
JULY  5 2015..........SUNRISE   532 AM MDT   SUNSET   835 PM MDT
JULY  6 2015..........SUNRISE   533 AM MDT   SUNSET   835 PM MDT


-  INDICATES NEGATIVE NUMBERS.
R  INDICATES RECORD WAS SET OR TIED.
MM INDICATES DATA IS MISSING.
T  INDICATES TRACE AMOUNT.




$$
