000
CDUS45 KCYS 012222
CLICYS


CLIMATE REPORT
NATIONAL WEATHER SERVICE CHEYENNE WY
322 PM MST SUN FEB 1 2015


...................................

...THE CHEYENNE WYOMING CLIMATE SUMMARY FOR FEBRUARY 1 2015...
VALID AS OF 0300 PM LOCAL TIME.

CLIMATE NORMAL PERIOD 1981 TO 2010
CLIMATE RECORD PERIOD 1871 TO 2015


WEATHER ITEM   OBSERVED TIME   RECORD YEAR NORMAL DEPARTURE LAST
                VALUE   (LST)  VALUE       VALUE  FROM      YEAR
                                                  NORMAL
..................................................................
TEMPERATURE (F)
 TODAY
  MAXIMUM         25    156 PM  65    2003  39    -14       21
  MINIMUM         13    834 AM -25    1985  18     -5        3
  AVERAGE         19                        28     -9       12

PRECIPITATION (IN)
  TODAY            T             0.35 1899   0.01  -0.01     0.06
  MONTH TO DATE    T                         0.01  -0.01     0.06
  SINCE DEC 1      0.73                      0.83  -0.10     1.57
  SINCE JAN 1      0.06                      0.34  -0.28     1.07

SNOWFALL (IN)
  TODAY            T             3.5  1899   0.3   -0.3      1.1
  MONTH TO DATE    T                         0.3   -0.3      1.1
  SINCE JUL 1     23.4                      28.9   -5.5     41.8
  SNOW DEPTH       T

DEGREE DAYS
 HEATING
  TODAY           46                        37      9       53
  MONTH TO DATE   46                        37      9       53
  SINCE DEC 1   2169                      2316   -147     2373
  SINCE JUL 1   3767                      4064   -297     4077

 COOLING
  TODAY            0                         0      0        0
  MONTH TO DATE    0                         0      0        0
  SINCE DEC 1      0                         0      0        0
  SINCE JAN 1      0                         0      0        0
..................................................................


WIND (MPH)
  HIGHEST WIND SPEED    26   HIGHEST WIND DIRECTION     N (350)
  HIGHEST GUST SPEED    35   HIGHEST GUST DIRECTION     N (350)
  AVERAGE WIND SPEED    15.5


SKY COVER
  AVERAGE SKY COVER 0.8


WEATHER CONDITIONS
 THE FOLLOWING WEATHER WAS RECORDED TODAY.
  LIGHT SNOW
  FOG
  HAZE


RELATIVE HUMIDITY (PERCENT)
 HIGHEST    88           300 AM
 LOWEST     55           200 PM
 AVERAGE    72

..........................................................


THE CHEYENNE WYOMING CLIMATE NORMALS FOR TOMORROW
                         NORMAL    RECORD    YEAR
 MAXIMUM TEMPERATURE (F)   39        66      1934
 MINIMUM TEMPERATURE (F)   18       -28      1883


SUNRISE AND SUNSET
FEBRUARY  1 2015......SUNRISE   710 AM MST   SUNSET   516 PM MST
FEBRUARY  2 2015......SUNRISE   709 AM MST   SUNSET   517 PM MST


-  INDICATES NEGATIVE NUMBERS.
R  INDICATES RECORD WAS SET OR TIED.
MM INDICATES DATA IS MISSING.
T  INDICATES TRACE AMOUNT.




$$
