000
CDUS46 KSGX 041518
CLICZZ


CLIMATE REPORT
NATIONAL WEATHER SERVICE SAN DIEGO, CA
718 AM PST SUN DEC 4 2016


...................................

...THE CAMPO ASOS CA CLIMATE SUMMARY FOR DECEMBER 3 2016...

CLIMATE NORMAL PERIOD 1981 TO 2010
CLIMATE RECORD PERIOD 1948 TO 2016


WEATHER ITEM   OBSERVED TIME   RECORD YEAR NORMAL DEPARTURE LAST
                VALUE   (LST)  VALUE       VALUE  FROM      YEAR
                                                  NORMAL
..................................................................
TEMPERATURE (F)
 YESTERDAY
  MAXIMUM         63    316 PM  82    1986  64     -1       75
  MINIMUM         28    107 AM  22    1978  33     -5       34
  AVERAGE         46                        49     -3       55

PRECIPITATION (IN)
  YESTERDAY        0.00          1.18 2014   0.06  -0.06     0.00
  MONTH TO DATE    0.00                      0.17  -0.17     0.00
  SINCE OCT 1      0.94                      2.12  -1.18     1.70
  SINCE JAN 1      8.32                     13.63  -5.31     8.54

DEGREE DAYS
 HEATING
  YESTERDAY       19                        16      3       10
  MONTH TO DATE   62                        48     14       43
  SINCE DEC 1     62                        48     14       43
  SINCE JUL 1    480                       618   -138      459

 COOLING
  YESTERDAY        0                         0      0        0
  MONTH TO DATE    0                         0      0        0
  SINCE DEC 1      0                         0      0        0
  SINCE JAN 1    955                       841    114      983
..................................................................


WIND (MPH)
  RESULTANT WIND SPEED   8   RESULTANT WIND DIRECTION   E (70)
  HIGHEST WIND SPEED    24   HIGHEST WIND DIRECTION     E (70)
  HIGHEST GUST SPEED    35   HIGHEST GUST DIRECTION     N (20)
  AVERAGE WIND SPEED    10.0


SKY COVER
  POSSIBLE SUNSHINE  MM
  AVERAGE SKY COVER 0.0



RELATIVE HUMIDITY (PERCENT)
 HIGHEST    58           100 AM
 LOWEST      8           300 PM
 AVERAGE    33

..........................................................


THE CAMPO ASOS CA CLIMATE NORMALS FOR TODAY
                         NORMAL    RECORD    YEAR
 MAXIMUM TEMPERATURE (F)   64        82      2007
                                             1979
 MINIMUM TEMPERATURE (F)   33        22      1967


SUNRISE AND SUNSET
DECEMBER  4 2016......SUNRISE   633 AM PST   SUNSET   440 PM PST
DECEMBER  5 2016......SUNRISE   634 AM PST   SUNSET   440 PM PST


-  INDICATES NEGATIVE NUMBERS.
R  INDICATES RECORD WAS SET OR TIED.
MM INDICATES DATA IS MISSING.
T  INDICATES TRACE AMOUNT.




$$
