000
CDUS46 KSGX 241516
CLICZZ


CLIMATE REPORT
NATIONAL WEATHER SERVICE SAN DIEGO, CA
716 AM PST FRI FEB 24 2017


...................................

...THE CAMPO ASOS CA CLIMATE SUMMARY FOR FEBRUARY 23 2017...

CLIMATE NORMAL PERIOD 1981 TO 2010
CLIMATE RECORD PERIOD 1948 TO 2017


WEATHER ITEM   OBSERVED TIME   RECORD YEAR NORMAL DEPARTURE LAST
                VALUE   (LST)  VALUE       VALUE  FROM      YEAR
                                                  NORMAL
..................................................................
TEMPERATURE (F)
 YESTERDAY
  MAXIMUM         50    258 PM  86    1989  65    -15       67
  MINIMUM         28   1147 PM  12    1953  35     -7       43
  AVERAGE         39                        50    -11       55

PRECIPITATION (IN)
  YESTERDAY        0.00          0.84 1953   0.12  -0.12     0.00
  MONTH TO DATE    1.25                      2.65  -1.40     0.20
  SINCE OCT 1     13.14                      9.85   3.29     6.75
  SINCE JAN 1      7.91                      5.63   2.28     3.80

DEGREE DAYS
 HEATING
  YESTERDAY       26                        15     11       10
  MONTH TO DATE  367                       361      6      257
  SINCE DEC 1   1385                      1407    -22     1417
  SINCE JUL 1   1803                      1977   -174     1833

 COOLING
  YESTERDAY        0                         0      0        0
  MONTH TO DATE    0                         0      0        0
  SINCE DEC 1      0                         0      0        0
  SINCE JAN 1      0                         0      0        0
..................................................................


WIND (MPH)
  RESULTANT WIND SPEED   8   RESULTANT WIND DIRECTION   W (260)
  HIGHEST WIND SPEED    18   HIGHEST WIND DIRECTION    SW (240)
  HIGHEST GUST SPEED    24   HIGHEST GUST DIRECTION     W (290)
  AVERAGE WIND SPEED     8.9


SKY COVER
  POSSIBLE SUNSHINE  MM
  AVERAGE SKY COVER 0.0



RELATIVE HUMIDITY (PERCENT)
 HIGHEST   100          1100 PM
 LOWEST     56           300 PM
 AVERAGE    78

..........................................................


THE CAMPO ASOS CA CLIMATE NORMALS FOR TODAY
                         NORMAL    RECORD    YEAR
 MAXIMUM TEMPERATURE (F)   65        85      1989
 MINIMUM TEMPERATURE (F)   35        19      1964


SUNRISE AND SUNSET
FEBRUARY 24 2017......SUNRISE   619 AM PST   SUNSET   539 PM PST
FEBRUARY 25 2017......SUNRISE   618 AM PST   SUNSET   540 PM PST


-  INDICATES NEGATIVE NUMBERS.
R  INDICATES RECORD WAS SET OR TIED.
MM INDICATES DATA IS MISSING.
T  INDICATES TRACE AMOUNT.




$$
