000
CDUS46 KSGX 201140
CLICZZ


CLIMATE REPORT
NATIONAL WEATHER SERVICE SAN DIEGO, CA
430 AM PDT FRI OCT 20 2017


...................................

...THE CAMPO ASOS CA CLIMATE SUMMARY FOR OCTOBER 19 2017...

CLIMATE NORMAL PERIOD 1981 TO 2010
CLIMATE RECORD PERIOD 1948 TO 2017


WEATHER ITEM   OBSERVED TIME   RECORD YEAR NORMAL DEPARTURE LAST
                VALUE   (LST)  VALUE       VALUE  FROM      YEAR
                                                  NORMAL
..................................................................
TEMPERATURE (F)
 YESTERDAY
  MAXIMUM         78   1222 PM  96    2003  78      0       81
  MINIMUM         43    614 AM  29    1969  41      2       45
  AVERAGE         61                        60      1       63

PRECIPITATION (IN)
  YESTERDAY        0.00          2.14 2010   0.03  -0.03     0.00
  MONTH TO DATE    0.00                      0.45  -0.45     0.00
  SINCE OCT 1      0.00                      0.45  -0.45     0.00
  SINCE JAN 1     11.72                     11.96  -0.24     7.38

DEGREE DAYS
 HEATING
  YESTERDAY        4                         6     -2        2
  MONTH TO DATE   60                        78    -18       77
  SINCE SEP 1    130                       114     16      114
  SINCE JUL 1    134                       128      6      114

 COOLING
  YESTERDAY        0                         1     -1        0
  MONTH TO DATE   26                        26      0        9
  SINCE SEP 1    162                       187    -25      112
  SINCE JAN 1   1039                       837    202      932
..................................................................


WIND (MPH)
  RESULTANT WIND SPEED   3   RESULTANT WIND DIRECTION  SW (230)
  HIGHEST WIND SPEED    22   HIGHEST WIND DIRECTION    SW (230)
  HIGHEST GUST SPEED    25   HIGHEST GUST DIRECTION    SW (220)
  AVERAGE WIND SPEED     7.3


SKY COVER
  POSSIBLE SUNSHINE  MM
  AVERAGE SKY COVER 0.0



RELATIVE HUMIDITY (PERCENT)
 HIGHEST    93          1100 PM
 LOWEST     17          1100 AM
 AVERAGE    55

..........................................................


THE CAMPO ASOS CA CLIMATE NORMALS FOR TODAY
                         NORMAL    RECORD    YEAR
 MAXIMUM TEMPERATURE (F)   78        94      2003
 MINIMUM TEMPERATURE (F)   41        31      1969


SUNRISE AND SUNSET
OCTOBER 20 2017.......SUNRISE   654 AM PDT   SUNSET   607 PM PDT
OCTOBER 21 2017.......SUNRISE   655 AM PDT   SUNSET   606 PM PDT


-  INDICATES NEGATIVE NUMBERS.
R  INDICATES RECORD WAS SET OR TIED.
MM INDICATES DATA IS MISSING.
T  INDICATES TRACE AMOUNT.




$$
