000
CDUS46 KSGX 241507
CLICZZ


CLIMATE REPORT
NATIONAL WEATHER SERVICE SAN DIEGO, CA
756 AM PDT SAT SEP 24 2016


...................................

...THE CAMPO ASOS CA CLIMATE SUMMARY FOR SEPTEMBER 23 2016...

CLIMATE NORMAL PERIOD 1981 TO 2010
CLIMATE RECORD PERIOD 1948 TO 2016


WEATHER ITEM   OBSERVED TIME   RECORD YEAR NORMAL DEPARTURE LAST
                VALUE   (LST)  VALUE       VALUE  FROM      YEAR
                                                  NORMAL
..................................................................
TEMPERATURE (F)
 YESTERDAY
  MAXIMUM         76    300 PM 100    1992  87    -11       93
  MINIMUM         49        MM  35    2010  47      2       51
  AVERAGE         63                        67     -4       72

PRECIPITATION (IN)
  YESTERDAY        0.00          0.11 1987   0.01  -0.01     0.00
  MONTH TO DATE    1.00                      0.26   0.74     0.59
  SINCE OCT 1     10.32                     15.65  -5.33    10.71
  SINCE JAN 1      7.37                     11.43  -4.06     6.84

DEGREE DAYS
 HEATING
  YESTERDAY        2                         2      0        0
  MONTH TO DATE   37                        23     14        4
  SINCE SEP 1     37                        23     14        4
  SINCE JUL 1     37                        37      0       14

 COOLING
  YESTERDAY        0                         4     -4        7
  MONTH TO DATE   72                       139    -67      151
  SINCE SEP 1     72                       139    -67      151
  SINCE JAN 1    892                       789    103      841
..................................................................


WIND (MPH)
  RESULTANT WIND SPEED   7   RESULTANT WIND DIRECTION  NE (60)
  HIGHEST WIND SPEED    20   HIGHEST WIND DIRECTION    NE (60)
  HIGHEST GUST SPEED    27   HIGHEST GUST DIRECTION     E (70)
  AVERAGE WIND SPEED     7.7


SKY COVER
  POSSIBLE SUNSHINE  MM
  AVERAGE SKY COVER 0.0



RELATIVE HUMIDITY (PERCENT)
 HIGHEST    54           900 PM
 LOWEST     14           400 PM
 AVERAGE    34

..........................................................


THE CAMPO ASOS CA CLIMATE NORMALS FOR TODAY
                         NORMAL    RECORD    YEAR
 MAXIMUM TEMPERATURE (F)   87        98      2002
 MINIMUM TEMPERATURE (F)   47        35      2007


SUNRISE AND SUNSET
SEPTEMBER 24 2016.....SUNRISE   636 AM PDT   SUNSET   639 PM PDT
SEPTEMBER 25 2016.....SUNRISE   636 AM PDT   SUNSET   638 PM PDT


-  INDICATES NEGATIVE NUMBERS.
R  INDICATES RECORD WAS SET OR TIED.
MM INDICATES DATA IS MISSING.
T  INDICATES TRACE AMOUNT.




$$
