000
CDUS46 KSGX 021417
CLICZZ


CLIMATE REPORT
NATIONAL WEATHER SERVICE SAN DIEGO, CA
716 AM PDT WED SEP 2 2015


...................................

...THE CAMPO ASOS CA CLIMATE SUMMARY FOR SEPTEMBER 1 2015...

CLIMATE NORMAL PERIOD 1981 TO 2010
CLIMATE RECORD PERIOD 1948 TO 2015


WEATHER ITEM   OBSERVED TIME   RECORD YEAR NORMAL DEPARTURE LAST
                VALUE   (LST)  VALUE       VALUE  FROM      YEAR
                                                  NORMAL
..................................................................
TEMPERATURE (F)
 YESTERDAY
  MAXIMUM         85    153 PM 107    1950  94     -9       94
  MINIMUM         48    140 AM  36    1964  52     -4       50
  AVERAGE         67                        72     -5       72

PRECIPITATION (IN)
  YESTERDAY        0.00          0.25 1991   0.01  -0.01     0.00
  MONTH TO DATE    0.00                      0.01  -0.01     0.00
  SINCE OCT 1     10.12                     15.40  -5.28     5.63
  SINCE JAN 1      6.25                     11.18  -4.93     3.38

DEGREE DAYS
 HEATING
  YESTERDAY        0                         0      0        0
  MONTH TO DATE    0                         0      0        0
  SINCE SEP 1      0                         0      0        0
  SINCE JUL 1     10                        14     -4        2

 COOLING
  YESTERDAY        2                         8     -6        7
  MONTH TO DATE    2                         8     -6        7
  SINCE SEP 1      2                         8     -6        7
  SINCE JAN 1    692                       658     34      639
..................................................................


WIND (MPH)
  RESULTANT WIND SPEED   3   RESULTANT WIND DIRECTION   S (200)
  HIGHEST WIND SPEED    18   HIGHEST WIND DIRECTION    SW (210)
  HIGHEST GUST SPEED    23   HIGHEST GUST DIRECTION    SW (210)
  AVERAGE WIND SPEED     7.5


SKY COVER
  POSSIBLE SUNSHINE  MM
  AVERAGE SKY COVER 0.0



RELATIVE HUMIDITY (PERCENT)
 HIGHEST    83          1100 PM
 LOWEST     22          1000 AM
 AVERAGE    53

..........................................................


THE CAMPO ASOS CA CLIMATE NORMALS FOR TODAY
                         NORMAL    RECORD    YEAR
 MAXIMUM TEMPERATURE (F)   93       107      1982
 MINIMUM TEMPERATURE (F)   51        30      1973


SUNRISE AND SUNSET
SEPTEMBER  2 2015.....SUNRISE   621 AM PDT   SUNSET   709 PM PDT
SEPTEMBER  3 2015.....SUNRISE   622 AM PDT   SUNSET   708 PM PDT


-  INDICATES NEGATIVE NUMBERS.
R  INDICATES RECORD WAS SET OR TIED.
MM INDICATES DATA IS MISSING.
T  INDICATES TRACE AMOUNT.




$$
