000
CDUS46 KSGX 221419
CLICZZ


CLIMATE REPORT
NATIONAL WEATHER SERVICE SAN DIEGO, CA
619 AM PST SAT NOV 22 2014


...................................

...THE CAMPO ASOS CA CLIMATE SUMMARY FOR NOVEMBER 21 2014...

CLIMATE NORMAL PERIOD 1981 TO 2010
CLIMATE RECORD PERIOD 1948 TO 2014


WEATHER ITEM   OBSERVED TIME   RECORD YEAR NORMAL DEPARTURE LAST
                VALUE   (LST)  VALUE       VALUE  FROM      YEAR
                                                  NORMAL
..................................................................
TEMPERATURE (F)
 YESTERDAY
  MAXIMUM         61    309 PM  83    1998  68     -7       56
  MINIMUM         36   1159 PM  16    1979  35      1       50
  AVERAGE         49                        52     -3       53

PRECIPITATION (IN)
  YESTERDAY        0.12          0.80 1983   0.04   0.08     0.27
  MONTH TO DATE    0.26                      0.67  -0.41     0.27
  SINCE JUL 1      2.29                      2.85  -0.56     3.11
  SINCE JAN 1      5.05                     13.00  -7.95     7.89

SNOWFALL (IN)
  YESTERDAY        0.0
  MONTH TO DATE    0.0
  SINCE JAN 1      0.0
  SINCE JUL 1      0.0
  SNOW DEPTH       0

DEGREE DAYS
 HEATING
  YESTERDAY       16                        14      2       12
  MONTH TO DATE  204                       227    -23      210
  SINCE SEP 1    290                       423   -133      491
  SINCE JUL 1    292                       437   -145      493

 COOLING
  YESTERDAY        0                         0      0        0
  MONTH TO DATE    0                         0      0        0
  SINCE SEP 1    268                       189     79      192
  SINCE JAN 1    900                       839     61      909
..................................................................


WIND (MPH)
  RESULTANT WIND SPEED   4   RESULTANT WIND DIRECTION   W (250)
  HIGHEST WIND SPEED    18   HIGHEST WIND DIRECTION    SW (220)
  HIGHEST GUST SPEED    25   HIGHEST GUST DIRECTION    SW (220)
  AVERAGE WIND SPEED     7.1


SKY COVER
  POSSIBLE SUNSHINE  MM
  AVERAGE SKY COVER 0.0



RELATIVE HUMIDITY (PERCENT)
 HIGHEST   100          1000 PM
 LOWEST     51           300 PM
 AVERAGE    76

..........................................................


THE CAMPO ASOS CA CLIMATE NORMALS FOR TODAY
                         NORMAL    RECORD    YEAR
 MAXIMUM TEMPERATURE (F)   68        84      2002
 MINIMUM TEMPERATURE (F)   35        21      2000


SUNRISE AND SUNSET
NOVEMBER 22 2014......SUNRISE   622 AM PST   SUNSET   442 PM PST
NOVEMBER 23 2014......SUNRISE   623 AM PST   SUNSET   441 PM PST


-  INDICATES NEGATIVE NUMBERS.
R  INDICATES RECORD WAS SET OR TIED.
MM INDICATES DATA IS MISSING.
T  INDICATES TRACE AMOUNT.




$$
