000
CDUS46 KSGX 241232
CLICZZ


CLIMATE REPORT
NATIONAL WEATHER SERVICE SAN DIEGO, CA
432 AM PST SAT FEB 24 2018


...................................

...THE CAMPO ASOS CA CLIMATE SUMMARY FOR FEBRUARY 23 2018...

CLIMATE NORMAL PERIOD 1981 TO 2010
CLIMATE RECORD PERIOD 1948 TO 2018


WEATHER ITEM   OBSERVED TIME   RECORD YEAR NORMAL DEPARTURE LAST
                VALUE   (LST)  VALUE       VALUE  FROM      YEAR
                                                  NORMAL
..................................................................
TEMPERATURE (F)
 YESTERDAY
  MAXIMUM         46    316 PM  86    1989  65    -19       50
  MINIMUM         25   1159 PM  12    1953  35    -10       28
  AVERAGE         36                        50    -14       39

PRECIPITATION (IN)
  YESTERDAY        0.09          0.84 1953   0.12  -0.03     0.00
  MONTH TO DATE    0.23                      2.65  -2.42     1.25
  SINCE OCT 1      2.74                      9.85  -7.11    13.14
  SINCE JAN 1      2.39                      5.63  -3.24     7.91

DEGREE DAYS
 HEATING
  YESTERDAY       29                        15     14       26
  MONTH TO DATE  354                       361     -7      367
  SINCE DEC 1   1094                      1407   -313     1385
  SINCE JUL 1   1490                      1977   -487     1803

 COOLING
  YESTERDAY        0                         0      0        0
  MONTH TO DATE    0                         0      0        0
  SINCE DEC 1      0                         0      0        0
  SINCE JAN 1      0                         0      0        0
..................................................................


WIND (MPH)
  RESULTANT WIND SPEED  11   RESULTANT WIND DIRECTION   W (250)
  HIGHEST WIND SPEED    30   HIGHEST WIND DIRECTION     W (250)
  HIGHEST GUST SPEED    37   HIGHEST GUST DIRECTION     W (260)
  AVERAGE WIND SPEED    12.3


SKY COVER
  POSSIBLE SUNSHINE  MM
  AVERAGE SKY COVER 0.0



RELATIVE HUMIDITY (PERCENT)
 HIGHEST    93           100 AM
 LOWEST     40           400 PM
 AVERAGE    67

..........................................................


THE CAMPO ASOS CA CLIMATE NORMALS FOR TODAY
                         NORMAL    RECORD    YEAR
 MAXIMUM TEMPERATURE (F)   65        85      1989
 MINIMUM TEMPERATURE (F)   35        19      1964


SUNRISE AND SUNSET
FEBRUARY 24 2018......SUNRISE   619 AM PST   SUNSET   539 PM PST
FEBRUARY 25 2018......SUNRISE   618 AM PST   SUNSET   540 PM PST


-  INDICATES NEGATIVE NUMBERS.
R  INDICATES RECORD WAS SET OR TIED.
MM INDICATES DATA IS MISSING.
T  INDICATES TRACE AMOUNT.




$$
