000
CDUS43 KUNR 180832
CLID07


CLIMATE REPORT
NATIONAL WEATHER SERVICE RAPID CITY SD
231 AM MDT FRI APR 18 2014


...................................

...THE FAITH SD CLIMATE SUMMARY FOR APRIL 17 2014...

CLIMATE NORMAL PERIOD 1981 TO 2010
CLIMATE RECORD PERIOD 9999 TO 9999


WEATHER ITEM   OBSERVED TIME   NORMAL DEPARTURE LAST
                VALUE   (LST)  VALUE  FROM      YEAR
                                      NORMAL
......................................................
TEMPERATURE (F)
 YESTERDAY
  MAXIMUM         48    436 PM  58    -10       32
  MINIMUM         27    529 AM  33     -6       24
  AVERAGE         38            46     -8       28

PRECIPITATION (IN)
  YESTERDAY        0.00          0.06  -0.06     0.08
  MONTH TO DATE    0.17          0.70  -0.53     0.78
  SINCE MAR 1      1.36          1.68  -0.32     1.21
  SINCE JAN 1      2.26          2.30  -0.04     1.78

DEGREE DAYS
 HEATING
  YESTERDAY       27            20      7       37
  MONTH TO DATE  447           391     56      531
  SINCE MAR 1   1565          1394    171     1597
  SINCE JUL 1   7651          7082    569     6940

 COOLING
  YESTERDAY        0             0      0        0
  MONTH TO DATE    0             0      0        0
  SINCE MAR 1      0             0      0        0
  SINCE JAN 1      0             0      0        0
......................................................


WIND (MPH)
  HIGHEST WIND SPEED    30   HIGHEST WIND DIRECTION     S (160)
  HIGHEST GUST SPEED    38   HIGHEST GUST DIRECTION    SE (150)
  AVERAGE WIND SPEED    18.4




RELATIVE HUMIDITY (PERCENT)
 HIGHEST    75          1200 AM
 LOWEST     45           100 PM
 AVERAGE    60

..........................................................




SUNRISE AND SUNSET
APRIL 18 2014.........SUNRISE   558 AM MDT   SUNSET   737 PM MDT
APRIL 19 2014.........SUNRISE   556 AM MDT   SUNSET   739 PM MDT


-  INDICATES NEGATIVE NUMBERS.
R  INDICATES RECORD WAS SET OR TIED.
MM INDICATES DATA IS MISSING.
T  INDICATES TRACE AMOUNT.




$$
