845
CDUS43 KUNR 220850
CLID07


CLIMATE REPORT
NATIONAL WEATHER SERVICE RAPID CITY SD
246 AM MDT FRI MAY 22 2015


...................................

...THE FAITH SD CLIMATE SUMMARY FOR MAY 21 2015...

CLIMATE NORMAL PERIOD 1981 TO 2010
CLIMATE RECORD PERIOD 9999 TO 9999


WEATHER ITEM   OBSERVED TIME   NORMAL DEPARTURE LAST
                VALUE   (LST)  VALUE  FROM      YEAR
                                      NORMAL
......................................................
TEMPERATURE (F)
 YESTERDAY
  MAXIMUM         68    348 PM  68      0       68
  MINIMUM         39    457 AM  45     -6       41
  AVERAGE         54            56     -2       55

PRECIPITATION (IN)
  YESTERDAY        0.00          0.11  -0.11     0.00
  MONTH TO DATE    3.78          2.05   1.73     0.90
  SINCE MAR 1      4.43          4.66  -0.23     2.97
  SINCE JAN 1      4.86          5.28  -0.42     3.87

DEGREE DAYS
 HEATING
  YESTERDAY       11             9      2       10
  MONTH TO DATE  299           244     55      336
  SINCE MAR 1   1564          1855   -291     2062
  SINCE JUL 1   7063          7543   -480     8148

 COOLING
  YESTERDAY        0             0      0        0
  MONTH TO DATE    0             0      0        0
  SINCE MAR 1      2             1      1        0
  SINCE JAN 1      2             1      1        0
......................................................


WIND (MPH)
  HIGHEST WIND SPEED    15   HIGHEST WIND DIRECTION    SE (140)
  HIGHEST GUST SPEED    23   HIGHEST GUST DIRECTION    SE (120)
  AVERAGE WIND SPEED     9.0




RELATIVE HUMIDITY (PERCENT)
 HIGHEST    70           400 AM
 LOWEST     22           300 PM
 AVERAGE    46

..........................................................




SUNRISE AND SUNSET
MAY 22 2015...........SUNRISE   512 AM MDT   SUNSET   818 PM MDT
MAY 23 2015...........SUNRISE   511 AM MDT   SUNSET   819 PM MDT


-  INDICATES NEGATIVE NUMBERS.
R  INDICATES RECORD WAS SET OR TIED.
MM INDICATES DATA IS MISSING.
T  INDICATES TRACE AMOUNT.




$$
