000
CDUS43 KUNR 200850
CLID07


CLIMATE REPORT
NATIONAL WEATHER SERVICE RAPID CITY SD
148 AM MST FRI JAN 20 2017


...................................

...THE FAITH SD CLIMATE SUMMARY FOR JANUARY 19 2017...

CLIMATE NORMAL PERIOD 1981 TO 2010
CLIMATE RECORD PERIOD 9999 TO 9999


WEATHER ITEM   OBSERVED TIME   NORMAL DEPARTURE LAST
                VALUE   (LST)  VALUE  FROM      YEAR
                                      NORMAL
......................................................
TEMPERATURE (F)
 YESTERDAY
  MAXIMUM         30    357 PM  30      0       26
  MINIMUM         14    712 AM  11      3        8
  AVERAGE         22            20      2       17

PRECIPITATION (IN)
  YESTERDAY        0.00          0.00   0.00     0.00
  MONTH TO DATE    0.45          0.11   0.34     0.16
  SINCE DEC 1      0.89          0.51   0.38     0.69
  SINCE JAN 1      0.45          0.11   0.34     0.16

DEGREE DAYS
 HEATING
  YESTERDAY       43            45     -2       48
  MONTH TO DATE 1096           855    241      923
  SINCE DEC 1   2578          2215    363     2192
  SINCE JUL 1   3829          3998   -169     3578

 COOLING
  YESTERDAY        0             0      0        0
  MONTH TO DATE    0             0      0        0
  SINCE DEC 1      0             0      0        0
  SINCE JAN 1      0             0      0        0
......................................................


WIND (MPH)
  HIGHEST WIND SPEED    10   HIGHEST WIND DIRECTION     W (290)
  HIGHEST GUST SPEED    11   HIGHEST GUST DIRECTION    NW (310)
  AVERAGE WIND SPEED     5.0




RELATIVE HUMIDITY (PERCENT)
 HIGHEST    92           100 AM
 LOWEST     69           400 PM
 AVERAGE    81

..........................................................




SUNRISE AND SUNSET
JANUARY 20 2017.......SUNRISE   719 AM MST   SUNSET   440 PM MST
JANUARY 21 2017.......SUNRISE   718 AM MST   SUNSET   441 PM MST


-  INDICATES NEGATIVE NUMBERS.
R  INDICATES RECORD WAS SET OR TIED.
MM INDICATES DATA IS MISSING.
T  INDICATES TRACE AMOUNT.




$$
