000
CDUS43 KUNR 300835
CLID07


CLIMATE REPORT
NATIONAL WEATHER SERVICE RAPID CITY SD
233 AM MDT TUE JUN 30 2015


...................................

...THE FAITH SD CLIMATE SUMMARY FOR JUNE 29 2015...

CLIMATE NORMAL PERIOD 1981 TO 2010
CLIMATE RECORD PERIOD 9999 TO 9999


WEATHER ITEM   OBSERVED TIME   NORMAL DEPARTURE LAST
                VALUE   (LST)  VALUE  FROM      YEAR
                                      NORMAL
......................................................
TEMPERATURE (F)
 YESTERDAY
  MAXIMUM         92    530 PM  83      9       76
  MINIMUM         60    229 AM  57      3       52
  AVERAGE         76            70      6       64

PRECIPITATION (IN)
  YESTERDAY        0.00          0.13  -0.13     0.00
  MONTH TO DATE    2.59          2.97  -0.38     5.93
  SINCE JUN 1      2.59          2.97  -0.38     5.93
  SINCE JAN 1      9.83          9.27   0.56    10.51

DEGREE DAYS
 HEATING
  YESTERDAY        0             1     -1        1
  MONTH TO DATE   34            88    -54      103
  SINCE JUN 1     34            88    -54      103
  SINCE JUL 1   7179          7707   -528     8256

 COOLING
  YESTERDAY       11             6      5        0
  MONTH TO DATE   89            82      7       22
  SINCE JUN 1     89            82      7       22
  SINCE JAN 1     91            94     -3       52
......................................................


WIND (MPH)
  HIGHEST WIND SPEED    13   HIGHEST WIND DIRECTION     S (200)
  HIGHEST GUST SPEED    16   HIGHEST GUST DIRECTION    NW (320)
  AVERAGE WIND SPEED     6.6




RELATIVE HUMIDITY (PERCENT)
 HIGHEST    78           200 AM
 LOWEST     29           100 PM
 AVERAGE    54

..........................................................




SUNRISE AND SUNSET
JUNE 30 2015..........SUNRISE   504 AM MDT   SUNSET   839 PM MDT
JULY  1 2015..........SUNRISE   505 AM MDT   SUNSET   839 PM MDT


-  INDICATES NEGATIVE NUMBERS.
R  INDICATES RECORD WAS SET OR TIED.
MM INDICATES DATA IS MISSING.
T  INDICATES TRACE AMOUNT.




$$
