000
CDUS43 KUNR 240831
CLID07


CLIMATE REPORT
NATIONAL WEATHER SERVICE RAPID CITY SD
131 AM MST MON NOV 24 2014


...................................

...THE FAITH SD CLIMATE SUMMARY FOR NOVEMBER 23 2014...

CLIMATE NORMAL PERIOD 1981 TO 2010
CLIMATE RECORD PERIOD 9999 TO 9999


WEATHER ITEM   OBSERVED TIME   NORMAL DEPARTURE LAST
                VALUE   (LST)  VALUE  FROM      YEAR
                                      NORMAL
......................................................
TEMPERATURE (F)
 YESTERDAY
  MAXIMUM         40   1228 AM  38      2       27
  MINIMUM         20   1159 PM  18      2        8
  AVERAGE         30            28      2       18

PRECIPITATION (IN)
  YESTERDAY        0.01          0.00   0.01     0.00
  MONTH TO DATE    0.29          0.50  -0.21     0.22
  SINCE SEP 1      1.97          3.41  -1.44     3.96
  SINCE JAN 1     18.48         17.23   1.25    16.33

DEGREE DAYS
 HEATING
  YESTERDAY       35            37     -2       47
  MONTH TO DATE  883           710    173      724
  SINCE SEP 1   1535          1476     59     1491
  SINCE JUL 1   1578          1509     69     1506

 COOLING
  YESTERDAY        0             0      0        0
  MONTH TO DATE    0             0      0        0
  SINCE SEP 1     46            60    -14      130
  SINCE JAN 1    445           635   -190      720
......................................................


WIND (MPH)
  HIGHEST WIND SPEED    44   HIGHEST WIND DIRECTION    NW (310)
  HIGHEST GUST SPEED    52   HIGHEST GUST DIRECTION    NW (300)
  AVERAGE WIND SPEED    24.2




RELATIVE HUMIDITY (PERCENT)
 HIGHEST    85           100 AM
 LOWEST     54          1200 PM
 AVERAGE    70

..........................................................




SUNRISE AND SUNSET
NOVEMBER 24 2014......SUNRISE   658 AM MST   SUNSET   412 PM MST
NOVEMBER 25 2014......SUNRISE   659 AM MST   SUNSET   411 PM MST


-  INDICATES NEGATIVE NUMBERS.
R  INDICATES RECORD WAS SET OR TIED.
MM INDICATES DATA IS MISSING.
T  INDICATES TRACE AMOUNT.




$$
