000
CDUS43 KUNR 300838
CLID07


CLIMATE REPORT
NATIONAL WEATHER SERVICE RAPID CITY SD
235 AM MDT MON MAR 30 2015


...................................

...THE FAITH SD CLIMATE SUMMARY FOR MARCH 29 2015...

CLIMATE NORMAL PERIOD 1981 TO 2010
CLIMATE RECORD PERIOD 9999 TO 9999


WEATHER ITEM   OBSERVED TIME   NORMAL DEPARTURE LAST
                VALUE   (LST)  VALUE  FROM      YEAR
                                      NORMAL
......................................................
TEMPERATURE (F)
 YESTERDAY
  MAXIMUM         63    429 PM  49     14       64
  MINIMUM         38    629 AM  26     12       22
  AVERAGE         51            37     14       43

PRECIPITATION (IN)
  YESTERDAY        0.00          0.05  -0.05     0.00
  MONTH TO DATE    0.15          0.89  -0.74     1.02
  SINCE MAR 1      0.15          0.89  -0.74     1.02
  SINCE JAN 1      0.58          1.51  -0.93     1.92

DEGREE DAYS
 HEATING
  YESTERDAY       14            28    -14       22
  MONTH TO DATE  710           951   -241     1050
  SINCE MAR 1    710           951   -241     1050
  SINCE JUL 1   6209          6639   -430     7136

 COOLING
  YESTERDAY        0             0      0        0
  MONTH TO DATE    2             0      2        0
  SINCE MAR 1      2             0      2        0
  SINCE JAN 1      2             0      2        0
......................................................


WIND (MPH)
  HIGHEST WIND SPEED    48   HIGHEST WIND DIRECTION    NW (310)
  HIGHEST GUST SPEED    63   HIGHEST GUST DIRECTION    NW (320)
  AVERAGE WIND SPEED    19.7




RELATIVE HUMIDITY (PERCENT)
 HIGHEST    82           300 AM
 LOWEST     25           400 PM
 AVERAGE    54

..........................................................




SUNRISE AND SUNSET
MARCH 30 2015.........SUNRISE   633 AM MDT   SUNSET   713 PM MDT
MARCH 31 2015.........SUNRISE   631 AM MDT   SUNSET   714 PM MDT


-  INDICATES NEGATIVE NUMBERS.
R  INDICATES RECORD WAS SET OR TIED.
MM INDICATES DATA IS MISSING.
T  INDICATES TRACE AMOUNT.




$$
