000
CDUS43 KUNR 310839
CLID07


CLIMATE REPORT
NATIONAL WEATHER SERVICE RAPID CITY SD
238 AM MDT MON AUG 31 2015


...................................

...THE FAITH SD CLIMATE SUMMARY FOR AUGUST 30 2015...

CLIMATE NORMAL PERIOD 1981 TO 2010
CLIMATE RECORD PERIOD 9999 TO 9999


WEATHER ITEM   OBSERVED TIME   NORMAL DEPARTURE LAST
                VALUE   (LST)  VALUE  FROM      YEAR
                                      NORMAL
......................................................
TEMPERATURE (F)
 YESTERDAY
  MAXIMUM         96    323 PM  82     14       79
  MINIMUM         58    538 AM  55      3       53
  AVERAGE         77            68      9       66

PRECIPITATION (IN)
  YESTERDAY        0.00          0.05  -0.05     0.03
  MONTH TO DATE    2.51          1.57   0.94     5.54
  SINCE JUN 1      5.73          7.46  -1.73    11.90
  SINCE JAN 1     12.97         13.76  -0.79    16.48

DEGREE DAYS
 HEATING
  YESTERDAY        0             2     -2        0
  MONTH TO DATE   29            16     13       22
  SINCE JUN 1     63           118    -55      144
  SINCE JUL 1     29            28      1       39

 COOLING
  YESTERDAY       12             5      7        1
  MONTH TO DATE  220           226     -6      171
  SINCE JUN 1    572           559     13      369
  SINCE JAN 1    574           571      3      399
......................................................


WIND (MPH)
  HIGHEST WIND SPEED    33   HIGHEST WIND DIRECTION    SW (240)
  HIGHEST GUST SPEED    42   HIGHEST GUST DIRECTION    SW (240)
  AVERAGE WIND SPEED    12.5




RELATIVE HUMIDITY (PERCENT)
 HIGHEST    67           500 AM
 LOWEST     22           300 PM
 AVERAGE    45

..........................................................




SUNRISE AND SUNSET
AUGUST 31 2015........SUNRISE   609 AM MDT   SUNSET   727 PM MDT
SEPTEMBER  1 2015.....SUNRISE   610 AM MDT   SUNSET   726 PM MDT


-  INDICATES NEGATIVE NUMBERS.
R  INDICATES RECORD WAS SET OR TIED.
MM INDICATES DATA IS MISSING.
T  INDICATES TRACE AMOUNT.




$$
