000
CDUS43 KUNR 170831
CLID07


CLIMATE REPORT
NATIONAL WEATHER SERVICE RAPID CITY SD
131 AM MST FRI NOV 17 2017


...................................

...THE FAITH SD CLIMATE SUMMARY FOR NOVEMBER 16 2017...

CLIMATE NORMAL PERIOD 1981 TO 2010
CLIMATE RECORD PERIOD 9999 TO 9999


WEATHER ITEM   OBSERVED TIME   NORMAL DEPARTURE LAST
                VALUE   (LST)  VALUE  FROM      YEAR
                                      NORMAL
......................................................
TEMPERATURE (F)
 YESTERDAY
  MAXIMUM         45    652 PM  42      3       60
  MINIMUM         18    518 AM  21     -3       35
  AVERAGE         32            32      0       48

PRECIPITATION (IN)
  YESTERDAY        0.00          0.00   0.00     0.00
  MONTH TO DATE    0.09          0.47  -0.38     0.00
  SINCE SEP 1      1.24          3.38  -2.14     2.04
  SINCE JAN 1      9.71         17.20  -7.49    13.66

DEGREE DAYS
 HEATING
  YESTERDAY       33            33      0       17
  MONTH TO DATE  548           462     86      215
  SINCE SEP 1   1275          1228     47      747
  SINCE JUL 1   1287          1261     26      776

 COOLING
  YESTERDAY        0             0      0        0
  MONTH TO DATE    0             0      0        0
  SINCE SEP 1     92            60     32       48
  SINCE JAN 1    756           635    121      734
......................................................


WIND (MPH)
  HIGHEST WIND SPEED    26   HIGHEST WIND DIRECTION    SE (130)
  HIGHEST GUST SPEED    32   HIGHEST GUST DIRECTION    SE (130)
  AVERAGE WIND SPEED    14.6




RELATIVE HUMIDITY (PERCENT)
 HIGHEST   100           500 AM
 LOWEST     53           100 PM
 AVERAGE    77

..........................................................




SUNRISE AND SUNSET
NOVEMBER 17 2017......SUNRISE   649 AM MST   SUNSET   417 PM MST
NOVEMBER 18 2017......SUNRISE   650 AM MST   SUNSET   416 PM MST


-  INDICATES NEGATIVE NUMBERS.
R  INDICATES RECORD WAS SET OR TIED.
MM INDICATES DATA IS MISSING.
T  INDICATES TRACE AMOUNT.




$$
