000
CDUS43 KUNR 120837
CLID07


CLIMATE REPORT
NATIONAL WEATHER SERVICE RAPID CITY SD
137 AM MST FRI FEB 12 2016


...................................

...THE FAITH SD CLIMATE SUMMARY FOR FEBRUARY 11 2016...

CLIMATE NORMAL PERIOD 1981 TO 2010
CLIMATE RECORD PERIOD 9999 TO 9999


WEATHER ITEM   OBSERVED TIME   NORMAL DEPARTURE LAST
                VALUE   (LST)  VALUE  FROM      YEAR
                                      NORMAL
......................................................
TEMPERATURE (F)
 YESTERDAY
  MAXIMUM         34    321 PM  32      2       29
  MINIMUM         24   1029 PM  13     11        3
  AVERAGE         29            22      7       16

PRECIPITATION (IN)
  YESTERDAY        0.01          0.01   0.00     0.00
  MONTH TO DATE    0.04          0.19  -0.15     0.11
  SINCE DEC 1      0.83          0.79   0.04     0.56
  SINCE JAN 1      0.30          0.39  -0.09     0.28

DEGREE DAYS
 HEATING
  YESTERDAY       36            42     -6       49
  MONTH TO DATE  385           477    -92      413
  SINCE DEC 1   3021          3223   -202     2846
  SINCE JUL 1   4407          5006   -599     4722

 COOLING
  YESTERDAY        0             0      0        0
  MONTH TO DATE    0             0      0        0
  SINCE DEC 1      0             0      0        0
  SINCE JAN 1      0             0      0        0
......................................................


WIND (MPH)
  HIGHEST WIND SPEED    17   HIGHEST WIND DIRECTION     S (180)
  HIGHEST GUST SPEED    20   HIGHEST GUST DIRECTION     S (180)
  AVERAGE WIND SPEED     9.4




RELATIVE HUMIDITY (PERCENT)
 HIGHEST    92           500 AM
 LOWEST     75          1200 PM
 AVERAGE    84

..........................................................




SUNRISE AND SUNSET
FEBRUARY 12 2016......SUNRISE   654 AM MST   SUNSET   511 PM MST
FEBRUARY 13 2016......SUNRISE   653 AM MST   SUNSET   513 PM MST


-  INDICATES NEGATIVE NUMBERS.
R  INDICATES RECORD WAS SET OR TIED.
MM INDICATES DATA IS MISSING.
T  INDICATES TRACE AMOUNT.




$$
