000
CDUS43 KUNR 170847
CLID07


CLIMATE REPORT
NATIONAL WEATHER SERVICE RAPID CITY SD
244 AM MDT WED SEP 17 2014


...................................

...THE FAITH SD CLIMATE SUMMARY FOR SEPTEMBER 16 2014...

CLIMATE NORMAL PERIOD 1981 TO 2010
CLIMATE RECORD PERIOD 9999 TO 9999


WEATHER ITEM   OBSERVED TIME   NORMAL DEPARTURE LAST
                VALUE   (LST)  VALUE  FROM      YEAR
                                      NORMAL
......................................................
TEMPERATURE (F)
 YESTERDAY
  MAXIMUM         79    352 PM  74      5       78
  MINIMUM         40    546 AM  47     -7       49
  AVERAGE         60            60      0       64

PRECIPITATION (IN)
  YESTERDAY        0.00          0.04  -0.04     0.00
  MONTH TO DATE    0.28          0.78  -0.50     0.34
  SINCE SEP 1      0.28          0.78  -0.50     0.34
  SINCE JAN 1     16.79         14.60   2.19    12.71

DEGREE DAYS
 HEATING
  YESTERDAY        5             6     -1        1
  MONTH TO DATE  156            65     91        7
  SINCE SEP 1    156            65     91        7
  SINCE JUL 1    199            98    101       22

 COOLING
  YESTERDAY        0             2     -2        0
  MONTH TO DATE    9            51    -42      104
  SINCE SEP 1      9            51    -42      104
  SINCE JAN 1    408           626   -218      694
......................................................


WIND (MPH)
  HIGHEST WIND SPEED    17   HIGHEST WIND DIRECTION     S (160)
  HIGHEST GUST SPEED    21   HIGHEST GUST DIRECTION    SE (150)
  AVERAGE WIND SPEED     6.4




RELATIVE HUMIDITY (PERCENT)
 HIGHEST    86           500 AM
 LOWEST     32           300 PM
 AVERAGE    59

..........................................................




SUNRISE AND SUNSET
SEPTEMBER 17 2014.....SUNRISE   629 AM MDT   SUNSET   655 PM MDT
SEPTEMBER 18 2014.....SUNRISE   630 AM MDT   SUNSET   653 PM MDT


-  INDICATES NEGATIVE NUMBERS.
R  INDICATES RECORD WAS SET OR TIED.
MM INDICATES DATA IS MISSING.
T  INDICATES TRACE AMOUNT.




$$
