000
CDUS43 KUNR 210837
CLID07


CLIMATE REPORT
NATIONAL WEATHER SERVICE RAPID CITY SD
135 AM MST SUN JAN 21 2018


...................................

...THE FAITH SD CLIMATE SUMMARY FOR JANUARY 20 2018...

CLIMATE NORMAL PERIOD 1981 TO 2010
CLIMATE RECORD PERIOD 9999 TO 9999


WEATHER ITEM   OBSERVED TIME   NORMAL DEPARTURE LAST
                VALUE   (LST)  VALUE  FROM      YEAR
                                      NORMAL
......................................................
TEMPERATURE (F)
 YESTERDAY
  MAXIMUM         40   1244 PM  30     10       26
  MINIMUM         31   1159 PM  11     20       16
  AVERAGE         36            20     16       21

PRECIPITATION (IN)
  YESTERDAY        0.02          0.01   0.01     0.00
  MONTH TO DATE    0.15          0.12   0.03     0.45
  SINCE DEC 1      0.76          0.52   0.24     0.89
  SINCE JAN 1      0.15          0.12   0.03     0.45

DEGREE DAYS
 HEATING
  YESTERDAY       29            45    -16       44
  MONTH TO DATE  984           900     84     1140
  SINCE DEC 1   2320          2260     60     2622
  SINCE JUL 1   3943          4043   -100     3873

 COOLING
  YESTERDAY        0             0      0        0
  MONTH TO DATE    0             0      0        0
  SINCE DEC 1      0             0      0        0
  SINCE JAN 1      0             0      0        0
......................................................


WIND (MPH)
  HIGHEST WIND SPEED    MM   HIGHEST WIND DIRECTION    MM
  HIGHEST GUST SPEED    MM   HIGHEST GUST DIRECTION    MM
  AVERAGE WIND SPEED     6.1




RELATIVE HUMIDITY (PERCENT)
 HIGHEST   100           400 AM
 LOWEST     70           100 PM
 AVERAGE    85

..........................................................




SUNRISE AND SUNSET
JANUARY 21 2018.......SUNRISE   719 AM MST   SUNSET   441 PM MST
JANUARY 22 2018.......SUNRISE   718 AM MST   SUNSET   442 PM MST


-  INDICATES NEGATIVE NUMBERS.
R  INDICATES RECORD WAS SET OR TIED.
MM INDICATES DATA IS MISSING.
T  INDICATES TRACE AMOUNT.




$$
