000
CDUS43 KUNR 160831
CLID07


CLIMATE REPORT
NATIONAL WEATHER SERVICE RAPID CITY SD
230 AM MDT WED AUG 16 2017


...................................

...THE FAITH SD CLIMATE SUMMARY FOR AUGUST 15 2017...

CLIMATE NORMAL PERIOD 1981 TO 2010
CLIMATE RECORD PERIOD 9999 TO 9999


WEATHER ITEM   OBSERVED TIME   NORMAL DEPARTURE LAST
                VALUE   (LST)  VALUE  FROM      YEAR
                                      NORMAL
......................................................
TEMPERATURE (F)
 YESTERDAY
  MAXIMUM         77    143 PM  86     -9       91
  MINIMUM         61    612 AM  59      2       57
  AVERAGE         69            72     -3       74

PRECIPITATION (IN)
  YESTERDAY        0.06          0.05   0.01     0.00
  MONTH TO DATE    0.49          0.88  -0.39     0.89
  SINCE JUN 1      3.62          6.77  -3.15     4.43
  SINCE JAN 1      7.90         13.07  -5.17    11.28

DEGREE DAYS
 HEATING
  YESTERDAY        0             0      0        0
  MONTH TO DATE   12             0     12        0
  SINCE JUN 1     42           102    -60       18
  SINCE JUL 1     12            12      0        3

 COOLING
  YESTERDAY        4             8     -4        9
  MONTH TO DATE   33           129    -96      147
  SINCE JUN 1    557           462     95      604
  SINCE JAN 1    569           474     95      606
......................................................


WIND (MPH)
  HIGHEST WIND SPEED    20   HIGHEST WIND DIRECTION     W (290)
  HIGHEST GUST SPEED    24   HIGHEST GUST DIRECTION     W (290)
  AVERAGE WIND SPEED    10.4




RELATIVE HUMIDITY (PERCENT)
 HIGHEST   100          1200 AM
 LOWEST     60           500 PM
 AVERAGE    80

..........................................................




SUNRISE AND SUNSET
AUGUST 16 2017........SUNRISE   551 AM MDT   SUNSET   752 PM MDT
AUGUST 17 2017........SUNRISE   552 AM MDT   SUNSET   751 PM MDT


-  INDICATES NEGATIVE NUMBERS.
R  INDICATES RECORD WAS SET OR TIED.
MM INDICATES DATA IS MISSING.
T  INDICATES TRACE AMOUNT.




$$
