000
CDUS43 KUNR 240840
CLID07


CLIMATE REPORT
NATIONAL WEATHER SERVICE RAPID CITY SD
238 AM MDT WED MAY 24 2017


...................................

...THE FAITH SD CLIMATE SUMMARY FOR MAY 23 2017...

CLIMATE NORMAL PERIOD 1981 TO 2010
CLIMATE RECORD PERIOD 9999 TO 9999


WEATHER ITEM   OBSERVED TIME   NORMAL DEPARTURE LAST
                VALUE   (LST)  VALUE  FROM      YEAR
                                      NORMAL
......................................................
TEMPERATURE (F)
 YESTERDAY
  MAXIMUM         63    306 PM  69     -6       75
  MINIMUM         38    414 AM  45     -7       44
  AVERAGE         51            57     -6       60

PRECIPITATION (IN)
  YESTERDAY        0.00          0.09  -0.09     0.00
  MONTH TO DATE    1.17          2.24  -1.07     0.35
  SINCE MAR 1      3.22          4.85  -1.63     5.20
  SINCE JAN 1      4.24          5.47  -1.23     6.71

DEGREE DAYS
 HEATING
  YESTERDAY       14             8      6        5
  MONTH TO DATE  219           261    -42      239
  SINCE MAR 1   1692          1872   -180     1576
  SINCE JUL 1   7043          7560   -517     6522

 COOLING
  YESTERDAY        0             0      0        0
  MONTH TO DATE   12             0     12        2
  SINCE MAR 1     12             1     11        2
  SINCE JAN 1     12             1     11        2
......................................................


WIND (MPH)
  HIGHEST WIND SPEED    30   HIGHEST WIND DIRECTION     N (360)
  HIGHEST GUST SPEED    38   HIGHEST GUST DIRECTION     N (360)
  AVERAGE WIND SPEED    15.7




RELATIVE HUMIDITY (PERCENT)
 HIGHEST   100           400 AM
 LOWEST     36           300 PM
 AVERAGE    68

..........................................................




SUNRISE AND SUNSET
MAY 24 2017...........SUNRISE   510 AM MDT   SUNSET   821 PM MDT
MAY 25 2017...........SUNRISE   509 AM MDT   SUNSET   822 PM MDT


-  INDICATES NEGATIVE NUMBERS.
R  INDICATES RECORD WAS SET OR TIED.
MM INDICATES DATA IS MISSING.
T  INDICATES TRACE AMOUNT.




$$
