000
CDUS42 KMLB 250627
CLIDAB


CLIMATE REPORT
NATIONAL WEATHER SERVICE MELBOURNE FL
226 AM EDT SUN SEP 25 2016


...................................

...THE DAYTONA BEACH CLIMATE SUMMARY FOR SEPTEMBER 24 2016...

CLIMATE NORMAL PERIOD 1981 TO 2010
CLIMATE RECORD PERIOD 1923 TO 2016


WEATHER ITEM   OBSERVED TIME   RECORD YEAR NORMAL DEPARTURE LAST
                VALUE   (LST)  VALUE       VALUE  FROM      YEAR
                                                  NORMAL
..................................................................
TEMPERATURE (F)
 YESTERDAY
  MAXIMUM         90   1127 AM  92    1988  86      4       85
  MINIMUM         73    654 AM  60    1996  71      2       73
  AVERAGE         82                        79      3       79

PRECIPITATION (IN)
  YESTERDAY        0.00          6.41 2014   0.21  -0.21     0.01
  MONTH TO DATE    5.65                      5.69  -0.04     4.90
  SINCE SEP 1      5.65                      5.69  -0.04     4.90
  SINCE JAN 1     33.28                     38.82  -5.54    36.19

SNOWFALL (IN)
  YESTERDAY        0.0
  MONTH TO DATE    0.0
  SINCE JUL 1      0.0

DEGREE DAYS
 HEATING
  YESTERDAY        0                         0      0        0
  MONTH TO DATE    0                         0      0        0
  SINCE SEP 1      0                         0      0        0
  SINCE JUL 1      0                         0      0        0

 COOLING
  YESTERDAY       17                        14      3       14
  MONTH TO DATE  389                       358     31      374
  SINCE SEP 1    389                       358     31      374
  SINCE JAN 1   2854                      2432    422     2868
..................................................................


WIND (MPH)
  HIGHEST WIND SPEED    15   HIGHEST WIND DIRECTION    NE (60)
  HIGHEST GUST SPEED    21   HIGHEST GUST DIRECTION     E (70)
  AVERAGE WIND SPEED     3.9


SKY COVER
  AVERAGE SKY COVER 0.5


WEATHER CONDITIONS
 THE FOLLOWING WEATHER WAS RECORDED YESTERDAY.
  FOG


RELATIVE HUMIDITY (PERCENT)
 HIGHEST   100           300 AM
 LOWEST     59          1100 AM
 AVERAGE    80

..........................................................


THE DAYTONA BEACH CLIMATE NORMALS FOR TODAY
                         NORMAL    RECORD    YEAR
 MAXIMUM TEMPERATURE (F)   86        93      2006
                                             1991
                                             1988
 MINIMUM TEMPERATURE (F)   71        63      1996
                                             1947


SUNRISE AND SUNSET
SEPTEMBER 25 2016.....SUNRISE   714 AM EDT   SUNSET   716 PM EDT
SEPTEMBER 26 2016.....SUNRISE   715 AM EDT   SUNSET   715 PM EDT


-  INDICATES NEGATIVE NUMBERS.
R  INDICATES RECORD WAS SET OR TIED.
MM INDICATES DATA IS MISSING.
T  INDICATES TRACE AMOUNT.




$$
