000
CDUS42 KMLB 230635
CLIDAB


CLIMATE REPORT
NATIONAL WEATHER SERVICE MELBOURNE FL
135 AM EST THU FEB 23 2017


...................................

...THE DAYTONA BEACH CLIMATE SUMMARY FOR FEBRUARY 22 2017...

CLIMATE NORMAL PERIOD 1981 TO 2010
CLIMATE RECORD PERIOD 1923 TO 2017


WEATHER ITEM   OBSERVED TIME   RECORD YEAR NORMAL DEPARTURE LAST
                VALUE   (LST)  VALUE       VALUE  FROM      YEAR
                                                  NORMAL
..................................................................
TEMPERATURE (F)
 YESTERDAY
  MAXIMUM         72        MM  87    1962  72      0       78
  MINIMUM         64        MM  33    1978  51     13       57
  AVERAGE         68                        61      7       68

PRECIPITATION (IN)
  YESTERDAY        1.23          2.32 1990   0.10   1.13      T
  MONTH TO DATE    1.80                      2.13  -0.33     3.08
  SINCE DEC 1      4.48                      7.50  -3.02    10.70
  SINCE JAN 1      3.78                      4.87  -1.09    10.13

SNOWFALL (IN)
  YESTERDAY        0.0
  MONTH TO DATE    0.0
  SINCE JUL 1      0.0

DEGREE DAYS
 HEATING
  YESTERDAY        0                         5     -5        0
  MONTH TO DATE   50                       136    -86      139
  SINCE DEC 1    264                       579   -315      407
  SINCE JUL 1    301                       653   -352      419

 COOLING
  YESTERDAY        3                         1      2        3
  MONTH TO DATE   30                        22      8       24
  SINCE DEC 1    205                       102    103      246
  SINCE JAN 1     97                        51     46       37
..................................................................


WIND (MPH)
  HIGHEST WIND SPEED    14   HIGHEST WIND DIRECTION    NE (60)
  HIGHEST GUST SPEED    17   HIGHEST GUST DIRECTION     E (100)
  AVERAGE WIND SPEED     5.8


SKY COVER
  AVERAGE SKY COVER 1.0


WEATHER CONDITIONS
 THE FOLLOWING WEATHER WAS RECORDED YESTERDAY.
  HEAVY RAIN
  RAIN
  LIGHT RAIN
  FOG


RELATIVE HUMIDITY (PERCENT)
 HIGHEST   100          1200 PM
 LOWEST     73           900 AM
 AVERAGE    87

..........................................................


THE DAYTONA BEACH CLIMATE NORMALS FOR TODAY
                         NORMAL    RECORD    YEAR
 MAXIMUM TEMPERATURE (F)   72        87      2013
 MINIMUM TEMPERATURE (F)   51        27      1978


SUNRISE AND SUNSET
FEBRUARY 23 2017......SUNRISE   655 AM EST   SUNSET   620 PM EST
FEBRUARY 24 2017......SUNRISE   654 AM EST   SUNSET   621 PM EST


-  INDICATES NEGATIVE NUMBERS.
R  INDICATES RECORD WAS SET OR TIED.
MM INDICATES DATA IS MISSING.
T  INDICATES TRACE AMOUNT.




$$
