000
CDUS42 KMLB 140633
CLIDAB


CLIMATE REPORT
NATIONAL WEATHER SERVICE MELBOURNE FL
132 AM EST THU DEC 14 2017


...................................

...THE DAYTONA BEACH CLIMATE SUMMARY FOR DECEMBER 13 2017...

CLIMATE NORMAL PERIOD 1981 TO 2010
CLIMATE RECORD PERIOD 1923 TO 2017


WEATHER ITEM   OBSERVED TIME   RECORD YEAR NORMAL DEPARTURE LAST
                VALUE   (LST)  VALUE       VALUE  FROM      YEAR
                                                  NORMAL
..................................................................
TEMPERATURE (F)
 YESTERDAY
  MAXIMUM         62    236 PM  85    1946  71     -9       83
  MINIMUM         41    544 AM  21    1962  51    -10       60
  AVERAGE         52                        61     -9       72

PRECIPITATION (IN)
  YESTERDAY        0.00          1.43 2002   0.09  -0.09     0.00
  MONTH TO DATE    1.16                      1.01   0.15     0.63
  SINCE DEC 1      1.16                      1.01   0.15     0.63
  SINCE JAN 1     49.94                     48.00   1.94    44.57

SNOWFALL (IN)
  YESTERDAY        0.0
  MONTH TO DATE    0.0
  SINCE JUL 1      0.0

DEGREE DAYS
 HEATING
  YESTERDAY       13                         6      7        0
  MONTH TO DATE   64                        64      0       32
  SINCE DEC 1     64                        64      0       32
  SINCE JUL 1     98                       138    -40       69

 COOLING
  YESTERDAY        0                         2     -2        7
  MONTH TO DATE   34                        26      8       46
  SINCE DEC 1     34                        26      8       46
  SINCE JAN 1   3443                      2938    505     3425
..................................................................


WIND (MPH)
  HIGHEST WIND SPEED    14   HIGHEST WIND DIRECTION     W (260)
  HIGHEST GUST SPEED    18   HIGHEST GUST DIRECTION     W (270)
  AVERAGE WIND SPEED     6.7


SKY COVER
  AVERAGE SKY COVER 0.1


WEATHER CONDITIONS
 THE FOLLOWING WEATHER WAS RECORDED YESTERDAY.
  NO SIGNIFICANT WEATHER WAS OBSERVED.


RELATIVE HUMIDITY (PERCENT)
 HIGHEST    76           500 AM
 LOWEST     32           200 PM
 AVERAGE    54

..........................................................


THE DAYTONA BEACH CLIMATE NORMALS FOR TODAY
                         NORMAL    RECORD    YEAR
 MAXIMUM TEMPERATURE (F)   71        85      1991
 MINIMUM TEMPERATURE (F)   51        24      2010


SUNRISE AND SUNSET
DECEMBER 14 2017......SUNRISE   710 AM EST   SUNSET   528 PM EST
DECEMBER 15 2017......SUNRISE   711 AM EST   SUNSET   528 PM EST


-  INDICATES NEGATIVE NUMBERS.
R  INDICATES RECORD WAS SET OR TIED.
MM INDICATES DATA IS MISSING.
T  INDICATES TRACE AMOUNT.




$$
