000
CDUS41 KRNK 250823
CLIDAN


CLIMATE REPORT
NATIONAL WEATHER SERVICE BLACKSBURG VA
422 AM EDT SUN SEP 25 2016


...................................

...THE DANVILLE VA CLIMATE SUMMARY FOR SEPTEMBER 24 2016...

CLIMATE NORMAL PERIOD 1981 TO 2010
CLIMATE RECORD PERIOD 1948 TO 2016


WEATHER ITEM   OBSERVED TIME   RECORD YEAR NORMAL DEPARTURE LAST
                VALUE   (LST)  VALUE       VALUE  FROM      YEAR
                                                  NORMAL
..................................................................
TEMPERATURE (F)
 YESTERDAY
  MAXIMUM         92    211 PM  96    1980  77     15       79
  MINIMUM         62    641 AM  38    1983  57      5       59
  AVERAGE         77                        67     10       69

PRECIPITATION (IN)
  YESTERDAY        0.00          0.82 1975   0.13  -0.13     0.00
  MONTH TO DATE    1.13                      3.16  -2.03     1.85
  SINCE SEP 1      1.13                      3.16  -2.03     1.85
  SINCE JAN 1     37.39                     33.45   3.94    30.15

SNOWFALL (IN)
  YESTERDAY        0.0                                       0.0
  MONTH TO DATE    0.0                                       0.0
  SINCE SEP 1      0.0                                       0.0
  SINCE JUL 1      0.0                                       0.0
  SNOW DEPTH       0

DEGREE DAYS
 HEATING
  YESTERDAY        0                         2     -2        0
  MONTH TO DATE    0                        13    -13        5
  SINCE SEP 1      0                        13    -13        5
  SINCE JUL 1      0                        13    -13        5

 COOLING
  YESTERDAY       12                         4      8        4
  MONTH TO DATE  260                       159    101      192
  SINCE SEP 1    260                       159    101      192
  SINCE JAN 1   1565                      1386    179     1586
..................................................................


WIND (MPH)
  HIGHEST WIND SPEED    12   HIGHEST WIND DIRECTION    NE (50)
  HIGHEST GUST SPEED    16   HIGHEST GUST DIRECTION    NE (40)
  AVERAGE WIND SPEED     3.0


SKY COVER
  AVERAGE SKY COVER 0.1


WEATHER CONDITIONS
 THE FOLLOWING WEATHER WAS RECORDED YESTERDAY.
  FOG


RELATIVE HUMIDITY (PERCENT)
 HIGHEST   100          1200 AM
 LOWEST     38           400 PM
 AVERAGE    69

..........................................................


THE DANVILLE VA CLIMATE NORMALS FOR TODAY
                         NORMAL    RECORD    YEAR
 MAXIMUM TEMPERATURE (F)   76        93      2010
                                             1970
 MINIMUM TEMPERATURE (F)   57        39      1983


SUNRISE AND SUNSET
SEPTEMBER 25 2016.....SUNRISE   708 AM EDT   SUNSET   709 PM EDT
SEPTEMBER 26 2016.....SUNRISE   709 AM EDT   SUNSET   707 PM EDT


-  INDICATES NEGATIVE NUMBERS.
R  INDICATES RECORD WAS SET OR TIED.
MM INDICATES DATA IS MISSING.
T  INDICATES TRACE AMOUNT.

$$

RAB
