000
CDUS41 KRNK 280630
CLIDAN


CLIMATE REPORT
NATIONAL WEATHER SERVICE BLACKSBURG VA
225 AM EDT SUN AUG 28 2016


...................................

...THE DANVILLE VA CLIMATE SUMMARY FOR AUGUST 27 2016...

CLIMATE NORMAL PERIOD 1981 TO 2010
CLIMATE RECORD PERIOD 1948 TO 2016


WEATHER ITEM   OBSERVED TIME   RECORD YEAR NORMAL DEPARTURE LAST
                VALUE   (LST)  VALUE       VALUE  FROM      YEAR
                                                  NORMAL
..................................................................
TEMPERATURE (F)
 YESTERDAY
  MAXIMUM         93    131 PM 100    1953  85      8       84
  MINIMUM         71    557 AM  54    1952  66      5       63
  AVERAGE         82                        76      6       74

PRECIPITATION (IN)
  YESTERDAY        0.39          5.81 2008   0.14   0.25     0.00
  MONTH TO DATE    4.94                      3.43   1.51     2.99
  SINCE JUN 1     16.71                     11.87   4.84    18.35
  SINCE JAN 1     36.26                     29.75   6.51    28.23

SNOWFALL (IN)
  YESTERDAY        0.0                                       0.0
  MONTH TO DATE    0.0                                       0.0
  SINCE JUN 1      0.0                                       0.0
  SINCE JUL 1      0.0                                       0.0
  SNOW DEPTH       0

DEGREE DAYS
 HEATING
  YESTERDAY        0                         0      0        0
  MONTH TO DATE    0                         0      0        0
  SINCE JUN 1      0                         3     -3        5
  SINCE JUL 1      0                         0      0        0

 COOLING
  YESTERDAY       17                        11      6        9
  MONTH TO DATE  386                       334     52      326
  SINCE JUN 1   1114                      1043     71     1129
  SINCE JAN 1   1253                      1187     66     1356
..................................................................


WIND (MPH)
  HIGHEST WIND SPEED    22   HIGHEST WIND DIRECTION    SE (120)
  HIGHEST GUST SPEED    37   HIGHEST GUST DIRECTION     E (110)
  AVERAGE WIND SPEED     3.2


SKY COVER
  AVERAGE SKY COVER 0.3


WEATHER CONDITIONS
 THE FOLLOWING WEATHER WAS RECORDED YESTERDAY.
  THUNDERSTORM
  HEAVY RAIN
  RAIN
  LIGHT RAIN
  FOG


RELATIVE HUMIDITY (PERCENT)
 HIGHEST   100          1200 AM
 LOWEST     56           100 PM
 AVERAGE    78

..........................................................


THE DANVILLE VA CLIMATE NORMALS FOR TODAY
                         NORMAL    RECORD    YEAR
 MAXIMUM TEMPERATURE (F)   85       101      1948
 MINIMUM TEMPERATURE (F)   66        54      1969


SUNRISE AND SUNSET
AUGUST 28 2016........SUNRISE   646 AM EDT   SUNSET   750 PM EDT
AUGUST 29 2016........SUNRISE   647 AM EDT   SUNSET   749 PM EDT


-  INDICATES NEGATIVE NUMBERS.
R  INDICATES RECORD WAS SET OR TIED.
MM INDICATES DATA IS MISSING.
T  INDICATES TRACE AMOUNT.




$$
