000
CDUS41 KRNK 242115
CLIDAN


CLIMATE REPORT
NATIONAL WEATHER SERVICE BLACKSBURG VA
512 PM EDT FRI OCT 24 2014


...................................

...THE DANVILLE VA CLIMATE SUMMARY FOR OCTOBER 24 2014...
VALID TODAY AS OF 0500 PM LOCAL TIME.

CLIMATE NORMAL PERIOD 1981 TO 2010
CLIMATE RECORD PERIOD 1948 TO 2014


WEATHER ITEM   OBSERVED TIME   RECORD YEAR NORMAL DEPARTURE LAST
                VALUE   (LST)  VALUE       VALUE  FROM      YEAR
                                                  NORMAL
..................................................................
TEMPERATURE (F)
 TODAY
  MAXIMUM         70    157 PM  84    2012  68      2       58
                                      1978
  MINIMUM         42    626 AM  28    1987  46     -4       32
  AVERAGE         56                        57     -1

PRECIPITATION (IN)
  TODAY            0.00          2.85 2007   0.11  -0.11     0.00
  MONTH TO DATE    4.12                      2.76   1.36     1.20
  SINCE SEP 1      8.00                      6.72   1.28     2.35
  SINCE JAN 1     37.75                     37.01   0.74    43.66

SNOWFALL (IN)
  TODAY            0.0
  MONTH TO DATE    0.0
  SINCE SEP 1      0.0
  SINCE JUL 1      0.0
  SNOW DEPTH       0

DEGREE DAYS
 HEATING
  TODAY            9                         9      0
  MONTH TO DATE  104                       137    -33
  SINCE SEP 1    116                       165    -49
  SINCE JUL 1    116                       165    -49

 COOLING
  TODAY            0                         1     -1
  MONTH TO DATE   32                        31      1
  SINCE SEP 1    228                       207     21
  SINCE JAN 1   1417                      1434    -17
..................................................................


WIND (MPH)
  HIGHEST WIND SPEED    13   HIGHEST WIND DIRECTION    NW (330)
  HIGHEST GUST SPEED    17   HIGHEST GUST DIRECTION    NW (320)
  AVERAGE WIND SPEED     6.3


SKY COVER
  POSSIBLE SUNSHINE  MM
  AVERAGE SKY COVER 0.0


WEATHER CONDITIONS
 THE FOLLOWING WEATHER WAS RECORDED TODAY.
  NO SIGNIFICANT WEATHER WAS OBSERVED.


RELATIVE HUMIDITY (PERCENT)
 HIGHEST    83           500 AM
 LOWEST     37           100 PM
 AVERAGE    60

..........................................................


THE DANVILLE VA CLIMATE NORMALS FOR TOMORROW
                         NORMAL    RECORD    YEAR
 MAXIMUM TEMPERATURE (F)   68        82      2012
 MINIMUM TEMPERATURE (F)   46        28      2006


SUNRISE AND SUNSET
OCTOBER 24 2014.......SUNRISE   733 AM EDT   SUNSET   630 PM EDT
OCTOBER 25 2014.......SUNRISE   734 AM EDT   SUNSET   628 PM EDT


-  INDICATES NEGATIVE NUMBERS.
R  INDICATES RECORD WAS SET OR TIED.
MM INDICATES DATA IS MISSING.
T  INDICATES TRACE AMOUNT.




$$
