000
CDUS41 KRNK 260800
CLIDAN


CLIMATE REPORT
NATIONAL WEATHER SERVICE BLACKSBURG VA
359 AM EDT WED APR 26 2017


...................................

...THE DANVILLE VA CLIMATE SUMMARY FOR APRIL 25 2017...

CLIMATE NORMAL PERIOD 1981 TO 2010
CLIMATE RECORD PERIOD 1948 TO 2017


WEATHER ITEM   OBSERVED TIME   RECORD YEAR NORMAL DEPARTURE LAST
                VALUE   (LST)  VALUE       VALUE  FROM      YEAR
                                                  NORMAL
..................................................................
TEMPERATURE (F)
 YESTERDAY
  MAXIMUM         61    346 PM  95    1960  73    -12       83
  MINIMUM         52    158 AM  33    2012  49      3       46
                                      1949
  AVERAGE         57                        61     -4       65

PRECIPITATION (IN)
  YESTERDAY        1.37          2.17 1952   0.12   1.25     0.00
  MONTH TO DATE    6.95                      2.93   4.02     1.16
  SINCE MAR 1      9.60                      7.04   2.56     3.49
  SINCE JAN 1     14.37                     13.47   0.90    10.34

SNOWFALL (IN)
  YESTERDAY        0.0                                       0.0
  MONTH TO DATE    0.0                                       0.0
  SINCE MAR 1      T                                         0.0
  SINCE JUL 1      8.8                                      11.1
  SNOW DEPTH       0

DEGREE DAYS
 HEATING
  YESTERDAY        8                         5      3        0
  MONTH TO DATE  136                       207    -71      220
  SINCE MAR 1    614                       717   -103      513
  SINCE JUL 1   3070                      3718   -648     2975

 COOLING
  YESTERDAY        0                         1     -1        0
  MONTH TO DATE   41                        24     17        7
  SINCE MAR 1     44                        27     17       28
  SINCE JAN 1     49                        27     22       28
..................................................................


WIND (MPH)
  HIGHEST WIND SPEED    21   HIGHEST WIND DIRECTION    NE (40)
  HIGHEST GUST SPEED    27   HIGHEST GUST DIRECTION    NE (50)
  AVERAGE WIND SPEED     9.6


SKY COVER
  AVERAGE SKY COVER 1.0


WEATHER CONDITIONS
 THE FOLLOWING WEATHER WAS RECORDED YESTERDAY.
  HEAVY RAIN
  RAIN
  LIGHT RAIN
  FOG


RELATIVE HUMIDITY (PERCENT)
 HIGHEST   100          1200 AM
 LOWEST     93           700 PM
 AVERAGE    97

..........................................................


THE DANVILLE VA CLIMATE NORMALS FOR TODAY
                         NORMAL    RECORD    YEAR
 MAXIMUM TEMPERATURE (F)   73        95      1960
 MINIMUM TEMPERATURE (F)   49        36      2013
                                             1981


SUNRISE AND SUNSET
APRIL 26 2017.........SUNRISE   629 AM EDT   SUNSET   801 PM EDT
APRIL 27 2017.........SUNRISE   628 AM EDT   SUNSET   802 PM EDT


-  INDICATES NEGATIVE NUMBERS.
R  INDICATES RECORD WAS SET OR TIED.
MM INDICATES DATA IS MISSING.
T  INDICATES TRACE AMOUNT.




$$
