395
CDUS41 KRNK 300622
CLIDAN


CLIMATE REPORT
NATIONAL WEATHER SERVICE BLACKSBURG VA
220 AM EDT SAT JUL 30 2016


...................................

...THE DANVILLE VA CLIMATE SUMMARY FOR JULY 29 2016...

CLIMATE NORMAL PERIOD 1981 TO 2010
CLIMATE RECORD PERIOD 1948 TO 2016


WEATHER ITEM   OBSERVED TIME   RECORD YEAR NORMAL DEPARTURE LAST
                VALUE   (LST)  VALUE       VALUE  FROM      YEAR
                                                  NORMAL
..................................................................
TEMPERATURE (F)
 YESTERDAY
  MAXIMUM         90    435 PM 104    1952  87      3       89
  MINIMUM         73   1141 PM  58    1962  69      4       72
  AVERAGE         82                        78      4       81

PRECIPITATION (IN)
  YESTERDAY        0.00          2.71 2000   0.14  -0.14     0.00
  MONTH TO DATE    4.00                      4.30  -0.30     6.90
  SINCE JUN 1     11.70                      8.15   3.55    15.02
  SINCE JAN 1     31.25                     26.03   5.22    24.90

SNOWFALL (IN)
  YESTERDAY        0.0                                       0.0
  MONTH TO DATE    0.0                                       0.0
  SINCE JUN 1      0.0                                       0.0
  SINCE JUL 1      0.0                                       0.0
  SNOW DEPTH       0

DEGREE DAYS
 HEATING
  YESTERDAY        0                         0      0        0
  MONTH TO DATE    0                         0      0        0
  SINCE JUN 1      0                         3     -3        5
  SINCE JUL 1      0                         0      0        0

 COOLING
  YESTERDAY       17                        13      4       16
  MONTH TO DATE  418                       377     41      395
  SINCE JUN 1    694                       674     20      773
  SINCE JAN 1    833                       818     15     1000
..................................................................


WIND (MPH)
  HIGHEST WIND SPEED    14   HIGHEST WIND DIRECTION    NW (320)
  HIGHEST GUST SPEED    25   HIGHEST GUST DIRECTION    NW (320)
  AVERAGE WIND SPEED     4.7


SKY COVER
  AVERAGE SKY COVER 0.3


WEATHER CONDITIONS
 THE FOLLOWING WEATHER WAS RECORDED YESTERDAY.
  NO SIGNIFICANT WEATHER WAS OBSERVED.


RELATIVE HUMIDITY (PERCENT)
 HIGHEST    87           900 PM
 LOWEST     50           400 PM
 AVERAGE    69

..........................................................


THE DANVILLE VA CLIMATE NORMALS FOR TODAY
                         NORMAL    RECORD    YEAR
 MAXIMUM TEMPERATURE (F)   87       101      1953
 MINIMUM TEMPERATURE (F)   69        59      2014


SUNRISE AND SUNSET
JULY 30 2016..........SUNRISE   622 AM EDT   SUNSET   825 PM EDT
JULY 31 2016..........SUNRISE   623 AM EDT   SUNSET   824 PM EDT


-  INDICATES NEGATIVE NUMBERS.
R  INDICATES RECORD WAS SET OR TIED.
MM INDICATES DATA IS MISSING.
T  INDICATES TRACE AMOUNT.

$$
RCS
