095
CDUS41 KRNK 072205
CLIDAN


CLIMATE REPORT
NATIONAL WEATHER SERVICE BLACKSBURG VA
503 PM EST WED DEC 7 2016


...................................

...THE DANVILLE VA CLIMATE SUMMARY FOR DECEMBER 7 2016...
VALID TODAY AS OF 0500 PM LOCAL TIME.

CLIMATE NORMAL PERIOD 1981 TO 2010
CLIMATE RECORD PERIOD 1948 TO 2016


WEATHER ITEM   OBSERVED TIME   RECORD YEAR NORMAL DEPARTURE LAST
                VALUE   (LST)  VALUE       VALUE  FROM      YEAR
                                                  NORMAL
..................................................................
TEMPERATURE (F)
 TODAY
  MAXIMUM         58    250 PM  81    1998  52      6       63
  MINIMUM         30    731 AM   9    1954  32     -2       31
  AVERAGE         44                        42      2       47

PRECIPITATION (IN)
  TODAY            0.00          1.32 1976   0.11  -0.11     0.03
  MONTH TO DATE    1.28                      0.82   0.46     0.73
  SINCE DEC 1      1.28                      0.82   0.46     0.73
  SINCE JAN 1     46.49                     41.96   4.53    47.21

SNOWFALL (IN)
  TODAY            0.0                                       0.0
  MONTH TO DATE    0.0                                       0.0
  SINCE DEC 1      0.0                                       0.0
  SINCE JUL 1      0.0                                       0.0
  SNOW DEPTH       0

DEGREE DAYS
 HEATING
  TODAY           21                        23     -2       18
  MONTH TO DATE  146                       156    -10      140
  SINCE DEC 1    146                       156    -10      140
  SINCE JUL 1    716                       865   -149      682

 COOLING
  TODAY            0                         0      0        0
  MONTH TO DATE    0                         0      0        0
  SINCE DEC 1      0                         0      0        0
  SINCE JAN 1   1651                      1439    212     1643
..................................................................


WIND (MPH)
  HIGHEST WIND SPEED     9   HIGHEST WIND DIRECTION    NW (320)
  HIGHEST GUST SPEED    12   HIGHEST GUST DIRECTION     N (350)
  AVERAGE WIND SPEED     3.4


SKY COVER
  AVERAGE SKY COVER 0.2


WEATHER CONDITIONS
 THE FOLLOWING WEATHER WAS RECORDED TODAY.
  FOG


RELATIVE HUMIDITY (PERCENT)
 HIGHEST   100          1200 AM
 LOWEST     40           300 PM
 AVERAGE    70

..........................................................


THE DANVILLE VA CLIMATE NORMALS FOR TOMORROW
                         NORMAL    RECORD    YEAR
 MAXIMUM TEMPERATURE (F)   51        77      1998
 MINIMUM TEMPERATURE (F)   32        10      1954


SUNRISE AND SUNSET
DECEMBER  7 2016......SUNRISE   716 AM EST   SUNSET   501 PM EST
DECEMBER  8 2016......SUNRISE   717 AM EST   SUNSET   502 PM EST


-  INDICATES NEGATIVE NUMBERS.
R  INDICATES RECORD WAS SET OR TIED.
MM INDICATES DATA IS MISSING.
T  INDICATES TRACE AMOUNT.




$$
