000
CDUS41 KILN 020544
CLIDAY


CLIMATE REPORT
NATIONAL WEATHER SERVICE WILMINGTON OH
143 AM EDT THU JUL 2 2015


...................................

...THE DAYTON OH CLIMATE SUMMARY FOR JULY 1 2015...

CLIMATE NORMAL PERIOD 1981 TO 2010
CLIMATE RECORD PERIOD 1869 TO 2015


WEATHER ITEM   OBSERVED TIME   RECORD YEAR NORMAL DEPARTURE LAST
                VALUE   (LST)  VALUE       VALUE  FROM      YEAR
                                                  NORMAL
..................................................................
TEMPERATURE (F)
 YESTERDAY
  MAXIMUM         80    335 PM  98    1970  84     -4       88
  MINIMUM         62    554 AM  46    1988  64     -2       67
  AVERAGE         71                        74     -3       78

PRECIPITATION (IN)
  YESTERDAY        T             2.40 1987   0.14  -0.14     1.19
  MONTH TO DATE    T                         0.14  -0.14     1.19
  SINCE JUN 1      7.88                      4.31   3.57     4.72
  SINCE JAN 1     23.20                     21.35   1.85    22.80

SNOWFALL (IN)
  YESTERDAY        0.0           0.0    MM   0.0    0.0      0.0
  MONTH TO DATE    0.0                       0.0    0.0      0.0
  SINCE JUN 1      0.0                       0.0    0.0      0.0
  SINCE JUL 1      0.0                       0.0    0.0      0.0
  SNOW DEPTH       0

DEGREE DAYS
 HEATING
  YESTERDAY        0                         0      0        0
  MONTH TO DATE    0                         0      0        0
  SINCE JUN 1     20                        22     -2        2
  SINCE JUL 1      0                         0      0        0

 COOLING
  YESTERDAY        6                         9     -3       13
  MONTH TO DATE    6                         9     -3       13
  SINCE JUN 1    260                       199     61      276
  SINCE JAN 1    435                       269    166      405
..................................................................


WIND (MPH)
  RESULTANT WIND SPEED   4   RESULTANT WIND DIRECTION  NW (310)
  HIGHEST WIND SPEED    12   HIGHEST WIND DIRECTION    NW (300)
  HIGHEST GUST SPEED    16   HIGHEST GUST DIRECTION    NW (330)
  AVERAGE WIND SPEED     5.1



WEATHER CONDITIONS
 THE FOLLOWING WEATHER WAS RECORDED YESTERDAY.
  LIGHT RAIN
  FOG
  HAZE


RELATIVE HUMIDITY (PERCENT)
 HIGHEST    93          1200 AM
 LOWEST     52           300 PM
 AVERAGE    73

..........................................................


THE DAYTON OH CLIMATE NORMALS FOR TODAY
                         NORMAL    RECORD    YEAR
 MAXIMUM TEMPERATURE (F)   84        99      1966
                                             1898
 MINIMUM TEMPERATURE (F)   64        48      1904


SUNRISE AND SUNSET
JULY  2 2015..........SUNRISE   612 AM EDT   SUNSET   909 PM EDT
JULY  3 2015..........SUNRISE   613 AM EDT   SUNSET   909 PM EDT


-  INDICATES NEGATIVE NUMBERS.
R  INDICATES RECORD WAS SET OR TIED.
MM INDICATES DATA IS MISSING.
T  INDICATES TRACE AMOUNT.




$$
