000
CDUS41 KILN 270619
CLIDAY


CLIMATE REPORT
NATIONAL WEATHER SERVICE WILMINGTON OH
117 AM EST THU NOV 27 2014


...................................

...THE DAYTON OH CLIMATE SUMMARY FOR NOVEMBER 26 2014...

CLIMATE NORMAL PERIOD 1981 TO 2010
CLIMATE RECORD PERIOD 1869 TO 2014


WEATHER ITEM   OBSERVED TIME   RECORD YEAR NORMAL DEPARTURE LAST
                VALUE   (LST)  VALUE       VALUE  FROM      YEAR
                                                  NORMAL
..................................................................
TEMPERATURE (F)
 YESTERDAY
  MAXIMUM         34    327 PM  70    1896  46    -12       36
  MINIMUM         26    119 AM   8    1930  31     -5       29
  AVERAGE         30                        38     -8       33

PRECIPITATION (IN)
  YESTERDAY        0.00          1.48 1986   0.11  -0.11      T
  MONTH TO DATE    1.94                      2.94  -1.00     1.60
  SINCE SEP 1      5.19                      9.17  -3.98     9.57
  SINCE JAN 1     33.09                     37.48  -4.39    31.95

SNOWFALL (IN)
  YESTERDAY        0.0           2.3  1950   0.0    0.0       T
  MONTH TO DATE    4.1                       0.4    3.7      1.0
  SINCE SEP 1      4.1                       0.8    3.3      2.0
  SINCE JUL 1      4.1                       0.8    3.3      2.0
  SNOW DEPTH       0

DEGREE DAYS
 HEATING
  YESTERDAY       35                        27      8       32
  MONTH TO DATE  712                       552    160      599
  SINCE SEP 1   1109                       997    112      974
  SINCE JUL 1   1116                       999    117      986

 COOLING
  YESTERDAY        0                         0      0        0
  MONTH TO DATE    0                         0      0        0
  SINCE SEP 1    107                       109     -2      175
  SINCE JAN 1    977                       891     86     1062
..................................................................


WIND (MPH)
  RESULTANT WIND SPEED   5   RESULTANT WIND DIRECTION   N (360)
  HIGHEST WIND SPEED     9   HIGHEST WIND DIRECTION     N (340)
  HIGHEST GUST SPEED    11   HIGHEST GUST DIRECTION     N (20)
  AVERAGE WIND SPEED     5.4



WEATHER CONDITIONS
 THE FOLLOWING WEATHER WAS RECORDED YESTERDAY.
  NO SIGNIFICANT WEATHER WAS OBSERVED.


RELATIVE HUMIDITY (PERCENT)
 HIGHEST    85          1200 AM
 LOWEST     69           200 PM
 AVERAGE    77

..........................................................


THE DAYTON OH CLIMATE NORMALS FOR TODAY
                         NORMAL    RECORD    YEAR
 MAXIMUM TEMPERATURE (F)   45        74      1990
 MINIMUM TEMPERATURE (F)   30         0      1930


SUNRISE AND SUNSET
NOVEMBER 27 2014......SUNRISE   735 AM EST   SUNSET   514 PM EST
NOVEMBER 28 2014......SUNRISE   736 AM EST   SUNSET   513 PM EST


-  INDICATES NEGATIVE NUMBERS.
R  INDICATES RECORD WAS SET OR TIED.
MM INDICATES DATA IS MISSING.
T  INDICATES TRACE AMOUNT.




$$
