000
CDUS41 KILN 170617
CLIDAY


CLIMATE REPORT
NATIONAL WEATHER SERVICE WILMINGTON OH
215 AM EDT WED SEP 17 2014


...................................

...THE DAYTON OH CLIMATE SUMMARY FOR SEPTEMBER 16 2014...

CLIMATE NORMAL PERIOD 1981 TO 2010
CLIMATE RECORD PERIOD 1869 TO 2014


WEATHER ITEM   OBSERVED TIME   RECORD YEAR NORMAL DEPARTURE LAST
                VALUE   (LST)  VALUE       VALUE  FROM      YEAR
                                                  NORMAL
..................................................................
TEMPERATURE (F)
 YESTERDAY
  MAXIMUM         62    504 PM  99    1897  76    -14       70
  MINIMUM         48   1133 PM  38    1902  55     -7       54
  AVERAGE         55                        65    -10       62

PRECIPITATION (IN)
  YESTERDAY        0.01          3.81 2005   0.10  -0.09     0.03
  MONTH TO DATE    0.88                      1.79  -0.91     0.46
  SINCE SEP 1      0.88                      1.79  -0.91     0.46
  SINCE JAN 1     28.78                     30.10  -1.32    22.84

SNOWFALL (IN)
  YESTERDAY        0.0                       0.0    0.0      0.0
  MONTH TO DATE    0.0                       0.0    0.0      0.0
  SINCE SEP 1      0.0                       0.0    0.0      0.0
  SINCE JUL 1      0.0                       0.0    0.0      0.0
  SNOW DEPTH       0

DEGREE DAYS
 HEATING
  YESTERDAY       10                         3      7        3
  MONTH TO DATE   34                        23     11       21
  SINCE SEP 1     34                        23     11       21
  SINCE JUL 1     41                        25     16       33

 COOLING
  YESTERDAY        0                         3     -3        0
  MONTH TO DATE   80                        71      9      113
  SINCE SEP 1     80                        71      9      113
  SINCE JAN 1    950                       853     97     1000
..................................................................


WIND (MPH)
  RESULTANT WIND SPEED   4   RESULTANT WIND DIRECTION   N (20)
  HIGHEST WIND SPEED    14   HIGHEST WIND DIRECTION     N (10)
  HIGHEST GUST SPEED    16   HIGHEST GUST DIRECTION     N (10)
  AVERAGE WIND SPEED     4.1



WEATHER CONDITIONS
 THE FOLLOWING WEATHER WAS RECORDED YESTERDAY.
  LIGHT RAIN
  FOG
  HAZE


RELATIVE HUMIDITY (PERCENT)
 HIGHEST    93          1200 AM
 LOWEST     67           800 PM
 AVERAGE    80

..........................................................


THE DAYTON OH CLIMATE NORMALS FOR TODAY
                         NORMAL    RECORD    YEAR
 MAXIMUM TEMPERATURE (F)   76        92      1931
                                             1906
                                             1899
 MINIMUM TEMPERATURE (F)   54        39      1959


SUNRISE AND SUNSET
SEPTEMBER 17 2014.....SUNRISE   720 AM EDT   SUNSET   742 PM EDT
SEPTEMBER 18 2014.....SUNRISE   721 AM EDT   SUNSET   741 PM EDT


-  INDICATES NEGATIVE NUMBERS.
R  INDICATES RECORD WAS SET OR TIED.
MM INDICATES DATA IS MISSING.
T  INDICATES TRACE AMOUNT.




$$
