000
CDUS41 KILN 300616
CLIDAY


CLIMATE REPORT
NATIONAL WEATHER SERVICE WILMINGTON OH
214 AM EDT THU OCT 30 2014


...................................

...THE DAYTON OH CLIMATE SUMMARY FOR OCTOBER 29 2014...

CLIMATE NORMAL PERIOD 1981 TO 2010
CLIMATE RECORD PERIOD 1869 TO 2014


WEATHER ITEM   OBSERVED TIME   RECORD YEAR NORMAL DEPARTURE LAST
                VALUE   (LST)  VALUE       VALUE  FROM      YEAR
                                                  NORMAL
..................................................................
TEMPERATURE (F)
 YESTERDAY
  MAXIMUM         55    148 PM  82    1900  59     -4       57
  MINIMUM         42    745 AM  21    1925  40      2       35
  AVERAGE         49                        50     -1       46

PRECIPITATION (IN)
  YESTERDAY        0.00          1.22 1917   0.10  -0.10     0.01
  MONTH TO DATE    2.18                      2.73  -0.55     4.46
  SINCE SEP 1      3.06                      6.03  -2.97     6.69
  SINCE JAN 1     30.96                     34.34  -3.38    29.07

SNOWFALL (IN)
  YESTERDAY        0.0          MM      MM   0.1   -0.1      0.0
  MONTH TO DATE    0.0                       0.3   -0.3      1.0
  SINCE SEP 1      0.0                       0.3   -0.3      1.0
  SINCE JUL 1      0.0                       0.3   -0.3      1.0
  SNOW DEPTH       0

DEGREE DAYS
 HEATING
  YESTERDAY       16                        15      1       19
  MONTH TO DATE  281                       325    -44      308
  SINCE SEP 1    355                       413    -58      363
  SINCE JUL 1    362                       415    -53      375

 COOLING
  YESTERDAY        0                         0      0        0
  MONTH TO DATE    9                        10     -1       35
  SINCE SEP 1    107                       109     -2      175
  SINCE JAN 1    977                       891     86     1062
..................................................................


WIND (MPH)
  RESULTANT WIND SPEED   9   RESULTANT WIND DIRECTION   W (280)
  HIGHEST WIND SPEED    23   HIGHEST WIND DIRECTION     W (280)
  HIGHEST GUST SPEED    27   HIGHEST GUST DIRECTION     W (280)
  AVERAGE WIND SPEED    10.5



WEATHER CONDITIONS
 THE FOLLOWING WEATHER WAS RECORDED YESTERDAY.
  NO SIGNIFICANT WEATHER WAS OBSERVED.


RELATIVE HUMIDITY (PERCENT)
 HIGHEST    89           200 AM
 LOWEST     50          1200 PM
 AVERAGE    70

..........................................................


THE DAYTON OH CLIMATE NORMALS FOR TODAY
                         NORMAL    RECORD    YEAR
 MAXIMUM TEMPERATURE (F)   59        81      1927
                                             1901
 MINIMUM TEMPERATURE (F)   40        18      1895


SUNRISE AND SUNSET
OCTOBER 30 2014.......SUNRISE   803 AM EDT   SUNSET   637 PM EDT
OCTOBER 31 2014.......SUNRISE   805 AM EDT   SUNSET   636 PM EDT


-  INDICATES NEGATIVE NUMBERS.
R  INDICATES RECORD WAS SET OR TIED.
MM INDICATES DATA IS MISSING.
T  INDICATES TRACE AMOUNT.




$$
