000
CDUS43 KDVN 312125
CLIDBQ


CLIMATE REPORT
NATIONAL WEATHER SERVICE QUAD CITIES IA IL
423 PM CDT WED AUG 31 2016


...................................

...THE DUBUQUE IA CLIMATE SUMMARY FOR AUGUST 31 2016...
VALID TODAY AS OF 0400 PM LOCAL TIME.

CLIMATE NORMAL PERIOD 1981 TO 2010
CLIMATE RECORD PERIOD 1873 TO 2016


WEATHER ITEM   OBSERVED TIME   RECORD YEAR NORMAL DEPARTURE LAST
                VALUE   (LST)  VALUE       VALUE  FROM      YEAR
                                                  NORMAL
..................................................................
TEMPERATURE (F)
 TODAY
  MAXIMUM         76    259 PM  96    1953  78     -2       83
  MINIMUM         60    543 AM  42    1967  58      2       57
  AVERAGE         68                        68      0       70

PRECIPITATION (IN)
  TODAY            0.00          2.86 1914   0.14  -0.14     0.00
  MONTH TO DATE    3.75                      4.40  -0.65     2.52
  SINCE JUN 1     18.21                     13.11   5.10    12.06
  SINCE JAN 1     29.16                     25.98   3.18    22.83

SNOWFALL (IN)
  TODAY            0.0          MM      MM   0.0    0.0      0.0
  MONTH TO DATE    0.0                       0.0    0.0      0.0
  SINCE JUN 1      0.0                       0.0    0.0       T
  SINCE JUL 1      0.0                       0.0    0.0      0.0
  SNOW DEPTH       0

DEGREE DAYS
 HEATING
  TODAY            0                         1     -1        0
  MONTH TO DATE    2                        16    -14       20
  SINCE JUN 1     20                        67    -47       56
  SINCE JUL 1      7                        27    -20       33

 COOLING
  TODAY            3                         4     -1        5
  MONTH TO DATE  230                       176     54      145
  SINCE JUN 1    629                       539     90      457
  SINCE JAN 1    680                       576    104      493
..................................................................


WIND (MPH)
  HIGHEST WIND SPEED    15   HIGHEST WIND DIRECTION     N (10)
  HIGHEST GUST SPEED    19   HIGHEST GUST DIRECTION     N (20)
  AVERAGE WIND SPEED     8.6


SKY COVER
  POSSIBLE SUNSHINE  MM
  AVERAGE SKY COVER 0.3


WEATHER CONDITIONS
 THE FOLLOWING WEATHER WAS RECORDED TODAY.
  NO SIGNIFICANT WEATHER WAS OBSERVED.


RELATIVE HUMIDITY (PERCENT)
 HIGHEST    93          1200 AM
 LOWEST     50           100 PM
 AVERAGE    72

..........................................................


THE DUBUQUE IA CLIMATE NORMALS FOR TOMORROW
                         NORMAL    RECORD    YEAR
 MAXIMUM TEMPERATURE (F)   77        97      1913
 MINIMUM TEMPERATURE (F)   58        42      1967
                                             1895


SUNRISE AND SUNSET
AUGUST 31 2016........SUNRISE   627 AM CDT   SUNSET   738 PM CDT
SEPTEMBER  1 2016.....SUNRISE   628 AM CDT   SUNSET   736 PM CDT


-  INDICATES NEGATIVE NUMBERS.
R  INDICATES RECORD WAS SET OR TIED.
MM INDICATES DATA IS MISSING.
T  INDICATES TRACE AMOUNT.




$$
