000
CDUS43 KDVN 191026
CLIDBQ


CLIMATE REPORT
NATIONAL WEATHER SERVICE QUAD CITIES IA IL
426 AM CST FRI DEC 19 2014


...................................

...THE DUBUQUE IA CLIMATE SUMMARY FOR DECEMBER 18 2014...

CLIMATE NORMAL PERIOD 1981 TO 2010
CLIMATE RECORD PERIOD 1873 TO 2014


WEATHER ITEM   OBSERVED TIME   RECORD YEAR NORMAL DEPARTURE LAST
                VALUE   (LST)  VALUE       VALUE  FROM      YEAR
                                                  NORMAL
..................................................................
TEMPERATURE (F)
 YESTERDAY
  MAXIMUM         26    323 PM  60    1877  29     -3       35
  MINIMUM         14    825 AM -19    1985  14      0        9
                                      1983
  AVERAGE         20                        22     -2       22

PRECIPITATION (IN)
  YESTERDAY        0.00          0.99 1957   0.06  -0.06     0.00
  MONTH TO DATE    0.47                      1.21  -0.74     0.41
  SINCE DEC 1      0.47                      1.21  -0.74     0.41
  SINCE JAN 1     36.99                     35.66   1.33    37.22

SNOWFALL (IN)
  YESTERDAY        0.0          MM      MM   0.4   -0.4      0.0
  MONTH TO DATE    T                         6.8   -6.8      6.4
  SINCE DEC 1      T                         6.8   -6.8      6.4
  SINCE JUL 1      3.5                       9.6   -6.1     10.3
  SNOW DEPTH       0

DEGREE DAYS
 HEATING
  YESTERDAY       45                        43      2       43
  MONTH TO DATE  656                       728    -72      869
  SINCE DEC 1    656                       728    -72      869
  SINCE JUL 1   2438                      2228    210     2468

 COOLING
  YESTERDAY        0                         0      0        0
  MONTH TO DATE    0                         0      0        0
  SINCE DEC 1      0                         0      0        0
  SINCE JAN 1    526                       643   -117      640
..................................................................


WIND (MPH)
  HIGHEST WIND SPEED     8   HIGHEST WIND DIRECTION     N (20)
  HIGHEST GUST SPEED     9   HIGHEST GUST DIRECTION     N (20)
  AVERAGE WIND SPEED     1.7


SKY COVER
  POSSIBLE SUNSHINE  MM
  AVERAGE SKY COVER 0.3


WEATHER CONDITIONS
 THE FOLLOWING WEATHER WAS RECORDED YESTERDAY.
  NO SIGNIFICANT WEATHER WAS OBSERVED.


RELATIVE HUMIDITY (PERCENT)
 HIGHEST    96           800 AM
 LOWEST     74           300 PM
 AVERAGE    85

..........................................................


THE DUBUQUE IA CLIMATE NORMALS FOR TODAY
                         NORMAL    RECORD    YEAR
 MAXIMUM TEMPERATURE (F)   29        57      1877
 MINIMUM TEMPERATURE (F)   14       -21      1983


SUNRISE AND SUNSET
DECEMBER 19 2014......SUNRISE   728 AM CST   SUNSET   432 PM CST
DECEMBER 20 2014......SUNRISE   728 AM CST   SUNSET   433 PM CST


-  INDICATES NEGATIVE NUMBERS.
R  INDICATES RECORD WAS SET OR TIED.
MM INDICATES DATA IS MISSING.
T  INDICATES TRACE AMOUNT.




$$
