000
CDUS43 KDVN 060914
CLIDBQ


CLIMATE REPORT
NATIONAL WEATHER SERVICE QUAD CITIES IA IL
413 AM CDT FRI MAY 6 2016


...................................

...THE DUBUQUE IA CLIMATE SUMMARY FOR MAY 5 2016...

CLIMATE NORMAL PERIOD 1981 TO 2010
CLIMATE RECORD PERIOD 1873 TO 2016


WEATHER ITEM   OBSERVED TIME   RECORD YEAR NORMAL DEPARTURE LAST
                VALUE   (LST)  VALUE       VALUE  FROM      YEAR
                                                  NORMAL
..................................................................
TEMPERATURE (F)
 YESTERDAY
  MAXIMUM         66    517 PM  92    1949  66      0       59
  MINIMUM         39    524 AM  27    1958  45     -6       52
  AVERAGE         53                        55     -2       56

PRECIPITATION (IN)
  YESTERDAY        0.00          1.30 1913   0.13  -0.13     0.43
  MONTH TO DATE    0.52                      0.67  -0.15     1.21
  SINCE MAR 1      6.06                      6.74  -0.68     3.91
  SINCE JAN 1      7.14                      9.35  -2.21     6.20

SNOWFALL (IN)
  YESTERDAY        0.0          MM      MM   0.0    0.0      0.0
  MONTH TO DATE    0.0                       0.1   -0.1      0.0
  SINCE MAR 1      3.3                       8.4   -5.1      4.1
  SINCE JUL 1     34.8                      42.0   -7.2     33.7
  SNOW DEPTH       0

DEGREE DAYS
 HEATING
  YESTERDAY       12                        10      2        9
  MONTH TO DATE   66                        53     13       26
  SINCE MAR 1   1327                      1481   -154     1381
  SINCE JUL 1   5804                      6874  -1070     7229

 COOLING
  YESTERDAY        0                         0      0        0
  MONTH TO DATE    0                         0      0        0
  SINCE MAR 1      3                         5     -2        0
  SINCE JAN 1      3                         5     -2        0
..................................................................


WIND (MPH)
  HIGHEST WIND SPEED    14   HIGHEST WIND DIRECTION     N (20)
  HIGHEST GUST SPEED    18   HIGHEST GUST DIRECTION    NE (30)
  AVERAGE WIND SPEED     6.6


SKY COVER
  POSSIBLE SUNSHINE  MM
  AVERAGE SKY COVER 0.0


WEATHER CONDITIONS
 THE FOLLOWING WEATHER WAS RECORDED YESTERDAY.
  HAZE


RELATIVE HUMIDITY (PERCENT)
 HIGHEST    79           500 AM
 LOWEST     31           500 PM
 AVERAGE    55

..........................................................


THE DUBUQUE IA CLIMATE NORMALS FOR TODAY
                         NORMAL    RECORD    YEAR
 MAXIMUM TEMPERATURE (F)   66        95      1934
 MINIMUM TEMPERATURE (F)   45        28      1989
                                             1954


SUNRISE AND SUNSET
MAY  6 2016...........SUNRISE   551 AM CDT   SUNSET   809 PM CDT
MAY  7 2016...........SUNRISE   550 AM CDT   SUNSET   810 PM CDT


-  INDICATES NEGATIVE NUMBERS.
R  INDICATES RECORD WAS SET OR TIED.
MM INDICATES DATA IS MISSING.
T  INDICATES TRACE AMOUNT.




$$
