000
CDUS43 KDVN 010917
CLIDBQ


CLIMATE REPORT
NATIONAL WEATHER SERVICE QUAD CITIES IA IL
415 AM CDT SAT NOV 1 2014


...................................

...THE DUBUQUE IA CLIMATE SUMMARY FOR OCTOBER 31 2014...

CLIMATE NORMAL PERIOD 1981 TO 2010
CLIMATE RECORD PERIOD 1873 TO 2014


WEATHER ITEM   OBSERVED TIME   RECORD YEAR NORMAL DEPARTURE LAST
                VALUE   (LST)  VALUE       VALUE  FROM      YEAR
                                                  NORMAL
..................................................................
TEMPERATURE (F)
 YESTERDAY
  MAXIMUM         43   1213 AM  84    1950  53    -10       61
  MINIMUM         28   1159 PM  19    1954  35     -7       40
  AVERAGE         36                        44     -8       51

PRECIPITATION (IN)
  YESTERDAY        0.00          1.71 1960   0.08  -0.08     0.22
  MONTH TO DATE    3.05                      2.66   0.39     1.82
  SINCE SEP 1      5.19                      6.12  -0.93     4.19
  SINCE JAN 1     35.34                     32.10   3.24    34.88

SNOWFALL (IN)
  YESTERDAY        0.0          MM      MM   0.0    0.0      0.0
  MONTH TO DATE    T                         T      0.0       T
  SINCE SEP 1      T                         T      0.0       T
  SINCE JUL 1      T                         T      0.0       T
  SNOW DEPTH       0

DEGREE DAYS
 HEATING
  YESTERDAY       29                        21      8       14
  MONTH TO DATE  493                       471     22      493
  SINCE SEP 1    664                       622     42      599
  SINCE JUL 1    693                       649     44      631

 COOLING
  YESTERDAY        0                         0      0        0
  MONTH TO DATE    0                         6     -6        8
  SINCE SEP 1     44                        67    -23      104
  SINCE JAN 1    526                       643   -117      640
..................................................................


WIND (MPH)
  HIGHEST WIND SPEED    31   HIGHEST WIND DIRECTION     N (350)
  HIGHEST GUST SPEED    42   HIGHEST GUST DIRECTION     N (340)
  AVERAGE WIND SPEED    17.3


SKY COVER
  POSSIBLE SUNSHINE  MM
  AVERAGE SKY COVER 0.3


WEATHER CONDITIONS
 THE FOLLOWING WEATHER WAS RECORDED YESTERDAY.
  NO SIGNIFICANT WEATHER WAS OBSERVED.


RELATIVE HUMIDITY (PERCENT)
 HIGHEST    69           600 AM
 LOWEST     40           300 PM
 AVERAGE    55

..........................................................


THE DUBUQUE IA CLIMATE NORMALS FOR TODAY
                         NORMAL    RECORD    YEAR
 MAXIMUM TEMPERATURE (F)   53        78      1933
 MINIMUM TEMPERATURE (F)   35        16      1951


SUNRISE AND SUNSET
NOVEMBER  1 2014......SUNRISE   736 AM CDT   SUNSET   556 PM CDT
NOVEMBER  2 2014......SUNRISE   637 AM CST   SUNSET   455 PM CST


-  INDICATES NEGATIVE NUMBERS.
R  INDICATES RECORD WAS SET OR TIED.
MM INDICATES DATA IS MISSING.
T  INDICATES TRACE AMOUNT.




$$
