000
CDUS43 KDVN 280913
CLIDBQ


CLIMATE REPORT
NATIONAL WEATHER SERVICE QUAD CITIES IA IL
412 AM CDT SAT MAY 28 2016


...................................

...THE DUBUQUE IA CLIMATE SUMMARY FOR MAY 27 2016...

CLIMATE NORMAL PERIOD 1981 TO 2010
CLIMATE RECORD PERIOD 1873 TO 2016


WEATHER ITEM   OBSERVED TIME   RECORD YEAR NORMAL DEPARTURE LAST
                VALUE   (LST)  VALUE       VALUE  FROM      YEAR
                                                  NORMAL
..................................................................
TEMPERATURE (F)
 YESTERDAY
  MAXIMUM         76    241 PM  94    1874  73      3       77
  MINIMUM         60    411 AM  35    1961  52      8       58
  AVERAGE         68                        62      6       68

PRECIPITATION (IN)
  YESTERDAY        0.12          2.36 1938   0.13  -0.01     0.07
  MONTH TO DATE    3.26                      3.63  -0.37     5.53
  SINCE MAR 1      8.80                      9.70  -0.90     8.23
  SINCE JAN 1      9.88                     12.31  -2.43    10.52

SNOWFALL (IN)
  YESTERDAY        0.0          MM      MM   0.0    0.0      0.0
  MONTH TO DATE    0.0                       0.1   -0.1      0.0
  SINCE MAR 1      3.3                       8.4   -5.1      4.1
  SINCE JUL 1     34.8                      42.0   -7.2     33.7
  SNOW DEPTH       0

DEGREE DAYS
 HEATING
  YESTERDAY        0                         4     -4        0
  MONTH TO DATE  229                       209     20      163
  SINCE MAR 1   1490                      1637   -147     1518
  SINCE JUL 1   5967                      7030  -1063     7366

 COOLING
  YESTERDAY        3                         2      1        3
  MONTH TO DATE   27                        24      3       27
  SINCE MAR 1     30                        29      1       27
  SINCE JAN 1     30                        29      1       27
..................................................................


WIND (MPH)
  HIGHEST WIND SPEED    23   HIGHEST WIND DIRECTION     S (170)
  HIGHEST GUST SPEED    28   HIGHEST GUST DIRECTION    SW (210)
  AVERAGE WIND SPEED    11.9


SKY COVER
  POSSIBLE SUNSHINE  MM
  AVERAGE SKY COVER 0.6


WEATHER CONDITIONS
 THE FOLLOWING WEATHER WAS RECORDED YESTERDAY.
  THUNDERSTORM
  HEAVY RAIN
  RAIN
  LIGHT RAIN
  FOG


RELATIVE HUMIDITY (PERCENT)
 HIGHEST    97           500 AM
 LOWEST     73          1200 AM
 AVERAGE    85

..........................................................


THE DUBUQUE IA CLIMATE NORMALS FOR TODAY
                         NORMAL    RECORD    YEAR
 MAXIMUM TEMPERATURE (F)   73        93      1874
 MINIMUM TEMPERATURE (F)   52        36      1947


SUNRISE AND SUNSET
MAY 28 2016...........SUNRISE   530 AM CDT   SUNSET   830 PM CDT
MAY 29 2016...........SUNRISE   530 AM CDT   SUNSET   831 PM CDT


-  INDICATES NEGATIVE NUMBERS.
R  INDICATES RECORD WAS SET OR TIED.
MM INDICATES DATA IS MISSING.
T  INDICATES TRACE AMOUNT.




$$
