000
CDUS43 KDVN 140925
CLIDBQ


CLIMATE REPORT
NATIONAL WEATHER SERVICE QUAD CITIES IA IL
423 AM CDT MON JUL 14 2014


...................................

...THE DUBUQUE IA CLIMATE SUMMARY FOR JULY 13 2014...

CLIMATE NORMAL PERIOD 1981 TO 2010
CLIMATE RECORD PERIOD 1873 TO 2014


WEATHER ITEM   OBSERVED TIME   RECORD YEAR NORMAL DEPARTURE LAST
                VALUE   (LST)  VALUE       VALUE  FROM      YEAR
                                                  NORMAL
..................................................................
TEMPERATURE (F)
 YESTERDAY
  MAXIMUM         81    200 PM 107    1936  82     -1       80
  MINIMUM         61   1112 PM  49    2007  62     -1       59
  AVERAGE         71                        72     -1       70

PRECIPITATION (IN)
  YESTERDAY        0.00          2.13 1992   0.14  -0.14     0.00
  MONTH TO DATE    1.81                      1.82  -0.01     1.13
  SINCE JUN 1     14.38                      6.22   8.16     4.76
  SINCE JAN 1     26.76                     19.09   7.67    26.34

SNOWFALL (IN)
  YESTERDAY        0.0          MM      MM   0.0    0.0      0.0
  MONTH TO DATE    0.0                       0.0    0.0      0.0
  SINCE JUN 1      0.0                       0.0    0.0      0.0
  SINCE JUL 1      0.0                       0.0    0.0      0.0
  SNOW DEPTH       0

DEGREE DAYS
 HEATING
  YESTERDAY        0                         0      0        0
  MONTH TO DATE   12                         0     12        2
  SINCE JUN 1     22                        40    -18       41
  SINCE JUL 1     12                         0     12        2

 COOLING
  YESTERDAY        6                         8     -2        5
  MONTH TO DATE   48                        92    -44       78
  SINCE JUN 1    202                       231    -29      187
  SINCE JAN 1    256                       268    -12      232
..................................................................


WIND (MPH)
  HIGHEST WIND SPEED    21   HIGHEST WIND DIRECTION    NW (310)
  HIGHEST GUST SPEED    25   HIGHEST GUST DIRECTION    NW (320)
  AVERAGE WIND SPEED     8.2


SKY COVER
  POSSIBLE SUNSHINE  MM
  AVERAGE SKY COVER 0.3


WEATHER CONDITIONS
 THE FOLLOWING WEATHER WAS RECORDED YESTERDAY.
  NO SIGNIFICANT WEATHER WAS OBSERVED.


RELATIVE HUMIDITY (PERCENT)
 HIGHEST   100          1200 AM
 LOWEST     45           400 PM
 AVERAGE    73

..........................................................


THE DUBUQUE IA CLIMATE NORMALS FOR TODAY
                         NORMAL    RECORD    YEAR
 MAXIMUM TEMPERATURE (F)   82       110      1936
 MINIMUM TEMPERATURE (F)   62        47      1975


SUNRISE AND SUNSET
JULY 14 2014..........SUNRISE   538 AM CDT   SUNSET   838 PM CDT
JULY 15 2014..........SUNRISE   539 AM CDT   SUNSET   838 PM CDT


-  INDICATES NEGATIVE NUMBERS.
R  INDICATES RECORD WAS SET OR TIED.
MM INDICATES DATA IS MISSING.
T  INDICATES TRACE AMOUNT.




$$
