000
CDUS43 KDVN 210920
CLIDBQ


CLIMATE REPORT
NATIONAL WEATHER SERVICE QUAD CITIES IA IL
420 AM CDT SUN SEP 21 2014


...................................

...THE DUBUQUE IA CLIMATE SUMMARY FOR SEPTEMBER 20 2014...

CLIMATE NORMAL PERIOD 1981 TO 2010
CLIMATE RECORD PERIOD 1873 TO 2014


WEATHER ITEM   OBSERVED TIME   RECORD YEAR NORMAL DEPARTURE LAST
                VALUE   (LST)  VALUE       VALUE  FROM      YEAR
                                                  NORMAL
..................................................................
TEMPERATURE (F)
 YESTERDAY
  MAXIMUM         78    439 PM  92    1895  71      7       66
  MINIMUM         57   1159 PM  28    1956  50      7       52
  AVERAGE         68                        60      8       59

PRECIPITATION (IN)
  YESTERDAY        0.06          2.27 1965   0.12  -0.06     0.01
  MONTH TO DATE    2.14                      2.36  -0.22     2.06
  SINCE SEP 1      2.14                      2.36  -0.22     2.06
  SINCE JAN 1     32.29                     28.34   3.95    32.75

SNOWFALL (IN)
  YESTERDAY        0.0          MM      MM   0.0    0.0      0.0
  MONTH TO DATE    0.0                       0.0    0.0      0.0
  SINCE SEP 1      0.0                       0.0    0.0      0.0
  SINCE JUL 1      0.0                       0.0    0.0      0.0
  SNOW DEPTH       0

DEGREE DAYS
 HEATING
  YESTERDAY        0                         6     -6        6
  MONTH TO DATE  129                        72     57       54
  SINCE SEP 1    129                        72     57       54
  SINCE JUL 1    158                        99     59       86

 COOLING
  YESTERDAY        3                         1      2        0
  MONTH TO DATE   31                        52    -21       93
  SINCE SEP 1     31                        52    -21       93
  SINCE JAN 1    513                       628   -115      629
..................................................................


WIND (MPH)
  HIGHEST WIND SPEED    26   HIGHEST WIND DIRECTION    NW (330)
  HIGHEST GUST SPEED    33   HIGHEST GUST DIRECTION    NW (320)
  AVERAGE WIND SPEED    13.1


SKY COVER
  POSSIBLE SUNSHINE  MM
  AVERAGE SKY COVER 0.2


WEATHER CONDITIONS
 THE FOLLOWING WEATHER WAS RECORDED YESTERDAY.
  HEAVY RAIN
  FOG


RELATIVE HUMIDITY (PERCENT)
 HIGHEST   100           600 AM
 LOWEST     56           500 PM
 AVERAGE    78

..........................................................


THE DUBUQUE IA CLIMATE NORMALS FOR TODAY
                         NORMAL    RECORD    YEAR
 MAXIMUM TEMPERATURE (F)   70        94      1891
 MINIMUM TEMPERATURE (F)   49        35      1991
                                             1952


SUNRISE AND SUNSET
SEPTEMBER 21 2014.....SUNRISE   649 AM CDT   SUNSET   702 PM CDT
SEPTEMBER 22 2014.....SUNRISE   650 AM CDT   SUNSET   700 PM CDT


-  INDICATES NEGATIVE NUMBERS.
R  INDICATES RECORD WAS SET OR TIED.
MM INDICATES DATA IS MISSING.
T  INDICATES TRACE AMOUNT.




$$
