000
CDUS43 KDVN 182121
CLIDBQ


CLIMATE REPORT
NATIONAL WEATHER SERVICE QUAD CITIES IA IL
420 PM CDT FRI AUG 18 2017


...................................

...THE DUBUQUE IA CLIMATE SUMMARY FOR AUGUST 18 2017...
VALID TODAY AS OF 0400 PM LOCAL TIME.

CLIMATE NORMAL PERIOD 1981 TO 2010
CLIMATE RECORD PERIOD 1873 TO 2017


WEATHER ITEM   OBSERVED TIME   RECORD YEAR NORMAL DEPARTURE LAST
                VALUE   (LST)  VALUE       VALUE  FROM      YEAR
                                                  NORMAL
..................................................................
TEMPERATURE (F)
 TODAY
  MAXIMUM         77    259 PM 107    1936  80     -3       86
  MINIMUM         59    529 AM  46    2002  60     -1       66
                                      1963
  AVERAGE         68                        70     -2       76

PRECIPITATION (IN)
  TODAY            0.00          3.55 1912   0.15  -0.15     0.38
  MONTH TO DATE    1.50                      2.61  -1.11     2.69
  SINCE JUN 1     11.98                     11.32   0.66    17.15
  SINCE JAN 1     25.69                     24.19   1.50    28.10

SNOWFALL (IN)
  TODAY            0.0          MM      MM   0.0    0.0      0.0
  MONTH TO DATE    0.0                       0.0    0.0      0.0
  SINCE JUN 1      0.0                       0.0    0.0      0.0
  SINCE JUL 1      0.0                       0.0    0.0      0.0
  SNOW DEPTH       0

DEGREE DAYS
 HEATING
  TODAY            0                         1     -1        0
  MONTH TO DATE    9                         3      6        0
  SINCE JUN 1     37                        51    -14       18
  SINCE JUL 1     11                        11      0        5

 COOLING
  TODAY            3                         6     -3       11
  MONTH TO DATE   49                       113    -64      158
  SINCE JUN 1    416                       476    -60      557
  SINCE JAN 1    440                       513    -73      608
..................................................................


WIND (MPH)
  HIGHEST WIND SPEED    14   HIGHEST WIND DIRECTION     N (340)
  HIGHEST GUST SPEED    19   HIGHEST GUST DIRECTION    NW (330)
  AVERAGE WIND SPEED     8.3


SKY COVER
  POSSIBLE SUNSHINE  MM
  AVERAGE SKY COVER 0.1


WEATHER CONDITIONS
 THE FOLLOWING WEATHER WAS RECORDED TODAY.
  NO SIGNIFICANT WEATHER WAS OBSERVED.


RELATIVE HUMIDITY (PERCENT)
 HIGHEST    97           400 AM
 LOWEST     54           100 PM
 AVERAGE    76

..........................................................


THE DUBUQUE IA CLIMATE NORMALS FOR TOMORROW
                         NORMAL    RECORD    YEAR
 MAXIMUM TEMPERATURE (F)   80        99      1983
 MINIMUM TEMPERATURE (F)   60        47      2004
                                             1985


SUNRISE AND SUNSET
AUGUST 18 2017........SUNRISE   613 AM CDT   SUNSET   759 PM CDT
AUGUST 19 2017........SUNRISE   614 AM CDT   SUNSET   757 PM CDT


-  INDICATES NEGATIVE NUMBERS.
R  INDICATES RECORD WAS SET OR TIED.
MM INDICATES DATA IS MISSING.
T  INDICATES TRACE AMOUNT.




$$
