000
CDUS43 KDVN 040910
CLIDBQ


CLIMATE REPORT
NATIONAL WEATHER SERVICE QUAD CITIES IA IL
409 AM CDT SAT JUL 4 2015


...................................

...THE DUBUQUE IA CLIMATE SUMMARY FOR JULY 3 2015...

CLIMATE NORMAL PERIOD 1981 TO 2010
CLIMATE RECORD PERIOD 1873 TO 2015


WEATHER ITEM   OBSERVED TIME   RECORD YEAR NORMAL DEPARTURE LAST
                VALUE   (LST)  VALUE       VALUE  FROM      YEAR
                                                  NORMAL
..................................................................
TEMPERATURE (F)
 YESTERDAY
  MAXIMUM         76    549 PM 102    1911  82     -6       74
  MINIMUM         51    415 AM  46    1968  62    -11       50
  AVERAGE         64                        72     -8       62

PRECIPITATION (IN)
  YESTERDAY        0.00          3.46 1925   0.13  -0.13     0.00
  MONTH TO DATE    0.00                      0.40  -0.40     0.01
  SINCE JUN 1      8.34                      4.80   3.54    12.58
  SINCE JAN 1     19.11                     17.67   1.44    24.96

SNOWFALL (IN)
  YESTERDAY        0.0          MM      MM   0.0    0.0      0.0
  MONTH TO DATE    0.0                       0.0    0.0      0.0
  SINCE JUN 1      T                         0.0    0.0      0.0
  SINCE JUL 1      0.0                       0.0    0.0      0.0
  SNOW DEPTH       0

DEGREE DAYS
 HEATING
  YESTERDAY        1                         0      1        3
  MONTH TO DATE    7                         0      7        8
  SINCE JUN 1     30                        40    -10       18
  SINCE JUL 1      7                         0      7        8

 COOLING
  YESTERDAY        0                         7     -7        0
  MONTH TO DATE    0                        21    -21        3
  SINCE JUN 1    119                       160    -41      157
  SINCE JAN 1    155                       197    -42      211
..................................................................


WIND (MPH)
  HIGHEST WIND SPEED     8   HIGHEST WIND DIRECTION     W (280)
  HIGHEST GUST SPEED    11   HIGHEST GUST DIRECTION    NE (40)
  AVERAGE WIND SPEED     2.8


SKY COVER
  POSSIBLE SUNSHINE  MM
  AVERAGE SKY COVER 0.0


WEATHER CONDITIONS
 THE FOLLOWING WEATHER WAS RECORDED YESTERDAY.
  NO SIGNIFICANT WEATHER WAS OBSERVED.


RELATIVE HUMIDITY (PERCENT)
 HIGHEST    89           400 AM
 LOWEST     43           400 PM
 AVERAGE    66

..........................................................


THE DUBUQUE IA CLIMATE NORMALS FOR TODAY
                         NORMAL    RECORD    YEAR
 MAXIMUM TEMPERATURE (F)   82       101      1911
 MINIMUM TEMPERATURE (F)   62        45      1967


SUNRISE AND SUNSET
JULY  4 2015..........SUNRISE   531 AM CDT   SUNSET   843 PM CDT
JULY  5 2015..........SUNRISE   532 AM CDT   SUNSET   843 PM CDT


-  INDICATES NEGATIVE NUMBERS.
R  INDICATES RECORD WAS SET OR TIED.
MM INDICATES DATA IS MISSING.
T  INDICATES TRACE AMOUNT.




$$
