000
CDUS43 KDVN 161016
CLIDBQ


CLIMATE REPORT
NATIONAL WEATHER SERVICE QUAD CITIES IA IL
414 AM CST TUE JAN 16 2018


...................................

...THE DUBUQUE IA CLIMATE SUMMARY FOR JANUARY 15 2018...

CLIMATE NORMAL PERIOD 1981 TO 2010
CLIMATE RECORD PERIOD 1873 TO 2018


WEATHER ITEM   OBSERVED TIME   RECORD YEAR NORMAL DEPARTURE LAST
                VALUE   (LST)  VALUE       VALUE  FROM      YEAR
                                                  NORMAL
..................................................................
TEMPERATURE (F)
 YESTERDAY
  MAXIMUM         20    403 AM  56    1953  26     -6       31
  MINIMUM          0   1146 PM -26    2009  11    -11       14
  AVERAGE         10                        19     -9       23

PRECIPITATION (IN)
  YESTERDAY        0.04          1.08 1906   0.04   0.00     0.00
  MONTH TO DATE    0.15                      0.57  -0.42     0.45
  SINCE DEC 1      0.86                      2.41  -1.55     1.99
  SINCE JAN 1      0.15                      0.57  -0.42     0.45

SNOWFALL (IN)
  YESTERDAY        1.5          MM      MM   0.3    1.2      0.0
  MONTH TO DATE    3.4                       4.8   -1.4      0.2
  SINCE DEC 1      9.1                      16.6   -7.5     17.6
  SINCE JUL 1      9.1                      19.4  -10.3     17.6
  SNOW DEPTH       2

DEGREE DAYS
 HEATING
  YESTERDAY       55                        46      9       42
  MONTH TO DATE  812                       690    122      720
  SINCE DEC 1   2126                      2000    126     2075
  SINCE JUL 1   3491                      3500     -9     3067

 COOLING
  YESTERDAY        0                         0      0        0
  MONTH TO DATE    0                         0      0        0
  SINCE DEC 1      0                         0      0        0
  SINCE JAN 1      0                         0      0        0
..................................................................


WIND (MPH)
  HIGHEST WIND SPEED    24   HIGHEST WIND DIRECTION    NW (330)
  HIGHEST GUST SPEED    29   HIGHEST GUST DIRECTION    NW (320)
  AVERAGE WIND SPEED    13.0


SKY COVER
  POSSIBLE SUNSHINE  MM
  AVERAGE SKY COVER 1.0


WEATHER CONDITIONS
 THE FOLLOWING WEATHER WAS RECORDED YESTERDAY.
  LIGHT SNOW
  FOG
  HAZE


RELATIVE HUMIDITY (PERCENT)
 HIGHEST    91           300 AM
 LOWEST     73          1100 AM
 AVERAGE    82

..........................................................


THE DUBUQUE IA CLIMATE NORMALS FOR TODAY
                         NORMAL    RECORD    YEAR
 MAXIMUM TEMPERATURE (F)   26        54      1933
 MINIMUM TEMPERATURE (F)   11       -30      2009
                                             1888


SUNRISE AND SUNSET
JANUARY 16 2018.......SUNRISE   729 AM CST   SUNSET   457 PM CST
JANUARY 17 2018.......SUNRISE   728 AM CST   SUNSET   458 PM CST


-  INDICATES NEGATIVE NUMBERS.
R  INDICATES RECORD WAS SET OR TIED.
MM INDICATES DATA IS MISSING.
T  INDICATES TRACE AMOUNT.




$$
