000
CDUS43 KDVN 250930
CLIDBQ


CLIMATE REPORT
NATIONAL WEATHER SERVICE QUAD CITIES IA IL
428 AM CDT SUN JUN 25 2017


...................................

...THE DUBUQUE IA CLIMATE SUMMARY FOR JUNE 24 2017...

CLIMATE NORMAL PERIOD 1981 TO 2010
CLIMATE RECORD PERIOD 1873 TO 2017


WEATHER ITEM   OBSERVED TIME   RECORD YEAR NORMAL DEPARTURE LAST
                VALUE   (LST)  VALUE       VALUE  FROM      YEAR
                                                  NORMAL
..................................................................
TEMPERATURE (F)
 YESTERDAY
  MAXIMUM         71    425 PM  99    1931  81    -10       81
  MINIMUM         50   1159 PM  45    1887  61    -11       58
  AVERAGE         61                        71    -10       70

PRECIPITATION (IN)
  YESTERDAY        0.01          2.41 1968   0.15  -0.14     0.00
  MONTH TO DATE    1.69                      3.56  -1.87     6.36
  SINCE JUN 1      1.69                      3.56  -1.87     6.36
  SINCE JAN 1     15.40                     16.43  -1.03    17.31

SNOWFALL (IN)
  YESTERDAY        0.0          MM      MM   0.0    0.0      0.0
  MONTH TO DATE    0.0                       0.0    0.0      0.0
  SINCE JUN 1      0.0                       0.0    0.0      0.0
  SINCE JUL 1     27.2                      41.9  -14.7     34.8
  SNOW DEPTH       0

DEGREE DAYS
 HEATING
  YESTERDAY        4                         1      3        0
  MONTH TO DATE    8                        39    -31        9
  SINCE JUN 1      8                        39    -31        9
  SINCE JUL 1   6060                      7085  -1025     5976

 COOLING
  YESTERDAY        0                         6     -6        5
  MONTH TO DATE  158                       100     58      138
  SINCE JUN 1    158                       100     58      138
  SINCE JAN 1    182                       137     45      189
..................................................................


WIND (MPH)
  HIGHEST WIND SPEED    24   HIGHEST WIND DIRECTION     N (350)
  HIGHEST GUST SPEED    33   HIGHEST GUST DIRECTION     N (350)
  AVERAGE WIND SPEED    12.2


SKY COVER
  POSSIBLE SUNSHINE  MM
  AVERAGE SKY COVER 0.2


WEATHER CONDITIONS
 THE FOLLOWING WEATHER WAS RECORDED YESTERDAY.
  LIGHT RAIN


RELATIVE HUMIDITY (PERCENT)
 HIGHEST    96          1000 PM
 LOWEST     36           500 PM
 AVERAGE    66

..........................................................


THE DUBUQUE IA CLIMATE NORMALS FOR TODAY
                         NORMAL    RECORD    YEAR
 MAXIMUM TEMPERATURE (F)   81       102      1931
 MINIMUM TEMPERATURE (F)   61        41      2004


SUNRISE AND SUNSET
JUNE 25 2017..........SUNRISE   527 AM CDT   SUNSET   844 PM CDT
JUNE 26 2017..........SUNRISE   528 AM CDT   SUNSET   844 PM CDT


-  INDICATES NEGATIVE NUMBERS.
R  INDICATES RECORD WAS SET OR TIED.
MM INDICATES DATA IS MISSING.
T  INDICATES TRACE AMOUNT.




$$
