000
CDUS43 KDVN 230921
CLIDBQ


CLIMATE REPORT
NATIONAL WEATHER SERVICE QUAD CITIES IA IL
420 AM CDT THU OCT 23 2014


...................................

...THE DUBUQUE IA CLIMATE SUMMARY FOR OCTOBER 22 2014...

CLIMATE NORMAL PERIOD 1981 TO 2010
CLIMATE RECORD PERIOD 1873 TO 2014


WEATHER ITEM   OBSERVED TIME   RECORD YEAR NORMAL DEPARTURE LAST
                VALUE   (LST)  VALUE       VALUE  FROM      YEAR
                                                  NORMAL
..................................................................
TEMPERATURE (F)
 YESTERDAY
  MAXIMUM         58    327 PM  83    1947  58      0       41
                                      1899
  MINIMUM         34    638 AM  19    1976  38     -4       24
  AVERAGE         46                        48     -2       33

PRECIPITATION (IN)
  YESTERDAY        0.00          2.38 2001   0.08  -0.08     0.02
  MONTH TO DATE    2.78                      1.88   0.90     1.40
  SINCE SEP 1      4.92                      5.34  -0.42     3.77
  SINCE JAN 1     35.07                     31.32   3.75    34.46

SNOWFALL (IN)
  YESTERDAY        0.0          MM      MM   0.0    0.0       T
  MONTH TO DATE    T                         0.0    0.0       T
  SINCE SEP 1      T                         0.0    0.0       T
  SINCE JUL 1      T                         0.0    0.0       T
  SNOW DEPTH       0

DEGREE DAYS
 HEATING
  YESTERDAY       19                        17      2       32
  MONTH TO DATE  344                       300     44      280
  SINCE SEP 1    515                       451     64      386
  SINCE JUL 1    544                       478     66      418

 COOLING
  YESTERDAY        0                         0      0        0
  MONTH TO DATE    0                         4     -4        8
  SINCE SEP 1     44                        65    -21      104
  SINCE JAN 1    526                       641   -115      640
..................................................................


WIND (MPH)
  HIGHEST WIND SPEED    17   HIGHEST WIND DIRECTION     S (190)
  HIGHEST GUST SPEED    21   HIGHEST GUST DIRECTION     S (190)
  AVERAGE WIND SPEED     8.9


SKY COVER
  POSSIBLE SUNSHINE  MM
  AVERAGE SKY COVER 0.0


WEATHER CONDITIONS
 THE FOLLOWING WEATHER WAS RECORDED YESTERDAY.
  NO SIGNIFICANT WEATHER WAS OBSERVED.


RELATIVE HUMIDITY (PERCENT)
 HIGHEST    92          1200 AM
 LOWEST     47           200 PM
 AVERAGE    70

..........................................................


THE DUBUQUE IA CLIMATE NORMALS FOR TODAY
                         NORMAL    RECORD    YEAR
 MAXIMUM TEMPERATURE (F)   57        85      1899
 MINIMUM TEMPERATURE (F)   38        21      1895


SUNRISE AND SUNSET
OCTOBER 23 2014.......SUNRISE   725 AM CDT   SUNSET   608 PM CDT
OCTOBER 24 2014.......SUNRISE   726 AM CDT   SUNSET   607 PM CDT


-  INDICATES NEGATIVE NUMBERS.
R  INDICATES RECORD WAS SET OR TIED.
MM INDICATES DATA IS MISSING.
T  INDICATES TRACE AMOUNT.




$$
