000
CDUS41 KLWX 180519
CLIDCA


CLIMATE REPORT
NATIONAL WEATHER SERVICE BALTIMORE MD/WASHINGTON DC
119 AM EDT THU SEP 18 2014


...................................

...THE WASHINGTON NATIONAL DC CLIMATE SUMMARY FOR SEPTEMBER 17 2014...

CLIMATE NORMAL PERIOD 1981 TO 2010
CLIMATE RECORD PERIOD 1871 TO 2014


WEATHER ITEM   OBSERVED TIME   RECORD YEAR NORMAL DEPARTURE LAST
                VALUE   (LST)  VALUE       VALUE  FROM      YEAR
                                                  NORMAL
..................................................................
TEMPERATURE (F)
 YESTERDAY
  MAXIMUM         79    327 PM  96    1991  79      0       72
  MINIMUM         59    615 AM  44    1923  62     -3       54
  AVERAGE         69                        71     -2       63

PRECIPITATION (IN)
  YESTERDAY        0.00          3.26 1876   0.14  -0.14     0.00
  MONTH TO DATE    0.43                      2.02  -1.59     0.35
  SINCE SEP 1      0.43                      2.02  -1.59     0.35
  SINCE JAN 1     34.10                     28.42   5.68    28.67

SNOWFALL (IN)
  YESTERDAY        0.0          MM      MM   0.0    0.0
  MONTH TO DATE    0.0                       0.0    0.0
  SINCE JUL 1      0.0                       0.0    0.0
  SNOW DEPTH       0

DEGREE DAYS
 HEATING
  YESTERDAY        0                         1     -1        2
  MONTH TO DATE    0                         2     -2        2
  SINCE SEP 1      0                         2     -2        2
  SINCE JUL 1      0                         2     -2        2

 COOLING
  YESTERDAY        4                         6     -2        0
  MONTH TO DATE  204                       147     57      176
  SINCE SEP 1    204                       147     57      176
  SINCE JAN 1   1597                      1458    139     1606
..................................................................


WIND (MPH)
  HIGHEST WIND SPEED    10   HIGHEST WIND DIRECTION    SE (120)
  HIGHEST GUST SPEED    13   HIGHEST GUST DIRECTION    SE (130)
  AVERAGE WIND SPEED     4.2


SKY COVER
  POSSIBLE SUNSHINE  MM
  AVERAGE SKY COVER 0.4


WEATHER CONDITIONS
 THE FOLLOWING WEATHER WAS RECORDED YESTERDAY.
  NO SIGNIFICANT WEATHER WAS OBSERVED.


RELATIVE HUMIDITY (PERCENT)
 HIGHEST    75           500 AM
 LOWEST     32           400 PM
 AVERAGE    54

..........................................................


THE WASHINGTON NATIONAL DC CLIMATE NORMALS FOR TODAY
                         NORMAL    RECORD    YEAR
 MAXIMUM TEMPERATURE (F)   79        91      1927
                                             1921
                                             1898
 MINIMUM TEMPERATURE (F)   62        45      1937


SUNRISE AND SUNSET
SEPTEMBER 18 2014.....SUNRISE   652 AM EDT   SUNSET   712 PM EDT
SEPTEMBER 19 2014.....SUNRISE   653 AM EDT   SUNSET   710 PM EDT


-  INDICATES NEGATIVE NUMBERS.
R  INDICATES RECORD WAS SET OR TIED.
MM INDICATES DATA IS MISSING.
T  INDICATES TRACE AMOUNT.




$$
