000
CDUS41 KLWX 282123
CLIDCA


CLIMATE REPORT
NATIONAL WEATHER SERVICE BALTIMORE MD/WASHINGTON DC
423 PM EST FRI NOV 28 2014


...................................

...THE WASHINGTON NATIONAL DC CLIMATE SUMMARY FOR NOVEMBER 28 2014...
VALID TODAY AS OF 0400 PM LOCAL TIME.

CLIMATE NORMAL PERIOD 1981 TO 2010
CLIMATE RECORD PERIOD 1871 TO 2014


WEATHER ITEM   OBSERVED TIME   RECORD YEAR NORMAL DEPARTURE LAST
                VALUE   (LST)  VALUE       VALUE  FROM      YEAR
                                                  NORMAL
..................................................................
TEMPERATURE (F)
 TODAY
  MAXIMUM         42   1004 AM  74    1973  53    -11       40
  MINIMUM         34    516 AM  15    1930  37     -3       28
  AVERAGE         38                        45     -7       34

PRECIPITATION (IN)
  TODAY            0.00          2.26 1993   0.10  -0.10     0.00
  MONTH TO DATE    2.64                      2.95  -0.31     2.92
  SINCE SEP 1      7.24                     10.07  -2.83    10.39
  SINCE JAN 1     40.91                     36.47   4.44    38.71

SNOWFALL (IN)
  TODAY            0.0           3.0  1892   0.0    0.0
  MONTH TO DATE    T                         0.4   -0.4
  SINCE JUL 1      T                         0.4   -0.4
  SNOW DEPTH       0

DEGREE DAYS
 HEATING
  TODAY           27                        20      7       31
  MONTH TO DATE  471                       426     45      484
  SINCE SEP 1    573                       655    -82      649
  SINCE JUL 1    573                       655    -82      649

 COOLING
  TODAY            0                         0      0        0
  MONTH TO DATE    0                         0      0        2
  SINCE SEP 1    319                       236     83      289
  SINCE JAN 1   1712                      1547    165     1719
..................................................................


WIND (MPH)
  HIGHEST WIND SPEED    18   HIGHEST WIND DIRECTION    NW (310)
  HIGHEST GUST SPEED    24   HIGHEST GUST DIRECTION    NW (320)
  AVERAGE WIND SPEED    10.2


SKY COVER
  POSSIBLE SUNSHINE  MM
  AVERAGE SKY COVER 0.4


WEATHER CONDITIONS
 THE FOLLOWING WEATHER WAS RECORDED TODAY.
  NO SIGNIFICANT WEATHER WAS OBSERVED.


RELATIVE HUMIDITY (PERCENT)
 HIGHEST    59          1200 AM
 LOWEST     40           100 PM
 AVERAGE    50

..........................................................


THE WASHINGTON NATIONAL DC CLIMATE NORMALS FOR TOMORROW
                         NORMAL    RECORD    YEAR
 MAXIMUM TEMPERATURE (F)   52        73      1905
 MINIMUM TEMPERATURE (F)   37        14      1930


SUNRISE AND SUNSET
NOVEMBER 28 2014......SUNRISE   705 AM EST   SUNSET   447 PM EST
NOVEMBER 29 2014......SUNRISE   706 AM EST   SUNSET   447 PM EST


-  INDICATES NEGATIVE NUMBERS.
R  INDICATES RECORD WAS SET OR TIED.
MM INDICATES DATA IS MISSING.
T  INDICATES TRACE AMOUNT.




$$
