000
CDUS41 KALY 290626
CLIDDH


CLIMATE REPORT
NATIONAL WEATHER SERVICE ALBANY NY
226 AM EDT MON AUG 29 2016


...................................

...THE BENNINGTON VT CLIMATE SUMMARY FOR AUGUST 28 2016...

CLIMATE NORMAL PERIOD 1981 TO 2010
CLIMATE RECORD PERIOD 9999 TO 9999


WEATHER ITEM   OBSERVED TIME   NORMAL DEPARTURE LAST
                VALUE   (LST)  VALUE  FROM      YEAR
                                      NORMAL
......................................................
TEMPERATURE (F)
 YESTERDAY
  MAXIMUM         85    400 PM  76      9       75
  MINIMUM         58    557 AM  53      5       48
  AVERAGE         72            65      7       62

PRECIPITATION (IN)
  YESTERDAY        0.00          0.12  -0.12     0.00
  MONTH TO DATE    4.13          3.66   0.47     1.73
  SINCE JUN 1      8.26         12.13  -3.87     6.67
  SINCE JAN 1     21.31         27.20  -5.89    14.23

DEGREE DAYS
 HEATING
  YESTERDAY        0             2     -2        3
  MONTH TO DATE   10            36    -26        9
  SINCE JUN 1     89           157    -68      131
  SINCE JUL 1     20            60    -40       36

 COOLING
  YESTERDAY        7             2      5        0
  MONTH TO DATE  170            89     81      113
  SINCE JUN 1    394           270    124      297
  SINCE JAN 1    436           284    152      361
......................................................


WIND (MPH)
  HIGHEST WIND SPEED    14   HIGHEST WIND DIRECTION     S (180)
  HIGHEST GUST SPEED    19   HIGHEST GUST DIRECTION     S (170)
  AVERAGE WIND SPEED     4.5


SKY COVER
  AVERAGE SKY COVER 0.2



RELATIVE HUMIDITY (PERCENT)
 HIGHEST   100           600 AM
 LOWEST     43           100 PM
 AVERAGE    72

..........................................................


THE BENNINGTON VT CLIMATE NORMALS FOR TODAY
                         NORMAL
 MAXIMUM TEMPERATURE (F)   76
 MINIMUM TEMPERATURE (F)   53


SUNRISE AND SUNSET
AUGUST 29 2016........SUNRISE   615 AM EDT   SUNSET   732 PM EDT
AUGUST 30 2016........SUNRISE   616 AM EDT   SUNSET   730 PM EDT


-  INDICATES NEGATIVE NUMBERS.
R  INDICATES RECORD WAS SET OR TIED.
MM INDICATES DATA IS MISSING.
T  INDICATES TRACE AMOUNT.




$$
