000
CDUS41 KALY 100628
CLIDDH


CLIMATE REPORT
NATIONAL WEATHER SERVICE ALBANY NY
128 AM EST WED FEB 10 2016


...................................

...THE BENNINGTON VT CLIMATE SUMMARY FOR FEBRUARY 9 2016...

CLIMATE NORMAL PERIOD 1981 TO 2010
CLIMATE RECORD PERIOD 9999 TO 9999


WEATHER ITEM   OBSERVED TIME   NORMAL DEPARTURE LAST
                VALUE   (LST)  VALUE  FROM      YEAR
                                      NORMAL
......................................................
TEMPERATURE (F)
 YESTERDAY
  MAXIMUM         32    309 PM  33     -1       22
  MINIMUM         19    710 AM  14      5       19
  AVERAGE         26            24      2       21

PRECIPITATION (IN)
  YESTERDAY        0.01          0.07  -0.06     0.08
  MONTH TO DATE    0.87          0.60   0.27     0.70
  SINCE DEC 1      5.73          6.14  -0.41     7.01
  SINCE JAN 1      1.98          3.35  -1.37     3.10

DEGREE DAYS
 HEATING
  YESTERDAY       39            41     -2       44
  MONTH TO DATE  267           378   -111      464
  SINCE DEC 1   2229          2896   -667     2951
  SINCE JUL 1   3572          4509   -937     4444

 COOLING
  YESTERDAY        0             0      0        0
  MONTH TO DATE    0             0      0        0
  SINCE DEC 1      0             0      0        0
  SINCE JAN 1      0             0      0        0
......................................................


WIND (MPH)
  HIGHEST WIND SPEED     8   HIGHEST WIND DIRECTION    SE (130)
  HIGHEST GUST SPEED    11   HIGHEST GUST DIRECTION    SE (130)
  AVERAGE WIND SPEED     2.1


SKY COVER
  AVERAGE SKY COVER 1.0



RELATIVE HUMIDITY (PERCENT)
 HIGHEST    92          1200 AM
 LOWEST     54           300 PM
 AVERAGE    73

..........................................................


THE BENNINGTON VT CLIMATE NORMALS FOR TODAY
                         NORMAL
 MAXIMUM TEMPERATURE (F)   34
 MINIMUM TEMPERATURE (F)   14


SUNRISE AND SUNSET
FEBRUARY 10 2016......SUNRISE   658 AM EST   SUNSET   517 PM EST
FEBRUARY 11 2016......SUNRISE   656 AM EST   SUNSET   519 PM EST


-  INDICATES NEGATIVE NUMBERS.
R  INDICATES RECORD WAS SET OR TIED.
MM INDICATES DATA IS MISSING.
T  INDICATES TRACE AMOUNT.




$$
