000
CDUS43 KILX 212137
CLIDEC


CLIMATE REPORT
NATIONAL WEATHER SERVICE LINCOLN IL
437 PM CDT THU SEP 21 2017


...................................

...THE DECATUR IL AIRPORT CLIMATE SUMMARY FOR SEPTEMBER 21 2017...
VALID TODAY AS OF 0400 PM LOCAL TIME.

CLIMATE NORMAL PERIOD 1981 TO 2010
CLIMATE RECORD PERIOD 9999 TO 9999


WEATHER ITEM   OBSERVED TIME   RECORD YEAR NORMAL DEPARTURE LAST
                VALUE   (LST)  VALUE       VALUE  FROM      YEAR
                                                  NORMAL
..................................................................
TEMPERATURE (F)
 TODAY
  MAXIMUM         94    325 PM  MM      MM  77     17       92
  MINIMUM         69    426 AM  MM      MM  52     17       61
  AVERAGE         82                        64     18       77

PRECIPITATION (IN)
  TODAY            0.00         MM      MM   0.07  -0.07     0.00
  MONTH TO DATE    0.88                      2.25  -1.37     2.36
  SINCE SEP 1      0.88                      2.25  -1.37     2.36
  SINCE JAN 1     27.05                     28.56  -1.51    25.28

DEGREE DAYS
 HEATING
  TODAY            0                         3     -3        0
  MONTH TO DATE   31                        24      7        0
  SINCE SEP 1     31                        24      7        0
  SINCE JUL 1     32                        30      2        5

 COOLING
  TODAY           17                         2     15       12
  MONTH TO DATE   98                        93      5      180
  SINCE SEP 1     98                        93      5      180
  SINCE JAN 1   1004                      1011     -7     1315
..................................................................


WIND (MPH)
  HIGHEST WIND SPEED    12   HIGHEST WIND DIRECTION    SE (150)
  HIGHEST GUST SPEED    16   HIGHEST GUST DIRECTION     S (180)
  AVERAGE WIND SPEED     6.1


SKY COVER
  POSSIBLE SUNSHINE  MM
  AVERAGE SKY COVER 0.0


WEATHER CONDITIONS
 THE FOLLOWING WEATHER WAS RECORDED TODAY.
  NO SIGNIFICANT WEATHER WAS OBSERVED.


RELATIVE HUMIDITY (PERCENT)
 HIGHEST    93           300 AM
 LOWEST     44           300 PM
 AVERAGE    69

..........................................................


THE DECATUR IL AIRPORT CLIMATE NORMALS FOR TOMORROW
                         NORMAL    RECORD    YEAR
 MAXIMUM TEMPERATURE (F)   76        MM        MM
 MINIMUM TEMPERATURE (F)   51        MM        MM


SUNRISE AND SUNSET
SEPTEMBER 21 2017.....SUNRISE   642 AM CDT   SUNSET   654 PM CDT
SEPTEMBER 22 2017.....SUNRISE   643 AM CDT   SUNSET   652 PM CDT


-  INDICATES NEGATIVE NUMBERS.
R  INDICATES RECORD WAS SET OR TIED.
MM INDICATES DATA IS MISSING.
T  INDICATES TRACE AMOUNT.




$$
