000
CDUS43 KILX 160631
CLIDEC


CLIMATE REPORT
NATIONAL WEATHER SERVICE LINCOLN IL
130 AM CDT TUE SEP 16 2014


...................................

...THE DECATUR IL AIRPORT CLIMATE SUMMARY FOR SEPTEMBER 15 2014...

CLIMATE NORMAL PERIOD 1981 TO 2010
CLIMATE RECORD PERIOD 9999 TO 9999


WEATHER ITEM   OBSERVED TIME   RECORD YEAR NORMAL DEPARTURE LAST
                VALUE   (LST)  VALUE       VALUE  FROM      YEAR
                                                  NORMAL
..................................................................
TEMPERATURE (F)
 YESTERDAY
  MAXIMUM         61    415 PM  MM      MM  79    -18       78
  MINIMUM         47    128 AM  MM      MM  55     -8       53
  AVERAGE         54                        67    -13       66

PRECIPITATION (IN)
  YESTERDAY        1.23         MM      MM   0.09   1.14     0.01
  MONTH TO DATE    3.49                      1.80   1.69     0.14
  SINCE SEP 1      3.49                      1.80   1.69     0.14
  SINCE JAN 1     27.42                     28.11  -0.69    26.51

DEGREE DAYS
 HEATING
  YESTERDAY       11                         2      9        0
  MONTH TO DATE   50                        10     40       11
  SINCE SEP 1     50                        10     40       11
  SINCE JUL 1     52                        16     36       21

 COOLING
  YESTERDAY        0                         3     -3        1
  MONTH TO DATE   67                        77    -10      129
  SINCE SEP 1     67                        77    -10      129
  SINCE JAN 1    971                       995    -24     1001
..................................................................


WIND (MPH)
  HIGHEST WIND SPEED    21   HIGHEST WIND DIRECTION     N (350)
  HIGHEST GUST SPEED    26   HIGHEST GUST DIRECTION     N (340)
  AVERAGE WIND SPEED     7.5


SKY COVER
  POSSIBLE SUNSHINE  MM
  AVERAGE SKY COVER 0.8


WEATHER CONDITIONS
 THE FOLLOWING WEATHER WAS RECORDED YESTERDAY.
  THUNDERSTORM
  HEAVY RAIN
  RAIN
  LIGHT RAIN
  FOG


RELATIVE HUMIDITY (PERCENT)
 HIGHEST    97           500 PM
 LOWEST     72           600 AM
 AVERAGE    85

..........................................................


THE DECATUR IL AIRPORT CLIMATE NORMALS FOR TODAY
                         NORMAL    RECORD    YEAR
 MAXIMUM TEMPERATURE (F)   79        MM        MM
 MINIMUM TEMPERATURE (F)   54        MM        MM


SUNRISE AND SUNSET
SEPTEMBER 16 2014.....SUNRISE   637 AM CDT   SUNSET   702 PM CDT
SEPTEMBER 17 2014.....SUNRISE   638 AM CDT   SUNSET   701 PM CDT


-  INDICATES NEGATIVE NUMBERS.
R  INDICATES RECORD WAS SET OR TIED.
MM INDICATES DATA IS MISSING.
T  INDICATES TRACE AMOUNT.




$$
