000
CDUS43 KILX 270637
CLIDEC


CLIMATE REPORT
NATIONAL WEATHER SERVICE LINCOLN IL
135 AM CDT FRI MAY 27 2016


...................................

...THE DECATUR IL AIRPORT CLIMATE SUMMARY FOR MAY 26 2016...

CLIMATE NORMAL PERIOD 1981 TO 2010
CLIMATE RECORD PERIOD 9999 TO 9999


WEATHER ITEM   OBSERVED TIME   RECORD YEAR NORMAL DEPARTURE LAST
                VALUE   (LST)  VALUE       VALUE  FROM      YEAR
                                                  NORMAL
..................................................................
TEMPERATURE (F)
 YESTERDAY
  MAXIMUM         82    414 PM  MM      MM  77      5       79
  MINIMUM         65    758 AM  MM      MM  55     10       67
  AVERAGE         74                        66      8       73

PRECIPITATION (IN)
  YESTERDAY        0.44         MM      MM   0.12   0.32     0.54
  MONTH TO DATE    2.67                      3.76  -1.09     4.53
  SINCE MAR 1      9.19                     10.20  -1.01     8.16
  SINCE JAN 1     10.38                     13.92  -3.54     9.41

DEGREE DAYS
 HEATING
  YESTERDAY        0                         3     -3        0
  MONTH TO DATE  138                       129      9       79
  SINCE MAR 1    993                      1235   -242     1169
  SINCE JUL 1   4485                      5492  -1007     5815

 COOLING
  YESTERDAY        9                         4      5        8
  MONTH TO DATE   36                        53    -17      122
  SINCE MAR 1     43                        67    -24      125
  SINCE JAN 1     43                        67    -24      125
..................................................................


WIND (MPH)
  HIGHEST WIND SPEED    30   HIGHEST WIND DIRECTION    NW (300)
  HIGHEST GUST SPEED    39   HIGHEST GUST DIRECTION    NW (300)
  AVERAGE WIND SPEED    10.8


SKY COVER
  POSSIBLE SUNSHINE  MM
  AVERAGE SKY COVER 0.3


WEATHER CONDITIONS
 THE FOLLOWING WEATHER WAS RECORDED YESTERDAY.
  THUNDERSTORM
  HEAVY RAIN
  RAIN
  LIGHT RAIN
  FOG


RELATIVE HUMIDITY (PERCENT)
 HIGHEST    90          1200 AM
 LOWEST     58           100 PM
 AVERAGE    74

..........................................................


THE DECATUR IL AIRPORT CLIMATE NORMALS FOR TODAY
                         NORMAL    RECORD    YEAR
 MAXIMUM TEMPERATURE (F)   77        MM        MM
 MINIMUM TEMPERATURE (F)   55        MM        MM


SUNRISE AND SUNSET
MAY 27 2016...........SUNRISE   531 AM CDT   SUNSET   814 PM CDT
MAY 28 2016...........SUNRISE   531 AM CDT   SUNSET   815 PM CDT


-  INDICATES NEGATIVE NUMBERS.
R  INDICATES RECORD WAS SET OR TIED.
MM INDICATES DATA IS MISSING.
T  INDICATES TRACE AMOUNT.




$$
