000
CDUS43 KILX 300644
CLIDEC


CLIMATE REPORT
NATIONAL WEATHER SERVICE LINCOLN IL
144 AM CDT SUN AUG 30 2015


...................................

...THE DECATUR IL AIRPORT CLIMATE SUMMARY FOR AUGUST 29 2015...

CLIMATE NORMAL PERIOD 1981 TO 2010
CLIMATE RECORD PERIOD 9999 TO 9999


WEATHER ITEM   OBSERVED TIME   RECORD YEAR NORMAL DEPARTURE LAST
                VALUE   (LST)  VALUE       VALUE  FROM      YEAR
                                                  NORMAL
..................................................................
TEMPERATURE (F)
 YESTERDAY
  MAXIMUM         82    306 PM  MM      MM  83     -1       89
  MINIMUM         65    232 AM  MM      MM  61      4       71
  AVERAGE         74                        72      2       80

PRECIPITATION (IN)
  YESTERDAY        0.01         MM      MM   0.14  -0.13     0.00
  MONTH TO DATE    2.29                      3.37  -1.08     4.93
  SINCE JUN 1     12.21                     11.58   0.63    14.27
  SINCE JAN 1     22.91                     26.03  -3.12    23.93

DEGREE DAYS
 HEATING
  YESTERDAY        0                         0      0        0
  MONTH TO DATE    1                         0      1        0
  SINCE JUN 1      9                        18     -9        3
  SINCE JUL 1      2                         1      1        2

 COOLING
  YESTERDAY        9                         7      2       15
  MONTH TO DATE  230                       255    -25      272
  SINCE JUN 1    789                       817    -28      731
  SINCE JAN 1    933                       904     29      876
..................................................................


WIND (MPH)
  HIGHEST WIND SPEED    16   HIGHEST WIND DIRECTION     S (190)
  HIGHEST GUST SPEED    19   HIGHEST GUST DIRECTION     S (180)
  AVERAGE WIND SPEED     7.1


SKY COVER
  POSSIBLE SUNSHINE  MM
  AVERAGE SKY COVER 0.5


WEATHER CONDITIONS
 THE FOLLOWING WEATHER WAS RECORDED YESTERDAY.
  NO SIGNIFICANT WEATHER WAS OBSERVED.


RELATIVE HUMIDITY (PERCENT)
 HIGHEST    87           100 AM
 LOWEST     58           100 PM
 AVERAGE    73

..........................................................


THE DECATUR IL AIRPORT CLIMATE NORMALS FOR TODAY
                         NORMAL    RECORD    YEAR
 MAXIMUM TEMPERATURE (F)   83        MM        MM
 MINIMUM TEMPERATURE (F)   61        MM        MM


SUNRISE AND SUNSET
AUGUST 30 2015........SUNRISE   621 AM CDT   SUNSET   730 PM CDT
AUGUST 31 2015........SUNRISE   622 AM CDT   SUNSET   729 PM CDT


-  INDICATES NEGATIVE NUMBERS.
R  INDICATES RECORD WAS SET OR TIED.
MM INDICATES DATA IS MISSING.
T  INDICATES TRACE AMOUNT.




$$
