000
CDUS43 KILX 252145
CLIDEC


CLIMATE REPORT
NATIONAL WEATHER SERVICE LINCOLN IL
435 PM CDT SUN SEP 25 2016


...................................

...THE DECATUR IL AIRPORT CLIMATE SUMMARY FOR SEPTEMBER 25 2016...
VALID TODAY AS OF 0400 PM LOCAL TIME.

CLIMATE NORMAL PERIOD 1981 TO 2010
CLIMATE RECORD PERIOD 9999 TO 9999


WEATHER ITEM   OBSERVED TIME   RECORD YEAR NORMAL DEPARTURE LAST
                VALUE   (LST)  VALUE       VALUE  FROM      YEAR
                                                  NORMAL
..................................................................
TEMPERATURE (F)
 TODAY
  MAXIMUM         90    250 PM  MM      MM  75     15       86
  MINIMUM         65    553 AM  MM      MM  50     15       53
  AVERAGE         78                        62     16       70

PRECIPITATION (IN)
  TODAY            0.02         MM      MM   0.07  -0.05     0.00
  MONTH TO DATE    2.38                      2.53  -0.15     2.14
  SINCE SEP 1      2.38                      2.53  -0.15     2.14
  SINCE JAN 1     25.30                     28.84  -3.54    25.05

DEGREE DAYS
 HEATING
  TODAY            0                         4     -4        0
  MONTH TO DATE    0                        39    -39       19
  SINCE SEP 1      0                        39    -39       19
  SINCE JUL 1      5                        45    -40       21

 COOLING
  TODAY           13                         2     11        5
  MONTH TO DATE  227                       101    126      197
  SINCE SEP 1    227                       101    126      197
  SINCE JAN 1   1362                      1019    343     1156
..................................................................


WIND (MPH)
  HIGHEST WIND SPEED    18   HIGHEST WIND DIRECTION    SW (230)
  HIGHEST GUST SPEED    25   HIGHEST GUST DIRECTION     W (280)
  AVERAGE WIND SPEED     6.8


SKY COVER
  POSSIBLE SUNSHINE  MM
  AVERAGE SKY COVER 0.3


WEATHER CONDITIONS
 THE FOLLOWING WEATHER WAS RECORDED TODAY.
  FOG
  HAZE


RELATIVE HUMIDITY (PERCENT)
 HIGHEST    93           200 AM
 LOWEST     44           200 PM
 AVERAGE    69

..........................................................


THE DECATUR IL AIRPORT CLIMATE NORMALS FOR TOMORROW
                         NORMAL    RECORD    YEAR
 MAXIMUM TEMPERATURE (F)   75        MM        MM
 MINIMUM TEMPERATURE (F)   49        MM        MM


SUNRISE AND SUNSET
SEPTEMBER 25 2016.....SUNRISE   646 AM CDT   SUNSET   647 PM CDT
SEPTEMBER 26 2016.....SUNRISE   647 AM CDT   SUNSET   645 PM CDT


-  INDICATES NEGATIVE NUMBERS.
R  INDICATES RECORD WAS SET OR TIED.
MM INDICATES DATA IS MISSING.
T  INDICATES TRACE AMOUNT.




$$
