000
CDUS45 KBOU 170757
CLIDEN


CLIMATE REPORT
NATIONAL WEATHER SERVICE DENVER/BOULDER CO
156 AM MDT THU AUG 17 2017


...................................

...THE DENVER CO CLIMATE SUMMARY FOR AUGUST 16 2017...

CLIMATE NORMAL PERIOD 1981 TO 2010
CLIMATE RECORD PERIOD 1872 TO 2017


WEATHER ITEM   OBSERVED TIME   RECORD YEAR NORMAL DEPARTURE LAST
                VALUE   (LST)  VALUE       VALUE  FROM      YEAR
                                                  NORMAL
..................................................................
TEMPERATURE (F)
 YESTERDAY
  MAXIMUM         76    413 PM 100    2002  87    -11       91
  MINIMUM         57   1054 PM  47    2009  58     -1       52
                                      1978
  AVERAGE         67                        73     -6       72

PRECIPITATION (IN)
  YESTERDAY        0.00          1.13 1931   0.05  -0.05     0.00
  MONTH TO DATE    1.86                      1.05   0.81     0.03
  SINCE JUN 1      2.66                      5.19  -2.53     2.72
  SINCE JAN 1      8.97                     10.72  -1.75     9.82

SNOWFALL (IN)
  YESTERDAY        0.0
  MONTH TO DATE      0
  SINCE JUN 1        0
  SINCE JUL 1        0
  SNOW DEPTH       0


DEGREE DAYS
 HEATING
  YESTERDAY        0                         0      0        0
  MONTH TO DATE    8                         0      8        0
  SINCE JUN 1     33                        68    -35        4
  SINCE JUL 1      8                         6      2        0

 COOLING
  YESTERDAY        2                         8     -6        7
  MONTH TO DATE   75                       146    -71      150
  SINCE JUN 1    602                       568     34      691
  SINCE JAN 1    608                       590     18      694
..................................................................


WIND (MPH)
  HIGHEST WIND SPEED    18   HIGHEST WIND DIRECTION     N (10)
  HIGHEST GUST SPEED    26   HIGHEST GUST DIRECTION     N (10)
  AVERAGE WIND SPEED     7.3


SKY COVER **
  POSSIBLE SUNSHINE  MM
  AVERAGE SKY COVER 0.6


WEATHER CONDITIONS
 THE FOLLOWING WEATHER WAS RECORDED YESTERDAY.
  NO SIGNIFICANT WEATHER WAS OBSERVED.


RELATIVE HUMIDITY (PERCENT)
 HIGHEST    86          1200 AM
 LOWEST     31           500 PM
 AVERAGE    59

..........................................................


THE DENVER CO CLIMATE NORMALS FOR TODAY
                         NORMAL    RECORD    YEAR
 MAXIMUM TEMPERATURE (F)   87        97      2013
 MINIMUM TEMPERATURE (F)   58        44      1960


SUNRISE AND SUNSET
AUGUST 17 2017........SUNRISE   613 AM MDT   SUNSET   752 PM MDT
AUGUST 18 2017........SUNRISE   614 AM MDT   SUNSET   751 PM MDT


-  INDICATES NEGATIVE NUMBERS.
R  INDICATES RECORD WAS SET OR TIED.
MM INDICATES DATA IS MISSING.
T  INDICATES TRACE AMOUNT.

&&

** SUNSHINE DATA WILL NO LONGER BE AVAILABLE EFFECTIVE OCTOBER 1ST 2009.




$$
