000
CDUS45 KBOU 260800
CLIDEN


CLIMATE REPORT
NATIONAL WEATHER SERVICE DENVER/BOULDER CO
157 AM MDT TUE JUL 26 2016


...................................

...THE DENVER CO CLIMATE SUMMARY FOR JULY 25 2016...

CLIMATE NORMAL PERIOD 1981 TO 2010
CLIMATE RECORD PERIOD 1872 TO 2016


WEATHER ITEM   OBSERVED TIME   RECORD YEAR NORMAL DEPARTURE LAST
                VALUE   (LST)  VALUE       VALUE  FROM      YEAR
                                                  NORMAL
..................................................................
TEMPERATURE (F)
 YESTERDAY
  MAXIMUM         97    231 PM  99    1963  90      7       92
                                      1931
  MINIMUM         59    518 AM  51    1973  60     -1       62
  AVERAGE         78                        75      3       77

PRECIPITATION (IN)
  YESTERDAY        0.00          2.69 1998   0.08  -0.08     0.00
  MONTH TO DATE    1.06                      1.69  -0.63     1.06
  SINCE JUN 1      2.68                      3.67  -0.99     3.59
  SINCE JAN 1      9.78                      9.20   0.58    12.42

SNOWFALL (IN)
  YESTERDAY        0.0
  MONTH TO DATE      0
  SINCE JUN 1        0
  SINCE JUL 1        0
  SNOW DEPTH       0


DEGREE DAYS
 HEATING
  YESTERDAY        0                         0      0        0
  MONTH TO DATE    0                         1     -1        5
  SINCE JUN 1      4                        63    -59       16
  SINCE JUL 1      0                         1     -1        5

 COOLING
  YESTERDAY       13                        10      3       12
  MONTH TO DATE  285                       229     56      191
  SINCE JUN 1    470                       362    108      345
  SINCE JAN 1    473                       384     89      349
..................................................................


WIND (MPH)
  HIGHEST WIND SPEED    36   HIGHEST WIND DIRECTION     S (160)
  HIGHEST GUST SPEED    42   HIGHEST GUST DIRECTION     S (160)
  AVERAGE WIND SPEED    12.1


SKY COVER **
  POSSIBLE SUNSHINE  MM
  AVERAGE SKY COVER 0.3


WEATHER CONDITIONS
 THE FOLLOWING WEATHER WAS RECORDED YESTERDAY.
  NO SIGNIFICANT WEATHER WAS OBSERVED.


RELATIVE HUMIDITY (PERCENT)
 HIGHEST    84          1200 AM
 LOWEST     14           300 PM
 AVERAGE    49

..........................................................


THE DENVER CO CLIMATE NORMALS FOR TODAY
                         NORMAL    RECORD    YEAR
 MAXIMUM TEMPERATURE (F)   90       100      1910
 MINIMUM TEMPERATURE (F)   60        51      1971
                                             1873


SUNRISE AND SUNSET
JULY 26 2016..........SUNRISE   552 AM MDT   SUNSET   818 PM MDT
JULY 27 2016..........SUNRISE   553 AM MDT   SUNSET   817 PM MDT


-  INDICATES NEGATIVE NUMBERS.
R  INDICATES RECORD WAS SET OR TIED.
MM INDICATES DATA IS MISSING.
T  INDICATES TRACE AMOUNT.

&&

** SUNSHINE DATA WILL NO LONGER BE AVAILABLE EFFECTIVE OCTOBER 1ST 2009.




$$
