000
CDUS45 KBOU 111231
CLIDEN


CLIMATE REPORT
NATIONAL WEATHER SERVICE DENVER CO
630 AM MDT FRI JUL 11 2014


...................................

...THE DENVER CO CLIMATE SUMMARY FOR JULY 11 2014...
VALID AS OF 0600 AM LOCAL TIME.

CLIMATE NORMAL PERIOD 1981 TO 2010
CLIMATE RECORD PERIOD 1872 TO 2014


WEATHER ITEM   OBSERVED TIME   RECORD YEAR NORMAL DEPARTURE LAST
                VALUE   (LST)  VALUE       VALUE  FROM      YEAR
                                                  NORMAL
..................................................................
TEMPERATURE (F)
 TODAY
  MAXIMUM         69   1226 AM 102    1954  89    -20      100
  MINIMUM         65    459 AM  49    1961  59      6       64
                                      1895
  AVERAGE         67                        74     -7       82

PRECIPITATION (IN)
  TODAY            0.00          1.64 1872   0.07  -0.07      T
  MONTH TO DATE    0.15                      0.63  -0.48     0.10
  SINCE JUN 1      1.97                      2.61  -0.64     0.85
  SINCE JAN 1      8.68                      8.14   0.54     6.09

..................................................................


WIND (MPH)
  HIGHEST WIND SPEED    16   HIGHEST WIND DIRECTION     N (20)
  HIGHEST GUST SPEED    24   HIGHEST GUST DIRECTION     N (10)
  AVERAGE WIND SPEED     6.7




RELATIVE HUMIDITY (PERCENT)
 HIGHEST    73           400 AM
 LOWEST     61          1200 AM
 AVERAGE    67

..........................................................


THE DENVER CO CLIMATE NORMALS FOR TOMORROW
                         NORMAL    RECORD    YEAR
 MAXIMUM TEMPERATURE (F)   90       101      1971
                                             1954
 MINIMUM TEMPERATURE (F)   59        48      1987
                                             1961


SUNRISE AND SUNSET
JULY 11 2014..........SUNRISE   540 AM MDT   SUNSET   828 PM MDT
JULY 12 2014..........SUNRISE   541 AM MDT   SUNSET   828 PM MDT


-  INDICATES NEGATIVE NUMBERS.
R  INDICATES RECORD WAS SET OR TIED.
MM INDICATES DATA IS MISSING.
T  INDICATES TRACE AMOUNT.




$$
