000
CDUS45 KBOU 082330
CLIDEN


CLIMATE REPORT
NATIONAL WEATHER SERVICE DENVER/BOULDER CO
430 PM MST THU DEC 8 2016


...................................

...THE DENVER CO CLIMATE SUMMARY FOR DECEMBER 8 2016...
VALID TODAY AS OF 0400 PM LOCAL TIME.

CLIMATE NORMAL PERIOD 1981 TO 2010
CLIMATE RECORD PERIOD 1872 TO 2016


WEATHER ITEM   OBSERVED TIME   RECORD YEAR NORMAL DEPARTURE LAST
                VALUE   (LST)  VALUE       VALUE  FROM      YEAR
                                                  NORMAL
..................................................................
TEMPERATURE (F)
 TODAY
  MAXIMUM         19    305 PM  73    1940  43    -24       59
  MINIMUM        -10    542 AM -14    1919  17    -27       34
  AVERAGE          5                        30    -25       47

PRECIPITATION (IN)
  TODAY            0.00          0.48 1923   0.02  -0.02     0.00
  MONTH TO DATE    0.06                      0.10  -0.04     0.00
  SINCE DEC 1      0.06                      0.10  -0.04     0.00
  SINCE JAN 1     11.13                     14.05  -2.92    17.60

DEGREE DAYS
 HEATING
  TODAY           60                        35     25       18
  MONTH TO DATE  344                       272     72      214
  SINCE DEC 1    344                       272     72      214
  SINCE JUL 1   1240                      1654   -414     1304

 COOLING
  TODAY            0                         0      0        0
  MONTH TO DATE    0                         0      0        0
  SINCE DEC 1      0                         0      0        0
  SINCE JAN 1    878                       769    109      877
..................................................................


WIND (MPH)
  HIGHEST WIND SPEED    14   HIGHEST WIND DIRECTION     N (10)
  HIGHEST GUST SPEED    18   HIGHEST GUST DIRECTION     N (10)
  AVERAGE WIND SPEED     5.1


SKY COVER **
  POSSIBLE SUNSHINE  MM
  AVERAGE SKY COVER 0.5


WEATHER CONDITIONS
 THE FOLLOWING WEATHER WAS RECORDED TODAY.
  NO SIGNIFICANT WEATHER WAS OBSERVED.


RELATIVE HUMIDITY (PERCENT)
 HIGHEST    96           900 AM
 LOWEST     61           100 PM
 AVERAGE    79

..........................................................


THE DENVER CO CLIMATE NORMALS FOR TOMORROW
                         NORMAL    RECORD    YEAR
 MAXIMUM TEMPERATURE (F)   43        71      1957
 MINIMUM TEMPERATURE (F)   17       -20      1919
                                             1898


SUNRISE AND SUNSET
DECEMBER  8 2016......SUNRISE   709 AM MST   SUNSET   433 PM MST
DECEMBER  9 2016......SUNRISE   709 AM MST   SUNSET   433 PM MST


-  INDICATES NEGATIVE NUMBERS.
R  INDICATES RECORD WAS SET OR TIED.
MM INDICATES DATA IS MISSING.
T  INDICATES TRACE AMOUNT.




$$
