000
CDUS45 KBOU 210749
CLIDEN


CLIMATE REPORT
NATIONAL WEATHER SERVICE DENVER CO
148 AM MDT SUN SEP 21 2014


...................................

...THE DENVER CO CLIMATE SUMMARY FOR SEPTEMBER 20 2014...

CLIMATE NORMAL PERIOD 1981 TO 2010
CLIMATE RECORD PERIOD 1872 TO 2014


WEATHER ITEM   OBSERVED TIME   RECORD YEAR NORMAL DEPARTURE LAST
                VALUE   (LST)  VALUE       VALUE  FROM      YEAR
                                                  NORMAL
..................................................................
TEMPERATURE (F)
 YESTERDAY
  MAXIMUM         80    328 PM  94    2010  77      3       73
  MINIMUM         52    550 AM  28    1983  47      5       47
  AVERAGE         66                        62      4       60

PRECIPITATION (IN)
  YESTERDAY        0.00          0.74 1995   0.03  -0.03     0.00
  MONTH TO DATE    0.65                      0.65   0.00     4.65
  SINCE SEP 1      0.65                      0.65   0.00     4.65
  SINCE JAN 1     15.76                     12.01   3.75    15.40

SNOWFALL (IN)
  YESTERDAY        0.0
  MONTH TO DATE      T
  SINCE SEP 1        T
  SINCE JUL 1        T
  SNOW DEPTH       0


DEGREE DAYS
 HEATING
  YESTERDAY        0                         5     -5        5
  MONTH TO DATE   70                        55     15       22
  SINCE SEP 1     70                        55     15       22
  SINCE JUL 1     77                        71      6       22

 COOLING
  YESTERDAY        1                         2     -1        0
  MONTH TO DATE   58                        66     -8      127
  SINCE SEP 1     58                        66     -8      127
  SINCE JAN 1    671                       754    -83      993
..................................................................


WIND (MPH)
  HIGHEST WIND SPEED    16   HIGHEST WIND DIRECTION    SW (210)
  HIGHEST GUST SPEED    20   HIGHEST GUST DIRECTION    NE (60)
  AVERAGE WIND SPEED     6.8


SKY COVER **
  POSSIBLE SUNSHINE  MM
  AVERAGE SKY COVER 0.3


WEATHER CONDITIONS
 THE FOLLOWING WEATHER WAS RECORDED YESTERDAY.
  NO SIGNIFICANT WEATHER WAS OBSERVED.


RELATIVE HUMIDITY (PERCENT)
 HIGHEST    77           600 AM
 LOWEST     30           200 PM
 AVERAGE    54

..........................................................


THE DENVER CO CLIMATE NORMALS FOR TODAY
                         NORMAL    RECORD    YEAR
 MAXIMUM TEMPERATURE (F)   76        88      1885
 MINIMUM TEMPERATURE (F)   46        27      1995


SUNRISE AND SUNSET
SEPTEMBER 21 2014.....SUNRISE   645 AM MDT   SUNSET   659 PM MDT
SEPTEMBER 22 2014.....SUNRISE   646 AM MDT   SUNSET   657 PM MDT


-  INDICATES NEGATIVE NUMBERS.
R  INDICATES RECORD WAS SET OR TIED.
MM INDICATES DATA IS MISSING.
T  INDICATES TRACE AMOUNT.

&&

** SUNSHINE DATA WILL NO LONGER BE AVAILABLE EFFECTIVE OCTOBER 1ST 2009.




$$
