000
CDUS45 KBOU 252334
CLIDEN


CLIMATE REPORT
NATIONAL WEATHER SERVICE DENVER/BOULDER CO
532 PM MDT WED MAY 25 2016


...................................

...THE DENVER CO CLIMATE SUMMARY FOR MAY 25 2016...
VALID TODAY AS OF 0500 PM LOCAL TIME.

CLIMATE NORMAL PERIOD 1981 TO 2010
CLIMATE RECORD PERIOD 1872 TO 2016


WEATHER ITEM   OBSERVED TIME   RECORD YEAR NORMAL DEPARTURE LAST
                VALUE   (LST)  VALUE       VALUE  FROM      YEAR
                                                  NORMAL
..................................................................
TEMPERATURE (F)
 TODAY
  MAXIMUM         73    126 PM  91    1964  75     -2       67
  MINIMUM         45    445 AM  31    1950  46     -1       42
  AVERAGE         59                        60     -1       55

PRECIPITATION (IN)
  TODAY            0.00          1.31 1950   0.06  -0.06     0.00
  MONTH TO DATE    0.94                      1.67  -0.73     3.72
  SINCE MAR 1      4.68                      4.30   0.38     7.16
  SINCE JAN 1      5.66                      5.08   0.58     8.79

DEGREE DAYS
 HEATING
  TODAY            6                         6      0       10
  MONTH TO DATE  281                       235     46      339
  SINCE MAR 1   1523                      1527     -4     1431
  SINCE JUL 1   5511                      5966   -455     5544

 COOLING
  TODAY            0                         1     -1        0
  MONTH TO DATE    3                        10     -7        0
  SINCE MAR 1      3                        11     -8        0
  SINCE JAN 1      3                        11     -8        0
..................................................................


WIND (MPH)
  HIGHEST WIND SPEED    22   HIGHEST WIND DIRECTION     E (80)
  HIGHEST GUST SPEED    29   HIGHEST GUST DIRECTION    NE (40)
  AVERAGE WIND SPEED     8.0


SKY COVER **
  POSSIBLE SUNSHINE  MM
  AVERAGE SKY COVER 0.3


WEATHER CONDITIONS
 THE FOLLOWING WEATHER WAS RECORDED TODAY.
  NO SIGNIFICANT WEATHER WAS OBSERVED.


RELATIVE HUMIDITY (PERCENT)
 HIGHEST    89          1200 AM
 LOWEST     33           100 PM
 AVERAGE    61

..........................................................


THE DENVER CO CLIMATE NORMALS FOR TOMORROW
                         NORMAL    RECORD    YEAR
 MAXIMUM TEMPERATURE (F)   75        95      1942
 MINIMUM TEMPERATURE (F)   46        32      1950


SUNRISE AND SUNSET
MAY 25 2016...........SUNRISE   535 AM MDT   SUNSET   816 PM MDT
MAY 26 2016...........SUNRISE   534 AM MDT   SUNSET   817 PM MDT


-  INDICATES NEGATIVE NUMBERS.
R  INDICATES RECORD WAS SET OR TIED.
MM INDICATES DATA IS MISSING.
T  INDICATES TRACE AMOUNT.




$$
