000
CDUS45 KBOU 142329
CLIDEN


CLIMATE REPORT
NATIONAL WEATHER SERVICE DENVER/BOULDER CO
429 PM MST SUN FEB 14 2016


...................................

...THE DENVER CO CLIMATE SUMMARY FOR FEBRUARY 14 2016...
VALID TODAY AS OF 0400 PM LOCAL TIME.

CLIMATE NORMAL PERIOD 1981 TO 2010
CLIMATE RECORD PERIOD 1872 TO 2016


WEATHER ITEM   OBSERVED TIME   RECORD YEAR NORMAL DEPARTURE LAST
                VALUE   (LST)  VALUE       VALUE  FROM      YEAR
                                                  NORMAL
..................................................................
TEMPERATURE (F)
 TODAY
  MAXIMUM         52   1019 AM  71    1979  46      6       70
                                      1924
  MINIMUM         29    431 AM -10    1903  18     11       30
  AVERAGE         41                        32      9       50

PRECIPITATION (IN)
  TODAY            0.00          0.41 1987   0.01  -0.01     0.00
  MONTH TO DATE    0.48                      0.17   0.31     0.17
  SINCE DEC 1      1.69                      0.93   0.76     1.14
  SINCE JAN 1      0.98                      0.58   0.40     0.55

DEGREE DAYS
 HEATING
  TODAY           24                        33     -9       15
  MONTH TO DATE  456                       472    -16      286
  SINCE DEC 1   2574                      2621    -47     2281
  SINCE JUL 1   3664                      4003   -339     3535

 COOLING
  TODAY            0                         0      0        0
  MONTH TO DATE    0                         0      0        0
  SINCE DEC 1      0                         0      0        0
  SINCE JAN 1      0                         0      0        0
..................................................................


WIND (MPH)
  HIGHEST WIND SPEED    23   HIGHEST WIND DIRECTION     W (270)
  HIGHEST GUST SPEED    29   HIGHEST GUST DIRECTION    SW (240)
  AVERAGE WIND SPEED    10.8


SKY COVER **
  POSSIBLE SUNSHINE  MM
  AVERAGE SKY COVER 0.5


WEATHER CONDITIONS
 THE FOLLOWING WEATHER WAS RECORDED TODAY.
  NO SIGNIFICANT WEATHER WAS OBSERVED.


RELATIVE HUMIDITY (PERCENT)
 HIGHEST    85          1200 AM
 LOWEST     27          1000 AM
 AVERAGE    56

..........................................................


THE DENVER CO CLIMATE NORMALS FOR TOMORROW
                         NORMAL    RECORD    YEAR
 MAXIMUM TEMPERATURE (F)   46        66      1986
 MINIMUM TEMPERATURE (F)   19       -20      1881


SUNRISE AND SUNSET
FEBRUARY 14 2016......SUNRISE   653 AM MST   SUNSET   533 PM MST
FEBRUARY 15 2016......SUNRISE   652 AM MST   SUNSET   534 PM MST


-  INDICATES NEGATIVE NUMBERS.
R  INDICATES RECORD WAS SET OR TIED.
MM INDICATES DATA IS MISSING.
T  INDICATES TRACE AMOUNT.




$$
