000
CDUS44 KSHV 200846
CLIDEQ


CLIMATE REPORT
NATIONAL WEATHER SERVICE SHREVEPORT, LA
246 AM CST MON NOV 20 2017


...................................

...THE DE QUEEN CLIMATE SUMMARY FOR NOVEMBER 19 2017...

CLIMATE NORMAL PERIOD 1981 TO 2010
CLIMATE RECORD PERIOD 1902 TO 2017


WEATHER ITEM   OBSERVED TIME   RECORD YEAR NORMAL DEPARTURE LAST
                VALUE   (LST)  VALUE       VALUE  FROM      YEAR
                                                  NORMAL
..................................................................
TEMPERATURE (F)
 YESTERDAY
  MAXIMUM         63    329 PM  81    1942  64     -1       60
  MINIMUM         28    654 AM  14    1951  38    -10       30
  AVERAGE         46                        50     -4       45

PRECIPITATION (IN)
  YESTERDAY        0.00          4.38 1988   0.17  -0.17     0.00
  MONTH TO DATE    0.58                      3.27  -2.69     1.96
  SINCE DEC 1     38.23                     47.35  -9.12    43.03
  SINCE JAN 1     35.52                     42.99  -7.47    32.75

SNOWFALL (IN)
  YESTERDAY        0.0
  MONTH TO DATE    0.0
  SINCE SEP 1      0.0
  SINCE JUL 1      0.0
  SNOW DEPTH       0

DEGREE DAYS
 HEATING
  YESTERDAY       19                        15      4       20
  MONTH TO DATE  134                       206    -72      121
  SINCE SEP 1    305                       339    -34      149
  SINCE JUL 1    305                       339    -34      149

 COOLING
  YESTERDAY        0                         0      0        0
  MONTH TO DATE   45                         5     40       16
  SINCE SEP 1    454                       347    107      502
  SINCE JAN 1   2088                      1939    149     2239
..................................................................


WIND (MPH)
  HIGHEST WIND SPEED    15   HIGHEST WIND DIRECTION     N (350)
  HIGHEST GUST SPEED    23   HIGHEST GUST DIRECTION     N (340)
  AVERAGE WIND SPEED     2.5


SKY COVER
  POSSIBLE SUNSHINE  MM
  AVERAGE SKY COVER 0.0


WEATHER CONDITIONS
 THE FOLLOWING WEATHER WAS RECORDED YESTERDAY.
  FOG
  FOG W/VISIBILITY <= 1/4 MILE
  HAZE


RELATIVE HUMIDITY (PERCENT)
 HIGHEST   100          1200 AM
 LOWEST     23           100 PM
 AVERAGE    62

..........................................................


THE DE QUEEN CLIMATE NORMALS FOR TODAY
                         NORMAL    RECORD    YEAR
 MAXIMUM TEMPERATURE (F)   63        80      2011
 MINIMUM TEMPERATURE (F)   37        19      1951


SUNRISE AND SUNSET
NOVEMBER 20 2017......SUNRISE   655 AM CST   SUNSET   511 PM CST
NOVEMBER 21 2017......SUNRISE   656 AM CST   SUNSET   511 PM CST


-  INDICATES NEGATIVE NUMBERS.
R  INDICATES RECORD WAS SET OR TIED.
MM INDICATES DATA IS MISSING.
T  INDICATES TRACE AMOUNT.




$$
