000
CDUS44 KSHV 252134
CLIDEQ


CLIMATE REPORT
NATIONAL WEATHER SERVICE SHREVEPORT, LA
431 PM CDT SAT OCT 25 2014


...................................

...THE DE QUEEN CLIMATE SUMMARY FOR OCTOBER 25 2014...
VALID TODAY AS OF 0400 PM LOCAL TIME.

CLIMATE NORMAL PERIOD 1981 TO 2010
CLIMATE RECORD PERIOD 1902 TO 2014


WEATHER ITEM   OBSERVED TIME   RECORD YEAR NORMAL DEPARTURE LAST
                VALUE   (LST)  VALUE       VALUE  FROM      YEAR
                                                  NORMAL
..................................................................
TEMPERATURE (F)
 TODAY
  MAXIMUM         83    259 PM  88    1940  74      9       60
  MINIMUM         52    650 AM  28    1980  48      4       41
  AVERAGE         68                        61      7       51

PRECIPITATION (IN)
  TODAY            0.00          4.36 1984   0.14  -0.14     0.00
  MONTH TO DATE    5.08                      3.73   1.35     1.70
  SINCE DEC 1     40.45                     43.29  -2.84    32.00
  SINCE JAN 1     38.52                     38.93  -0.41    27.95

SNOWFALL (IN)
  TODAY            0.0
  MONTH TO DATE    0.0
  SINCE SEP 1      0.0
  SINCE JUL 1      0.0
  SNOW DEPTH       0

DEGREE DAYS
 HEATING
  TODAY            0                         6     -6       14
  MONTH TO DATE   51                        85    -34      116
  SINCE SEP 1     52                        94    -42      116
  SINCE JUL 1     52                        94    -42      116

 COOLING
  TODAY            3                         2      1        0
  MONTH TO DATE   73                        64      9       79
  SINCE SEP 1    375                       337     38      452
  SINCE JAN 1   1705                      1929   -224     2015
..................................................................


WIND (MPH)
  HIGHEST WIND SPEED    10   HIGHEST WIND DIRECTION    SW (220)
  HIGHEST GUST SPEED    13   HIGHEST GUST DIRECTION    SW (230)
  AVERAGE WIND SPEED     2.3


SKY COVER
  POSSIBLE SUNSHINE  MM
  AVERAGE SKY COVER 0.5


WEATHER CONDITIONS
 THE FOLLOWING WEATHER WAS RECORDED TODAY.
  FOG
  FOG W/VISIBILITY <= 1/4 MILE
  HAZE


RELATIVE HUMIDITY (PERCENT)
 HIGHEST   100          1200 AM
 LOWEST     55           200 PM
 AVERAGE    78

..........................................................


THE DE QUEEN CLIMATE NORMALS FOR TOMORROW
                         NORMAL    RECORD    YEAR
 MAXIMUM TEMPERATURE (F)   73        87      1963
 MINIMUM TEMPERATURE (F)   47        29      1957


SUNRISE AND SUNSET
OCTOBER 25 2014.......SUNRISE   731 AM CDT   SUNSET   632 PM CDT
OCTOBER 26 2014.......SUNRISE   732 AM CDT   SUNSET   631 PM CDT


-  INDICATES NEGATIVE NUMBERS.
R  INDICATES RECORD WAS SET OR TIED.
MM INDICATES DATA IS MISSING.
T  INDICATES TRACE AMOUNT.




$$
