000
CDUS44 KSHV 200858
CLIDEQ


CLIMATE REPORT
NATIONAL WEATHER SERVICE SHREVEPORT, LA
241 AM CST SAT JAN 20 2018


...................................

...THE DE QUEEN CLIMATE SUMMARY FOR JANUARY 19 2018...

CLIMATE NORMAL PERIOD 1981 TO 2010
CLIMATE RECORD PERIOD 1902 TO 2018


WEATHER ITEM   OBSERVED TIME   RECORD YEAR NORMAL DEPARTURE LAST
                VALUE   (LST)  VALUE       VALUE  FROM      YEAR
                                                  NORMAL
..................................................................
TEMPERATURE (F)
 YESTERDAY
  MAXIMUM         54    406 PM  80    1952  54      0       56
  MINIMUM         19    336 AM   0    1940  29    -10       48
  AVERAGE         37                        41     -4       52

PRECIPITATION (IN)
  YESTERDAY        0.00          2.68 1990   0.09  -0.09     0.00
  MONTH TO DATE    0.59                      2.05  -1.46     2.59
  SINCE DEC 1      5.84                      6.41  -0.57     5.30
  SINCE JAN 1      0.59                      2.05  -1.46     2.59

SNOWFALL (IN)
  YESTERDAY        0.0
  MONTH TO DATE    0.1
  SINCE DEC 1      0.1
  SINCE JUL 1      0.1
  SNOW DEPTH       0

DEGREE DAYS
 HEATING
  YESTERDAY       28                        24      4       13
  MONTH TO DATE  587                       450    137      345
  SINCE DEC 1   1218                      1133     85      936
  SINCE JUL 1   1681                      1659     22     1250

 COOLING
  YESTERDAY        0                         0      0        0
  MONTH TO DATE    0                         0      0        3
  SINCE DEC 1      1                         0      1        5
  SINCE JAN 1      0                         0      0        3
..................................................................


WIND (MPH)
  HIGHEST WIND SPEED    14   HIGHEST WIND DIRECTION    SW (230)
  HIGHEST GUST SPEED    18   HIGHEST GUST DIRECTION    SW (230)
  AVERAGE WIND SPEED     3.6


SKY COVER
  POSSIBLE SUNSHINE  MM
  AVERAGE SKY COVER 0.8


WEATHER CONDITIONS
 THE FOLLOWING WEATHER WAS RECORDED YESTERDAY.
  NO SIGNIFICANT WEATHER WAS OBSERVED.


RELATIVE HUMIDITY (PERCENT)
 HIGHEST    92           400 AM
 LOWEST     32           500 PM
 AVERAGE    62

..........................................................


THE DE QUEEN CLIMATE NORMALS FOR TODAY
                         NORMAL    RECORD    YEAR
 MAXIMUM TEMPERATURE (F)   54        80      1954
 MINIMUM TEMPERATURE (F)   29         5      1985


SUNRISE AND SUNSET
JANUARY 20 2018.......SUNRISE   721 AM CST   SUNSET   536 PM CST
JANUARY 21 2018.......SUNRISE   721 AM CST   SUNSET   537 PM CST


-  INDICATES NEGATIVE NUMBERS.
R  INDICATES RECORD WAS SET OR TIED.
MM INDICATES DATA IS MISSING.
T  INDICATES TRACE AMOUNT.




$$
