000
CDUS44 KSHV 262240
CLIDEQ


CLIMATE REPORT
NATIONAL WEATHER SERVICE SHREVEPORT, LA
439 PM CST FRI DEC 26 2014


...................................

...THE DE QUEEN CLIMATE SUMMARY FOR DECEMBER 26 2014...
VALID TODAY AS OF 0400 PM LOCAL TIME.

CLIMATE NORMAL PERIOD 1981 TO 2010
CLIMATE RECORD PERIOD 1902 TO 2014


WEATHER ITEM   OBSERVED TIME   RECORD YEAR NORMAL DEPARTURE LAST
                VALUE   (LST)  VALUE       VALUE  FROM      YEAR
                                                  NORMAL
..................................................................
TEMPERATURE (F)
 TODAY
  MAXIMUM         55    359 PM  74    2008  54      1       55
  MINIMUM         44    255 AM   4    1983  30     14       24
  AVERAGE         50                        42      8       40

PRECIPITATION (IN)
  TODAY            0.01          2.75 1987   0.17  -0.16     0.00
  MONTH TO DATE    1.66                      3.50  -1.84     1.93
  SINCE DEC 1      1.66                      3.50  -1.84     1.93
  SINCE JAN 1     42.40                     48.13  -5.73    34.72

SNOWFALL (IN)
  TODAY           MM
  MONTH TO DATE    0.0
  SINCE DEC 1      0.0
  SINCE JUL 1      0.5
  SNOW DEPTH       0

DEGREE DAYS
 HEATING
  TODAY           15                        23     -8       25
  MONTH TO DATE  465                       567   -102      574
  SINCE DEC 1    465                       567   -102      574
  SINCE JUL 1   1087                      1093     -6     1187

 COOLING
  TODAY            0                         0      0        0
  MONTH TO DATE    0                         0      0        3
  SINCE DEC 1      0                         0      0        3
  SINCE JAN 1   1712                      1941   -229     2032
..................................................................


WIND (MPH)
  HIGHEST WIND SPEED    10   HIGHEST WIND DIRECTION    SE (130)
  HIGHEST GUST SPEED    15   HIGHEST GUST DIRECTION    SE (130)
  AVERAGE WIND SPEED     5.4


SKY COVER
  POSSIBLE SUNSHINE  MM
  AVERAGE SKY COVER 0.9


WEATHER CONDITIONS
 THE FOLLOWING WEATHER WAS RECORDED TODAY.
  RAIN
  LIGHT RAIN
  FOG


RELATIVE HUMIDITY (PERCENT)
 HIGHEST   100           400 PM
 LOWEST     71          1200 AM
 AVERAGE    86

..........................................................


THE DE QUEEN CLIMATE NORMALS FOR TOMORROW
                         NORMAL    RECORD    YEAR
 MAXIMUM TEMPERATURE (F)   54        78      2005
 MINIMUM TEMPERATURE (F)   30        15      1983


SUNRISE AND SUNSET
DECEMBER 26 2014......SUNRISE   721 AM CST   SUNSET   515 PM CST
DECEMBER 27 2014......SUNRISE   722 AM CST   SUNSET   516 PM CST


-  INDICATES NEGATIVE NUMBERS.
R  INDICATES RECORD WAS SET OR TIED.
MM INDICATES DATA IS MISSING.
T  INDICATES TRACE AMOUNT.




$$
