000
CDUS44 KSHV 220903
CLIDEQ


CLIMATE REPORT
NATIONAL WEATHER SERVICE SHREVEPORT, LA
355 AM CDT FRI AUG 22 2014


...................................

...THE DE QUEEN CLIMATE SUMMARY FOR AUGUST 21 2014...

CLIMATE NORMAL PERIOD 1981 TO 2010
CLIMATE RECORD PERIOD 1902 TO 2014


WEATHER ITEM   OBSERVED TIME   RECORD YEAR NORMAL DEPARTURE LAST
                VALUE   (LST)  VALUE       VALUE  FROM      YEAR
                                                  NORMAL
..................................................................
TEMPERATURE (F)
 YESTERDAY
  MAXIMUM         92    440 PM 104    2005  94     -2       93
                                      1993
  MINIMUM         71    604 AM  55    1940  68      3       65
  AVERAGE         82                        81      1       79

PRECIPITATION (IN)
  YESTERDAY        0.00          3.70 1958   0.08  -0.08     0.00
  MONTH TO DATE    1.42                      1.44  -0.02     0.25
  SINCE DEC 1     28.17                     35.22  -7.05    24.23
  SINCE JAN 1     26.24                     30.86  -4.62    20.18

SNOWFALL (IN)
  YESTERDAY        0.0
  MONTH TO DATE    0.0
  SINCE JUN 1      0.0
  SINCE JUL 1      0.0
  SNOW DEPTH       0

DEGREE DAYS
 HEATING
  YESTERDAY        0                         0      0        0
  MONTH TO DATE    0                         0      0        0
  SINCE JUN 1      0                         0      0        0
  SINCE JUL 1      0                         0      0        0

 COOLING
  YESTERDAY       17                        16      1       14
  MONTH TO DATE  282                       349    -67      317
  SINCE JUN 1    961                      1224   -263     1153
  SINCE JAN 1   1168                      1441   -273     1385
..................................................................


WIND (MPH)
  HIGHEST WIND SPEED    12   HIGHEST WIND DIRECTION     S (170)
  HIGHEST GUST SPEED    15   HIGHEST GUST DIRECTION    SW (230)
  AVERAGE WIND SPEED     4.5


SKY COVER
  POSSIBLE SUNSHINE  MM
  AVERAGE SKY COVER 0.3


WEATHER CONDITIONS
 THE FOLLOWING WEATHER WAS RECORDED YESTERDAY.
  FOG
  HAZE


RELATIVE HUMIDITY (PERCENT)
 HIGHEST    93           600 AM
 LOWEST     56           200 PM
 AVERAGE    75

..........................................................


THE DE QUEEN CLIMATE NORMALS FOR TODAY
                         NORMAL    RECORD    YEAR
 MAXIMUM TEMPERATURE (F)   94       107      1980
 MINIMUM TEMPERATURE (F)   68        51      1956


SUNRISE AND SUNSET
AUGUST 22 2014........SUNRISE   644 AM CDT   SUNSET   756 PM CDT
AUGUST 23 2014........SUNRISE   645 AM CDT   SUNSET   755 PM CDT


-  INDICATES NEGATIVE NUMBERS.
R  INDICATES RECORD WAS SET OR TIED.
MM INDICATES DATA IS MISSING.
T  INDICATES TRACE AMOUNT.




$$
