000
CDUS44 KSHV 240736
CLIDEQ


CLIMATE REPORT
NATIONAL WEATHER SERVICE SHREVEPORT, LA
236 AM CDT SUN SEP 24 2017


...................................

...THE DE QUEEN CLIMATE SUMMARY FOR SEPTEMBER 23 2017...

CLIMATE NORMAL PERIOD 1981 TO 2010
CLIMATE RECORD PERIOD 1902 TO 2017


WEATHER ITEM   OBSERVED TIME   RECORD YEAR NORMAL DEPARTURE LAST
                VALUE   (LST)  VALUE       VALUE  FROM      YEAR
                                                  NORMAL
..................................................................
TEMPERATURE (F)
 YESTERDAY
  MAXIMUM         94    327 PM  97    1939  83     11       92
  MINIMUM         64    624 AM  40    1994  58      6       65
  AVERAGE         79                        71      8       79

PRECIPITATION (IN)
  YESTERDAY        0.00          3.80 1955   0.12  -0.12     0.00
  MONTH TO DATE    0.01                      2.77  -2.76     2.26
  SINCE DEC 1     35.96                     38.72  -2.76    40.27
  SINCE JAN 1     33.25                     34.36  -1.11    29.99

SNOWFALL (IN)
  YESTERDAY        0.0
  MONTH TO DATE    0.0
  SINCE SEP 1      0.0
  SINCE JUL 1      0.0
  SNOW DEPTH       0

DEGREE DAYS
 HEATING
  YESTERDAY        0                         0      0        0
  MONTH TO DATE    0                         0      0        0
  SINCE SEP 1      0                         0      0        0
  SINCE JUL 1      0                         0      0        0

 COOLING
  YESTERDAY       14                         6      8       14
  MONTH TO DATE  213                       238    -25      304
  SINCE SEP 1    213                       238    -25      304
  SINCE JAN 1   1847                      1830     17     2041
..................................................................


WIND (MPH)
  HIGHEST WIND SPEED    17   HIGHEST WIND DIRECTION     E (110)
  HIGHEST GUST SPEED    22   HIGHEST GUST DIRECTION    SE (120)
  AVERAGE WIND SPEED     3.0


SKY COVER
  POSSIBLE SUNSHINE  MM
  AVERAGE SKY COVER 0.2


WEATHER CONDITIONS
 THE FOLLOWING WEATHER WAS RECORDED YESTERDAY.
  FOG
  FOG W/VISIBILITY <= 1/4 MILE


RELATIVE HUMIDITY (PERCENT)
 HIGHEST   100          1200 AM
 LOWEST     41           200 PM
 AVERAGE    71

..........................................................


THE DE QUEEN CLIMATE NORMALS FOR TODAY
                         NORMAL    RECORD    YEAR
 MAXIMUM TEMPERATURE (F)   83        98      1939
 MINIMUM TEMPERATURE (F)   58        37      1989


SUNRISE AND SUNSET
SEPTEMBER 24 2017.....SUNRISE   707 AM CDT   SUNSET   711 PM CDT
SEPTEMBER 25 2017.....SUNRISE   708 AM CDT   SUNSET   710 PM CDT


-  INDICATES NEGATIVE NUMBERS.
R  INDICATES RECORD WAS SET OR TIED.
MM INDICATES DATA IS MISSING.
T  INDICATES TRACE AMOUNT.




$$
