000
CDUS46 KOTX 280825
CLIDEW


CLIMATE REPORT
NATIONAL WEATHER SERVICE SPOKANE, WA
130 AM PDT SAT MAR 28 2015


...................................

...THE DEER_PARK WA AIRPORT CLIMATE SUMMARY FOR MARCH 27 2015...

CLIMATE NORMAL PERIOD 1981 TO 2010
CLIMATE RECORD PERIOD 9999 TO 9999


WEATHER ITEM   OBSERVED TIME   RECORD YEAR NORMAL DEPARTURE LAST
                VALUE   (LST)  VALUE       VALUE  FROM      YEAR
                                                  NORMAL
..................................................................
TEMPERATURE (F)
 YESTERDAY
  MAXIMUM         70    449 PM  MM      MM  52     18       49
  MINIMUM         37   1228 AM  MM      MM  30      7       28
  AVERAGE         54                        41     13       39

PRECIPITATION (IN)
  YESTERDAY        0.02         MM      MM   0.07  -0.05     0.28
  MONTH TO DATE    1.93                      1.78   0.15     3.62
  SINCE OCT 1     12.51                     13.83  -1.32    11.14
  SINCE JAN 1      6.12                      6.01   0.11     7.34

DEGREE DAYS
 HEATING
  YESTERDAY       11                        24    -13       26
  MONTH TO DATE  614                       749   -135      764
  SINCE MAR 1    614                       749   -135      764
  SINCE JUL 1   5183                      6114   -931     6158

 COOLING
  YESTERDAY        0                         0      0        0
  MONTH TO DATE    0                         0      0        0
  SINCE MAR 1      0                         0      0        0
  SINCE JAN 1      0                         0      0        0
..................................................................


WIND (MPH)
  HIGHEST WIND SPEED    15   HIGHEST WIND DIRECTION    SW (210)
  HIGHEST GUST SPEED    18   HIGHEST GUST DIRECTION    SW (210)
  AVERAGE WIND SPEED     4.9


SKY COVER
  POSSIBLE SUNSHINE  MM
  AVERAGE SKY COVER 0.3


WEATHER CONDITIONS
 THE FOLLOWING WEATHER WAS RECORDED YESTERDAY.
  LIGHT RAIN
  FOG
  FOG W/VISIBILITY <= 1/4 MILE


RELATIVE HUMIDITY (PERCENT)
 HIGHEST   100          1200 AM
 LOWEST     44           500 PM
 AVERAGE    72

..........................................................


THE DEER_PARK WA AIRPORT CLIMATE NORMALS FOR TODAY
                         NORMAL    RECORD    YEAR
 MAXIMUM TEMPERATURE (F)   53        MM        MM
 MINIMUM TEMPERATURE (F)   30        MM        MM


SUNRISE AND SUNSET
MARCH 28 2015.........SUNRISE   637 AM PDT   SUNSET   714 PM PDT
MARCH 29 2015.........SUNRISE   634 AM PDT   SUNSET   715 PM PDT


-  INDICATES NEGATIVE NUMBERS.
R  INDICATES RECORD WAS SET OR TIED.
MM INDICATES DATA IS MISSING.
T  INDICATES TRACE AMOUNT.




$$
