000
CDUS46 KOTX 240838
CLIDEW


CLIMATE REPORT
NATIONAL WEATHER SERVICE SPOKANE, WA
1232 AM PST SAT FEB 24 2018


...................................

...THE DEER_PARK WA AIRPORT CLIMATE SUMMARY FOR FEBRUARY 23 2018...

CLIMATE NORMAL PERIOD 1981 TO 2010
CLIMATE RECORD PERIOD 9999 TO 9999


WEATHER ITEM   OBSERVED TIME   RECORD YEAR NORMAL DEPARTURE LAST
                VALUE   (LST)  VALUE       VALUE  FROM      YEAR
                                                  NORMAL
..................................................................
TEMPERATURE (F)
 YESTERDAY
  MAXIMUM         25    316 PM  MM      MM  42    -17       33
  MINIMUM         -4    711 AM  MM      MM  22    -26       10
  AVERAGE         11                        32    -21       22

PRECIPITATION (IN)
  YESTERDAY        0.04         MM      MM   0.04   0.00     0.00
  MONTH TO DATE    1.55                      1.33   0.22     3.99
  SINCE OCT 1     14.33                     11.78   2.55    17.38
  SINCE JAN 1      5.20                      3.96   1.24     5.94

SNOWFALL (IN)
  YESTERDAY       MM

DEGREE DAYS
 HEATING
  YESTERDAY       54                        33     21       43
  MONTH TO DATE  874                       806     68      866
  SINCE DEC 1   3161                      3199    -38     3655
  SINCE JUL 1   4953                      5202   -249     5296

 COOLING
  YESTERDAY        0                         0      0        0
  MONTH TO DATE    0                         0      0        0
  SINCE DEC 1      0                         0      0        0
  SINCE JAN 1      0                         0      0        0
..................................................................


WIND (MPH)
  HIGHEST WIND SPEED    20   HIGHEST WIND DIRECTION    SW (220)
  HIGHEST GUST SPEED    24   HIGHEST GUST DIRECTION    SW (230)
  AVERAGE WIND SPEED     6.3


SKY COVER
  POSSIBLE SUNSHINE  MM
  AVERAGE SKY COVER 0.5


WEATHER CONDITIONS
 THE FOLLOWING WEATHER WAS RECORDED YESTERDAY.
  LIGHT SNOW
  FOG
  HAZE


RELATIVE HUMIDITY (PERCENT)
 HIGHEST    95           100 AM
 LOWEST     55           100 PM
 AVERAGE    75

..........................................................


THE DEER_PARK WA AIRPORT CLIMATE NORMALS FOR TODAY
                         NORMAL    RECORD    YEAR
 MAXIMUM TEMPERATURE (F)   42        MM        MM
 MINIMUM TEMPERATURE (F)   22        MM        MM


SUNRISE AND SUNSET
FEBRUARY 24 2018......SUNRISE   640 AM PST   SUNSET   527 PM PST
FEBRUARY 25 2018......SUNRISE   638 AM PST   SUNSET   528 PM PST


-  INDICATES NEGATIVE NUMBERS.
R  INDICATES RECORD WAS SET OR TIED.
MM INDICATES DATA IS MISSING.
T  INDICATES TRACE AMOUNT.




$$
