000
CDUS44 KFWD 300708
CLIDFW


CLIMATE REPORT
NATIONAL WEATHER SERVICE FORT WORTH TX
157 AM CDT SUN APR 30 2017

...................................

...THE DALLAS FORT WORTH CLIMATE SUMMARY FOR APRIL 29 2017...

CLIMATE NORMAL PERIOD 1981 TO 2010
CLIMATE RECORD PERIOD 1898 TO 2017

WEATHER ITEM   OBSERVED TIME   RECORD YEAR NORMAL DEPARTURE LAST
                VALUE   (LST)  VALUE       VALUE  FROM      YEAR
                                                  NORMAL
..................................................................
TEMPERATURE (F)
 YESTERDAY
  MAXIMUM         91    217 PM  97    1909  79     12       87
  MINIMUM         57   1159 PM  41    1908  59     -2       69
  AVERAGE         74                        69      5       78

PRECIPITATION (IN)
  YESTERDAY        T             2.76 1966   0.13  -0.13     0.07
  MONTH TO DATE    3.37                      2.94   0.43     4.60
  SINCE MAR 1      4.43                      6.43  -2.00     7.27
  SINCE JAN 1     11.15                     11.22  -0.07    10.51

SNOWFALL (IN)
  YESTERDAY        0.0           0.0    MM   0.0    0.0      0.0
  MONTH TO DATE    0.0                       0.0    0.0      0.0
  SINCE MAR 1      0.0                       0.2   -0.2      0.0
  SINCE JUL 1      0.1                       1.6   -1.5       T
  SNOW DEPTH       0

DEGREE DAYS
 HEATING
  YESTERDAY        0                         1     -1        0
  MONTH TO DATE   20                        82    -62       27
  SINCE MAR 1    113                       343   -230      169
  SINCE JUL 1   1301                      2275   -974     1580

 COOLING
  YESTERDAY        9                         5      4       13
  MONTH TO DATE  160                        94     66      127
  SINCE MAR 1    283                       126    157      157
  SINCE JAN 1    351                       133    218      168
..................................................................

WIND (MPH)
  HIGHEST WIND SPEED    35   HIGHEST WIND DIRECTION     S (190)
  HIGHEST GUST SPEED    44   HIGHEST GUST DIRECTION     S (190)
  AVERAGE WIND SPEED    20.9


SKY COVER
  POSSIBLE SUNSHINE  MM
  AVERAGE SKY COVER 0.9


WEATHER CONDITIONS
 THE FOLLOWING WEATHER WAS RECORDED YESTERDAY.
  THUNDERSTORM
  LIGHT RAIN
  HAZE


RELATIVE HUMIDITY (PERCENT)
 HIGHEST    85          1200 AM
 LOWEST     49           200 PM
 AVERAGE    67

..........................................................

THE DALLAS FORT WORTH CLIMATE NORMALS FOR TODAY
                         NORMAL    RECORD    YEAR
 MAXIMUM TEMPERATURE (F)   80        95      1928
 MINIMUM TEMPERATURE (F)   59        35      1903


SUNRISE AND SUNSET
APRIL 30 2017.........SUNRISE   641 AM CDT   SUNSET   810 PM CDT
MAY  1 2017...........SUNRISE   640 AM CDT   SUNSET   810 PM CDT


-  INDICATES NEGATIVE NUMBERS.
R  INDICATES RECORD WAS SET OR TIED.
MM INDICATES DATA IS MISSING.
T  INDICATES TRACE AMOUNT.


$$
