000
CDUS44 KFWD 240710
CLIDFW


CLIMATE REPORT
NATIONAL WEATHER SERVICE FORT WORTH TX
210 AM CDT TUE MAY 24 2016


...................................

...THE DALLAS FORT WORTH CLIMATE SUMMARY FOR MAY 23 2016...

CLIMATE NORMAL PERIOD 1981 TO 2010
CLIMATE RECORD PERIOD 1898 TO 2016


WEATHER ITEM   OBSERVED TIME   RECORD YEAR NORMAL DEPARTURE LAST
                VALUE   (LST)  VALUE       VALUE  FROM      YEAR
                                                  NORMAL
..................................................................
TEMPERATURE (F)
 YESTERDAY
  MAXIMUM         82    609 PM  96    1996  86     -4       81
                                      1962
  MINIMUM         66    754 AM  50    1917  66      0       67
  AVERAGE         74                        76     -2       74

PRECIPITATION (IN)
  YESTERDAY        0.19          3.91 1908   0.15   0.04     0.73
  MONTH TO DATE    2.94                      3.65  -0.71     8.15
  SINCE MAR 1     10.21                     10.21   0.00    16.24
  SINCE JAN 1     13.45                     15.00  -1.55    22.82

DEGREE DAYS
 HEATING
  YESTERDAY        0                         0      0        0
  MONTH TO DATE   12                         6      6        6
  SINCE MAR 1    181                       350   -169      363
  SINCE JUL 1   1592                      2282   -690     2399

 COOLING
  YESTERDAY        9                        11     -2        9
  MONTH TO DATE  149                       187    -38      150
  SINCE MAR 1    310                       318     -8      273
  SINCE JAN 1    321                       325     -4      273
..................................................................


WIND (MPH)
  HIGHEST WIND SPEED    23   HIGHEST WIND DIRECTION    SE (140)
  HIGHEST GUST SPEED    30   HIGHEST GUST DIRECTION    SE (140)
  AVERAGE WIND SPEED    12.2


SKY COVER
  POSSIBLE SUNSHINE  MM
  AVERAGE SKY COVER 0.9


WEATHER CONDITIONS
 THE FOLLOWING WEATHER WAS RECORDED YESTERDAY.
  THUNDERSTORM
  HEAVY RAIN
  RAIN
  LIGHT RAIN
  FOG


RELATIVE HUMIDITY (PERCENT)
 HIGHEST    84           300 AM
 LOWEST     62           100 PM
 AVERAGE    73

..........................................................


THE DALLAS FORT WORTH CLIMATE NORMALS FOR TODAY
                         NORMAL    RECORD    YEAR
 MAXIMUM TEMPERATURE (F)   86        96      1996
 MINIMUM TEMPERATURE (F)   67        54      1940


SUNRISE AND SUNSET
MAY 24 2016...........SUNRISE   623 AM CDT   SUNSET   827 PM CDT
MAY 25 2016...........SUNRISE   623 AM CDT   SUNSET   828 PM CDT


-  INDICATES NEGATIVE NUMBERS.
R  INDICATES RECORD WAS SET OR TIED.
MM INDICATES DATA IS MISSING.
T  INDICATES TRACE AMOUNT.




$$
