056
CDUS44 KFWD 232123
CLIDFW


CLIMATE REPORT
NATIONAL WEATHER SERVICE FORT WORTH TX
423 PM CDT THU MAR 23 2017


...................................

...THE DALLAS FORT WORTH CLIMATE SUMMARY FOR MARCH 23 2017...
VALID AS OF 0400 PM LOCAL TIME.

CLIMATE NORMAL PERIOD 1981 TO 2010
CLIMATE RECORD PERIOD 1898 TO 2017


WEATHER ITEM   OBSERVED TIME   RECORD YEAR NORMAL DEPARTURE LAST
                VALUE   (LST)  VALUE       VALUE  FROM      YEAR
                                                  NORMAL
..................................................................
TEMPERATURE (F)
 TODAY
  MAXIMUM         87    259 PM  91    1929  70     17       82
  MINIMUM         66    607 AM  28    1952  49     17       59
  AVERAGE         77

PRECIPITATION (IN)
  TODAY            0.00          1.69 1978   0.11  -0.11     0.42
  MONTH TO DATE    0.19                      2.62  -2.43     2.51
  SINCE MAR 1      0.19                      2.62  -2.43     2.51
  SINCE JAN 1      6.91                      7.41  -0.50     5.75

SNOWFALL (IN)
  TODAY            0.0           0.0    MM   0.0    0.0      0.0
  MONTH TO DATE    0.0                       0.2   -0.2      0.0
  SINCE MAR 1      0.0                       0.2   -0.2      0.0
  SINCE JUL 1      0.1                       1.6   -1.5       T
  SNOW DEPTH       0

..................................................................


WIND (MPH)
  HIGHEST WIND SPEED    35   HIGHEST WIND DIRECTION     S (190)
  HIGHEST GUST SPEED    43   HIGHEST GUST DIRECTION     S (170)
  AVERAGE WIND SPEED    20.5




..........................................................


THE DALLAS FORT WORTH CLIMATE NORMALS FOR TOMORROW
                         NORMAL    RECORD    YEAR
 MAXIMUM TEMPERATURE (F)   71        89      1929
 MINIMUM TEMPERATURE (F)   49        30      2006


SUNRISE AND SUNSET
MARCH 23 2017.........SUNRISE   728 AM CDT   SUNSET   742 PM CDT
MARCH 24 2017.........SUNRISE   726 AM CDT   SUNSET   743 PM CDT


-  INDICATES NEGATIVE NUMBERS.
R  INDICATES RECORD WAS SET OR TIED.
MM INDICATES DATA IS MISSING.
T  INDICATES TRACE AMOUNT.




$$
