000
CDUS44 KFWD 250646
CLIDFW

CLIMATE REPORT
NATIONAL WEATHER SERVICE FORT WORTH TX
1245 AM CST SAT FEB 25 2017

...................................

...THE DALLAS FORT WORTH CLIMATE SUMMARY FOR FEBRUARY 24 2017...

CLIMATE NORMAL PERIOD 1981 TO 2010
CLIMATE RECORD PERIOD 1898 TO 2017


WEATHER ITEM   OBSERVED TIME   RECORD YEAR NORMAL DEPARTURE LAST
                VALUE   (LST)  VALUE       VALUE  FROM      YEAR
                                                  NORMAL
..................................................................
TEMPERATURE (F)
 YESTERDAY
  MAXIMUM         71   1211 AM  93    1918  62      9       61
  MINIMUM         47   1159 PM  15    1910  42      5       41
  AVERAGE         59                        52      7       51

PRECIPITATION (IN)
  YESTERDAY        0.00          1.75 1970   0.10  -0.10     0.00
  MONTH TO DATE    2.02                      2.23  -0.21     2.20
  SINCE DEC 1      7.01                      6.91   0.10     7.07
  SINCE JAN 1      6.41                      4.36   2.05     3.24

SNOWFALL (IN)
  YESTERDAY        0.0           2.0  2003   0.0    0.0      0.0
  MONTH TO DATE    0.0                       0.8   -0.8      0.0
  SINCE DEC 1      0.1                       1.3   -1.2       T
  SINCE JUL 1      0.1                       1.3   -1.2       T
  SNOW DEPTH       0

DEGREE DAYS
 HEATING
  YESTERDAY        6                        13     -7       14
  MONTH TO DATE  142                       377   -235      248
  SINCE DEC 1   1053                      1528   -475     1154
  SINCE JUL 1   1155                      1882   -727     1369

 COOLING
  YESTERDAY        0                         0      0        0
  MONTH TO DATE   46                         0     46       11
  SINCE DEC 1     68                         6     62       20
  SINCE JAN 1     52                         2     50       11
..................................................................


WIND (MPH)
  HIGHEST WIND SPEED    25   HIGHEST WIND DIRECTION    NW (330)
  HIGHEST GUST SPEED    35   HIGHEST GUST DIRECTION    NW (310)
  AVERAGE WIND SPEED    16.3


SKY COVER
  POSSIBLE SUNSHINE  MM
  AVERAGE SKY COVER 0.1


WEATHER CONDITIONS
 THE FOLLOWING WEATHER WAS RECORDED YESTERDAY.
  NO SIGNIFICANT WEATHER WAS OBSERVED.


RELATIVE HUMIDITY (PERCENT)
 HIGHEST    90           400 AM
 LOWEST     30           400 PM
 AVERAGE    60

..........................................................


THE DALLAS FORT WORTH CLIMATE NORMALS FOR TODAY
                         NORMAL    RECORD    YEAR
 MAXIMUM TEMPERATURE (F)   63        96      1904
 MINIMUM TEMPERATURE (F)   42        15      1960


SUNRISE AND SUNSET
FEBRUARY 25 2017......SUNRISE   700 AM CST   SUNSET   622 PM CST
FEBRUARY 26 2017......SUNRISE   659 AM CST   SUNSET   623 PM CST


-  INDICATES NEGATIVE NUMBERS.
R  INDICATES RECORD WAS SET OR TIED.
MM INDICATES DATA IS MISSING.
T  INDICATES TRACE AMOUNT.

$$
