000
CDUS44 KFWD 280651
CLIDFW

CLIMATE REPORT
NATIONAL WEATHER SERVICE FORT WORTH TX
149 AM CDT MON JUL 28 2014


...................................

...THE DALLAS FORT WORTH CLIMATE SUMMARY FOR JULY 27 2014...

CLIMATE NORMAL PERIOD 1981 TO 2010
CLIMATE RECORD PERIOD 1898 TO 2014


WEATHER ITEM   OBSERVED TIME   RECORD YEAR NORMAL DEPARTURE LAST
                VALUE   (LST)  VALUE       VALUE  FROM      YEAR
                                                  NORMAL
..................................................................
TEMPERATURE (F)
 YESTERDAY
  MAXIMUM        103    410 PM 106    1944  97      6       91
  MINIMUM         80    616 AM  68    1994  76      4       73
                                      1933
  AVERAGE         92                        86      6       82

PRECIPITATION (IN)
  YESTERDAY        0.00          2.95 1962   0.05  -0.05     0.00
  MONTH TO DATE    0.81                      1.94  -1.13     2.05
  SINCE JUN 1      4.07                      5.73  -1.66     4.19
  SINCE JAN 1     11.40                     21.98 -10.58    17.35

DEGREE DAYS
 HEATING
  YESTERDAY        0                         0      0        0
  MONTH TO DATE    0                         0      0        0
  SINCE JUN 1      0                         0      0        0
  SINCE JUL 1      0                         0      0        0

 COOLING
  YESTERDAY       27                        21      6       17
  MONTH TO DATE  525                       546    -21      520
  SINCE JUN 1   1052                      1037     15     1058
  SINCE JAN 1   1528                      1459     69     1447
..................................................................


WIND (MPH)
  HIGHEST WIND SPEED    18   HIGHEST WIND DIRECTION     S (190)
  HIGHEST GUST SPEED    22   HIGHEST GUST DIRECTION     S (180)
  AVERAGE WIND SPEED    10.7


SKY COVER
  POSSIBLE SUNSHINE  MM
  AVERAGE SKY COVER 0.2


WEATHER CONDITIONS
 THE FOLLOWING WEATHER WAS RECORDED YESTERDAY.
  NO SIGNIFICANT WEATHER WAS OBSERVED.


RELATIVE HUMIDITY (PERCENT)
 HIGHEST    69           500 AM
 LOWEST     27           400 PM
 AVERAGE    48

..........................................................


THE DALLAS FORT WORTH CLIMATE NORMALS FOR TODAY
                         NORMAL    RECORD    YEAR
 MAXIMUM TEMPERATURE (F)   97       105      2008
                                             1995
 MINIMUM TEMPERATURE (F)   76        66      1994


SUNRISE AND SUNSET
JULY 28 2014..........SUNRISE   639 AM CDT   SUNSET   830 PM CDT
JULY 29 2014..........SUNRISE   640 AM CDT   SUNSET   829 PM CDT


-  INDICATES NEGATIVE NUMBERS.
R  INDICATES RECORD WAS SET OR TIED.
MM INDICATES DATA IS MISSING.
T  INDICATES TRACE AMOUNT.




$$
