000
CDUS44 KFWD 232127
CLIDFW


CLIMATE REPORT
NATIONAL WEATHER SERVICE FORT WORTH TX
427 PM CDT WED AUG 23 2017


...................................

...THE DALLAS FORT WORTH CLIMATE SUMMARY FOR AUGUST 23 2017...
VALID AS OF 0400 PM LOCAL TIME.

CLIMATE NORMAL PERIOD 1981 TO 2010
CLIMATE RECORD PERIOD 1898 TO 2017


WEATHER ITEM   OBSERVED TIME   RECORD YEAR NORMAL DEPARTURE LAST
                VALUE   (LST)  VALUE       VALUE  FROM      YEAR
                                                  NORMAL
..................................................................
TEMPERATURE (F)
 TODAY
  MAXIMUM         91    113 PM 107    2010  96     -5       94
                                      1952
  MINIMUM         76    626 AM  64    1961  75      1       78
                                      1956
                                      1949
  AVERAGE         84

PRECIPITATION (IN)
  TODAY            T             1.46 1908   0.07  -0.07     0.00
  MONTH TO DATE    3.38                      1.30   2.08     4.34
  SINCE JUN 1     15.94                      7.25   8.69    11.83
  SINCE JAN 1     27.80                     23.50   4.30    28.59

..................................................................


WIND (MPH)
  HIGHEST WIND SPEED    28   HIGHEST WIND DIRECTION     N (20)
  HIGHEST GUST SPEED    35   HIGHEST GUST DIRECTION     N (10)
  AVERAGE WIND SPEED     7.9




..........................................................


THE DALLAS FORT WORTH CLIMATE NORMALS FOR TOMORROW
                         NORMAL    RECORD    YEAR
 MAXIMUM TEMPERATURE (F)   95       106      2011
 MINIMUM TEMPERATURE (F)   75        60      1961


SUNRISE AND SUNSET
AUGUST 23 2017........SUNRISE   657 AM CDT   SUNSET   804 PM CDT
AUGUST 24 2017........SUNRISE   658 AM CDT   SUNSET   803 PM CDT


-  INDICATES NEGATIVE NUMBERS.
R  INDICATES RECORD WAS SET OR TIED.
MM INDICATES DATA IS MISSING.
T  INDICATES TRACE AMOUNT.




$$
