000
CDUS43 KDDC 140707
CLIDGC


CLIMATE REPORT
NATIONAL WEATHER SERVICE DODGE CITY KS
106 AM CST THU DEC 14 2017


...................................

...THE DODGE CITY KS CLIMATE SUMMARY FOR DECEMBER 13 2017...

CLIMATE NORMAL PERIOD 1981 TO 2010
CLIMATE RECORD PERIOD 1875 TO 2017


WEATHER ITEM   OBSERVED TIME   RECORD YEAR NORMAL DEPARTURE LAST
                VALUE   (LST)  VALUE       VALUE  FROM      YEAR
                                                  NORMAL
..................................................................
TEMPERATURE (F)
 YESTERDAY
  MAXIMUM         62    159 PM  75    1921  44     18       29
  MINIMUM         36    847 PM  -6    1958  21     15       10
                                      1917
  AVERAGE         49                        33     16       20

PRECIPITATION (IN)
  YESTERDAY        0.00          2.07 2015   0.02  -0.02     0.00
  MONTH TO DATE    0.00                      0.33  -0.33     0.34
  SINCE DEC 1      0.00                      0.33  -0.33     0.34
  SINCE JAN 1     25.57                     21.09   4.48    23.12

SNOWFALL (IN)
  YESTERDAY        0.0           7.9  2015   0.1   -0.1      0.0
  MONTH TO DATE    0.0                       1.7   -1.7      0.2
  SINCE DEC 1      0.0                       1.7   -1.7      0.2
  SINCE JUL 1      0.0                       3.9   -3.9      0.2
  SNOW DEPTH       0

DEGREE DAYS
 HEATING
  YESTERDAY       16                        32    -16       45
  MONTH TO DATE  303                       401    -98      454
  SINCE DEC 1    303                       401    -98      454
  SINCE JUL 1   1157                      1415   -258     1050

 COOLING
  YESTERDAY        0                         0      0        0
  MONTH TO DATE    0                         0      0        0
  SINCE DEC 1      0                         0      0        0
  SINCE JAN 1   1520                      1463     57     1580
..................................................................


WIND (MPH)
  HIGHEST WIND SPEED    26   HIGHEST WIND DIRECTION     N (360)
  HIGHEST GUST SPEED    39   HIGHEST GUST DIRECTION     N (350)
  AVERAGE WIND SPEED    13.0


SKY COVER
  POSSIBLE SUNSHINE  MM
  AVERAGE SKY COVER 0.0


WEATHER CONDITIONS
 THE FOLLOWING WEATHER WAS RECORDED YESTERDAY.
  NO SIGNIFICANT WEATHER WAS OBSERVED.


RELATIVE HUMIDITY (PERCENT)
 HIGHEST    40          1100 PM
 LOWEST     17           200 PM
 AVERAGE    29

..........................................................


THE DODGE CITY KS CLIMATE NORMALS FOR TODAY
                         NORMAL    RECORD    YEAR
 MAXIMUM TEMPERATURE (F)   44        74      1893
 MINIMUM TEMPERATURE (F)   21        -4      1901


SUNRISE AND SUNSET
DECEMBER 14 2017......SUNRISE   747 AM CST   SUNSET   522 PM CST
DECEMBER 15 2017......SUNRISE   748 AM CST   SUNSET   522 PM CST


-  INDICATES NEGATIVE NUMBERS.
R  INDICATES RECORD WAS SET OR TIED.
MM INDICATES DATA IS MISSING.
T  INDICATES TRACE AMOUNT.




$$
