754
CDUS43 KDDC 141426
CLIDGC


CLIMATE REPORT
NATIONAL WEATHER SERVICE DODGE CITY KS
825 AM CST SUN FEB 14 2016


...................................

...THE DODGE CITY KS CLIMATE SUMMARY FOR FEBRUARY 14 2016...
VALID AS OF 0800 AM LOCAL TIME.

CLIMATE NORMAL PERIOD 1981 TO 2010
CLIMATE RECORD PERIOD 1875 TO 2016


WEATHER ITEM   OBSERVED TIME   RECORD YEAR NORMAL DEPARTURE LAST
                VALUE   (LST)  VALUE       VALUE  FROM      YEAR
                                                  NORMAL
..................................................................
TEMPERATURE (F)
 TODAY
  MAXIMUM         31   1209 AM  85    1954  48    -17       64
  MINIMUM         23    407 AM  -5    1936  23      0       24
                                      1884
  AVERAGE         27                        36     -9       44

PRECIPITATION (IN)
  TODAY            0.00          0.75 1960   0.02  -0.02     0.00
  MONTH TO DATE    0.31                      0.32  -0.01     0.03
  SINCE DEC 1      3.02                      1.74   1.28     1.69
  SINCE JAN 1      0.59                      0.90  -0.31     0.69

SNOWFALL (IN)
  TODAY            0.0           8.0  1897   0.1   -0.1      0.0
  MONTH TO DATE    0.1                       2.1   -2.0       T
  SINCE DEC 1      8.9                      11.1   -2.2      8.3
  SINCE JUL 1     10.0                      13.3   -3.3     10.5
  SNOW DEPTH       0

..................................................................


WIND (MPH)
  HIGHEST WIND SPEED    25   HIGHEST WIND DIRECTION     N (340)
  HIGHEST GUST SPEED    38   HIGHEST GUST DIRECTION     N (340)
  AVERAGE WIND SPEED     9.6



WEATHER CONDITIONS
 THE FOLLOWING WEATHER WAS RECORDED TODAY.
  NO SIGNIFICANT WEATHER WAS OBSERVED.


RELATIVE HUMIDITY (PERCENT)
 HIGHEST    84           700 AM
 LOWEST     72          1200 AM

..........................................................


THE DODGE CITY KS CLIMATE NORMALS FOR TOMORROW
                         NORMAL    RECORD    YEAR
 MAXIMUM TEMPERATURE (F)   48        75      1921
 MINIMUM TEMPERATURE (F)   23       -10      1881


SUNRISE AND SUNSET
FEBRUARY 14 2016......SUNRISE   731 AM CST   SUNSET   617 PM CST
FEBRUARY 15 2016......SUNRISE   730 AM CST   SUNSET   618 PM CST


-  INDICATES NEGATIVE NUMBERS.
R  INDICATES RECORD WAS SET OR TIED.
MM INDICATES DATA IS MISSING.
T  INDICATES TRACE AMOUNT.




$$
