000
CDUS43 KDDC 240705
CLIDGC


CLIMATE REPORT
NATIONAL WEATHER SERVICE DODGE CITY KS
105 AM CST TUE JAN 24 2017


...................................

...THE DODGE CITY KS CLIMATE SUMMARY FOR JANUARY 23 2017...

CLIMATE NORMAL PERIOD 1981 TO 2010
CLIMATE RECORD PERIOD 1875 TO 2017


WEATHER ITEM   OBSERVED TIME   RECORD YEAR NORMAL DEPARTURE LAST
                VALUE   (LST)  VALUE       VALUE  FROM      YEAR
                                                  NORMAL
..................................................................
TEMPERATURE (F)
 YESTERDAY
  MAXIMUM         61    421 PM  70    1981  45     16       44
                                      1909
  MINIMUM         27    410 AM -11    1963  20      7       22
  AVERAGE         44                        32     12       33

PRECIPITATION (IN)
  YESTERDAY        0.00          0.18 1965   0.02  -0.02     0.00
  MONTH TO DATE    2.56                      0.41   2.15     0.28
  SINCE DEC 1      3.18                      1.25   1.93     2.71
  SINCE JAN 1      2.56                      0.41   2.15     0.28

SNOWFALL (IN)
  YESTERDAY        0.0           2.0  1965   0.2   -0.2      0.0
  MONTH TO DATE    2.7                       3.5   -0.8      0.7
  SINCE DEC 1      5.0                       7.6   -2.6      8.8
  SINCE JUL 1      5.0                       9.8   -4.8      9.9
  SNOW DEPTH       0

DEGREE DAYS
 HEATING
  YESTERDAY       21                        33    -12       32
  MONTH TO DATE  762                       759      3      776
  SINCE DEC 1   1839                      1759     80     1653
  SINCE JUL 1   2435                      2773   -338     2483

 COOLING
  YESTERDAY        0                         0      0        0
  MONTH TO DATE    0                         0      0        0
  SINCE DEC 1      0                         0      0        0
  SINCE JAN 1      0                         0      0        0
..................................................................


WIND (MPH)
  HIGHEST WIND SPEED    30   HIGHEST WIND DIRECTION     S (170)
  HIGHEST GUST SPEED    35   HIGHEST GUST DIRECTION     S (190)
  AVERAGE WIND SPEED    12.1


SKY COVER
  POSSIBLE SUNSHINE  MM
  AVERAGE SKY COVER 0.0


WEATHER CONDITIONS
 THE FOLLOWING WEATHER WAS RECORDED YESTERDAY.
  NO SIGNIFICANT WEATHER WAS OBSERVED.


RELATIVE HUMIDITY (PERCENT)
 HIGHEST    89           900 AM
 LOWEST     32           400 PM
 AVERAGE    61

..........................................................


THE DODGE CITY KS CLIMATE NORMALS FOR TODAY
                         NORMAL    RECORD    YEAR
 MAXIMUM TEMPERATURE (F)   45        74      1981
 MINIMUM TEMPERATURE (F)   20       -15      1894


SUNRISE AND SUNSET
JANUARY 24 2017.......SUNRISE   750 AM CST   SUNSET   555 PM CST
JANUARY 25 2017.......SUNRISE   749 AM CST   SUNSET   556 PM CST


-  INDICATES NEGATIVE NUMBERS.
R  INDICATES RECORD WAS SET OR TIED.
MM INDICATES DATA IS MISSING.
T  INDICATES TRACE AMOUNT.




$$
