000
CDUS43 KDDC 012335
CLIDGC


CLIMATE REPORT
NATIONAL WEATHER SERVICE DODGE CITY KS
633 PM CDT FRI AUG 1 2014


...................................

...THE DODGE CITY KS CLIMATE SUMMARY FOR AUGUST 1 2014...
VALID TODAY AS OF 0500 PM LOCAL TIME.

CLIMATE NORMAL PERIOD 1981 TO 2010
CLIMATE RECORD PERIOD 1875 TO 2014


WEATHER ITEM   OBSERVED TIME   RECORD YEAR NORMAL DEPARTURE LAST
                VALUE   (LST)  VALUE       VALUE  FROM      YEAR
                                                  NORMAL
..................................................................
TEMPERATURE (F)
 TODAY
  MAXIMUM         89    434 PM 107    2012  93     -4       91
  MINIMUM         62    617 AM  53    1925  67     -5       60
  AVERAGE         76                        80     -4       76

PRECIPITATION (IN)
  TODAY            0.00          3.34 1927   0.10  -0.10     0.13
  MONTH TO DATE    0.00                      0.10  -0.10     0.13
  SINCE JUN 1     12.10                      6.42   5.68     5.26
  SINCE JAN 1     15.62                     13.94   1.68     8.69

SNOWFALL (IN)
  TODAY            0.0           0.0  2002   0.0    0.0      0.0
                                      2001
  MONTH TO DATE    0.0                       0.0    0.0      0.0
  SINCE JUN 1      0.0                       0.0    0.0      0.0
  SINCE JUL 1      0.0                       0.0    0.0      0.0
  SNOW DEPTH       0

DEGREE DAYS
 HEATING
  TODAY            0                         0      0        0
  MONTH TO DATE    0                         0      0        0
  SINCE JUN 1     20                        14      6       12
  SINCE JUL 1     13                         1     12        0

 COOLING
  TODAY           11                        15     -4       11
  MONTH TO DATE   11                        15     -4       11
  SINCE JUN 1    639                       745   -106      842
  SINCE JAN 1    811                       854    -43     1004
..................................................................


WIND (MPH)
  HIGHEST WIND SPEED    15   HIGHEST WIND DIRECTION    NE (30)
  HIGHEST GUST SPEED    20   HIGHEST GUST DIRECTION    NE (40)
  AVERAGE WIND SPEED     8.6


SKY COVER
  POSSIBLE SUNSHINE  MM
  AVERAGE SKY COVER 0.1


WEATHER CONDITIONS
 THE FOLLOWING WEATHER WAS RECORDED TODAY.
  HAZE


RELATIVE HUMIDITY (PERCENT)
 HIGHEST    78          1200 AM
 LOWEST     26           400 PM
 AVERAGE    52

..........................................................


THE DODGE CITY KS CLIMATE NORMALS FOR TOMORROW
                         NORMAL    RECORD    YEAR
 MAXIMUM TEMPERATURE (F)   92       107      1943
 MINIMUM TEMPERATURE (F)   67        55      1927


SUNRISE AND SUNSET
AUGUST  1 2014........SUNRISE   643 AM CDT   SUNSET   848 PM CDT
AUGUST  2 2014........SUNRISE   644 AM CDT   SUNSET   847 PM CDT


-  INDICATES NEGATIVE NUMBERS.
R  INDICATES RECORD WAS SET OR TIED.
MM INDICATES DATA IS MISSING.
T  INDICATES TRACE AMOUNT.




$$
