000
CDUS43 KDDC 282332
CLIDGC


CLIMATE REPORT
NATIONAL WEATHER SERVICE DODGE CITY KS
532 PM CST SUN DEC 28 2014


...................................

...THE DODGE CITY KS CLIMATE SUMMARY FOR DECEMBER 28 2014...
VALID TODAY AS OF 0500 PM LOCAL TIME.

CLIMATE NORMAL PERIOD 1981 TO 2010
CLIMATE RECORD PERIOD 1875 TO 2014


WEATHER ITEM   OBSERVED TIME   RECORD YEAR NORMAL DEPARTURE LAST
                VALUE   (LST)  VALUE       VALUE  FROM      YEAR
                                                  NORMAL
..................................................................
TEMPERATURE (F)
 TODAY
  MAXIMUM         42    418 PM  70    1999  43     -1       50
                                      1879
  MINIMUM         13    742 AM -11    1894  20     -7       27
  AVERAGE         28                        32     -4       39

PRECIPITATION (IN)
  TODAY            0.00          0.40 1979   0.03  -0.03     0.00
  MONTH TO DATE    0.95                      0.77   0.18     0.48
  SINCE DEC 1      0.95                      0.77   0.18     0.48
  SINCE JAN 1     23.13                     21.53   1.60    20.72

SNOWFALL (IN)
  TODAY            0.0           3.2  1979   0.1   -0.1      0.0
  MONTH TO DATE    1.5                       3.7   -2.2      5.5
  SINCE DEC 1      1.5                       3.7   -2.2      5.5
  SINCE JUL 1      3.7                       5.9   -2.2     10.5
  SNOW DEPTH       0

DEGREE DAYS
 HEATING
  TODAY           37                        33      4       26
  MONTH TO DATE  773                       896   -123      976
  SINCE DEC 1    773                       896   -123      976
  SINCE JUL 1   1771                      1910   -139     2004

 COOLING
  TODAY            0                         0      0        0
  MONTH TO DATE    0                         0      0        0
  SINCE DEC 1      0                         0      0        0
  SINCE JAN 1   1475                      1463     12     1641
..................................................................


WIND (MPH)
  HIGHEST WIND SPEED    21   HIGHEST WIND DIRECTION     S (180)
  HIGHEST GUST SPEED    24   HIGHEST GUST DIRECTION    SE (150)
  AVERAGE WIND SPEED     9.7


SKY COVER
  POSSIBLE SUNSHINE  MM
  AVERAGE SKY COVER 0.0


WEATHER CONDITIONS
 THE FOLLOWING WEATHER WAS RECORDED TODAY.
  NO SIGNIFICANT WEATHER WAS OBSERVED.


RELATIVE HUMIDITY (PERCENT)
 HIGHEST    84           900 AM
 LOWEST     33           400 PM
 AVERAGE    59

..........................................................


THE DODGE CITY KS CLIMATE NORMALS FOR TOMORROW
                         NORMAL    RECORD    YEAR
 MAXIMUM TEMPERATURE (F)   43        73      1999
                                             1875
 MINIMUM TEMPERATURE (F)   20       -14      1880
                                             1876


SUNRISE AND SUNSET
DECEMBER 28 2014......SUNRISE   754 AM CST   SUNSET   529 PM CST
DECEMBER 29 2014......SUNRISE   755 AM CST   SUNSET   529 PM CST


-  INDICATES NEGATIVE NUMBERS.
R  INDICATES RECORD WAS SET OR TIED.
MM INDICATES DATA IS MISSING.
T  INDICATES TRACE AMOUNT.




$$
