000
CDUS45 KCYS 032126
CLIDGW


CLIMATE REPORT
NATIONAL WEATHER SERVICE CHEYENNE WY
326 PM MDT WED JUN 3 2015


...................................

...THE DOUGLAS WY AIRPORT CLIMATE SUMMARY FOR JUNE 3 2015...
VALID AS OF 0300 PM LOCAL TIME.

CLIMATE NORMAL PERIOD 1981 TO 2010
CLIMATE RECORD PERIOD 1998 TO 2015


WEATHER ITEM   OBSERVED TIME   RECORD YEAR NORMAL DEPARTURE LAST
                VALUE   (LST)  VALUE       VALUE  FROM      YEAR
                                                  NORMAL
..................................................................
TEMPERATURE (F)
 TODAY
  MAXIMUM         76    143 PM  89    2000  75      1       81
  MINIMUM         48    402 AM  38    2011  44      4       50
  AVERAGE         62                        59      3       66

PRECIPITATION (IN)
  TODAY            0.00          0.35 2002   0.08  -0.08     0.00
  MONTH TO DATE    0.23                      0.24  -0.01     0.17
  SINCE JAN 1      8.23                      5.88   2.35     5.94

DEGREE DAYS
 HEATING
  TODAY            3                         7     -4        0
  MONTH TO DATE    3                        21    -18       17
  SINCE JUN 1      3                        21    -18       17
  SINCE JUL 1   6826                      7352   -526     7490

 COOLING
  TODAY            0                         1     -1        1
  MONTH TO DATE    3                         3      0        1
  SINCE JUN 1      3                         3      0        1
  SINCE JAN 1      4                         9     -5        6
..................................................................


WIND (MPH)
  HIGHEST WIND SPEED    23   HIGHEST WIND DIRECTION    SE (140)
  HIGHEST GUST SPEED    28   HIGHEST GUST DIRECTION    SE (140)
  AVERAGE WIND SPEED    12.2


SKY COVER
  AVERAGE SKY COVER 0.1


WEATHER CONDITIONS
 THE FOLLOWING WEATHER WAS RECORDED TODAY.
  NO SIGNIFICANT WEATHER WAS OBSERVED.


RELATIVE HUMIDITY (PERCENT)
 HIGHEST    93           100 AM
 LOWEST     49           100 PM
 AVERAGE    71

..........................................................


THE DOUGLAS WY AIRPORT CLIMATE NORMALS FOR TOMORROW
                         NORMAL    RECORD    YEAR
 MAXIMUM TEMPERATURE (F)   75        96      2012
 MINIMUM TEMPERATURE (F)   45        35      2011
                                             2001


SUNRISE AND SUNSET
JUNE  3 2015..........SUNRISE   525 AM MDT   SUNSET   835 PM MDT
JUNE  4 2015..........SUNRISE   525 AM MDT   SUNSET   835 PM MDT


-  INDICATES NEGATIVE NUMBERS.
R  INDICATES RECORD WAS SET OR TIED.
MM INDICATES DATA IS MISSING.
T  INDICATES TRACE AMOUNT.




$$
