000
CDUS45 KCYS 260728
CLIDGW


CLIMATE REPORT
NATIONAL WEATHER SERVICE CHEYENNE WY
1227 AM MST FRI DEC 26 2014


...................................

...THE DOUGLAS WY AIRPORT CLIMATE SUMMARY FOR DECEMBER 25 2014...

CLIMATE NORMAL PERIOD 1981 TO 2010
CLIMATE RECORD PERIOD 1998 TO 2014


WEATHER ITEM   OBSERVED TIME   RECORD YEAR NORMAL DEPARTURE LAST
                VALUE   (LST)  VALUE       VALUE  FROM      YEAR
                                                  NORMAL
..................................................................
TEMPERATURE (F)
 YESTERDAY
  MAXIMUM         43   1205 AM  51    1999  38      5       36
  MINIMUM         17   1159 PM  -7    2012  10      7        5
  AVERAGE         30                        24      6       21

PRECIPITATION (IN)
  YESTERDAY        0.01          0.22 2009   0.01   0.00     0.00
  MONTH TO DATE    0.07                      0.33  -0.26     0.56
  SINCE JAN 1     12.42                     13.32  -0.90    10.04

DEGREE DAYS
 HEATING
  YESTERDAY       35                        41     -6       44
  MONTH TO DATE  819                      1021   -202     1117
  SINCE DEC 1    819                      1021   -202     1117
  SINCE JUL 1   2543                      2843   -300     2854

 COOLING
  YESTERDAY        0                         0      0        0
  MONTH TO DATE    0                         0      0        0
  SINCE DEC 1      0                         0      0        0
  SINCE JAN 1    401                       486    -85      739
..................................................................


WIND (MPH)
  HIGHEST WIND SPEED    24   HIGHEST WIND DIRECTION     N (20)
  HIGHEST GUST SPEED    90   HIGHEST GUST DIRECTION    SW (210)
  AVERAGE WIND SPEED    10.4


SKY COVER
  AVERAGE SKY COVER 1.0


WEATHER CONDITIONS
 THE FOLLOWING WEATHER WAS RECORDED YESTERDAY.
  SNOW
  LIGHT SNOW
  FOG


RELATIVE HUMIDITY (PERCENT)
 HIGHEST    92           400 AM
 LOWEST     50           200 AM
 AVERAGE    71

..........................................................


THE DOUGLAS WY AIRPORT CLIMATE NORMALS FOR TODAY
                         NORMAL    RECORD    YEAR
 MAXIMUM TEMPERATURE (F)   38        53      2010
 MINIMUM TEMPERATURE (F)   10        -9      2012


SUNRISE AND SUNSET
DECEMBER 26 2014......SUNRISE   731 AM MST   SUNSET   433 PM MST
DECEMBER 27 2014......SUNRISE   731 AM MST   SUNSET   434 PM MST


-  INDICATES NEGATIVE NUMBERS.
R  INDICATES RECORD WAS SET OR TIED.
MM INDICATES DATA IS MISSING.
T  INDICATES TRACE AMOUNT.




$$
