000
CDUS44 KTAE 260631
CLIDHN


CLIMATE REPORT
NATIONAL WEATHER SERVICE TALLAHASSEE FL
231 AM EDT WED APR 26 2017


...................................

...THE DOTHAN CLIMATE SUMMARY FOR APRIL 25 2017...

CLIMATE NORMAL PERIOD 1981 TO 2010
CLIMATE RECORD PERIOD 1965 TO 2017


WEATHER ITEM   OBSERVED TIME   NORMAL DEPARTURE LAST
                VALUE   (LST)  VALUE  FROM      YEAR
                                      NORMAL
......................................................
TEMPERATURE (F)
 YESTERDAY
  MAXIMUM         81    444 PM  81      0       84
  MINIMUM         55    637 AM  56     -1       61
  AVERAGE         68            68      0       73

PRECIPITATION (IN)
  YESTERDAY        0.00          0.09  -0.09      T
  MONTH TO DATE    1.55          3.14  -1.59     5.78
  SINCE MAR 1      3.08          9.02  -5.94    11.94
  SINCE JAN 1     22.67         18.42   4.25    22.79

SNOWFALL (IN)
  YESTERDAY        0.0

DEGREE DAYS
 HEATING
  YESTERDAY        0             1     -1        0
  MONTH TO DATE   22            65    -43       38
  SINCE MAR 1    193           276    -83      160
  SINCE JUL 1   1052          1835   -783     1338

 COOLING
  YESTERDAY        3             4     -1        8
  MONTH TO DATE  131            64     67       36
  SINCE MAR 1    207            85    122      109
  SINCE JAN 1    245            95    150      115
......................................................


WIND (MPH)
  HIGHEST WIND SPEED    14   HIGHEST WIND DIRECTION     W (250)
  HIGHEST GUST SPEED    18   HIGHEST GUST DIRECTION    SW (240)
  AVERAGE WIND SPEED     7.9








-  INDICATES NEGATIVE NUMBERS.
R  INDICATES RECORD WAS SET OR TIED.
MM INDICATES DATA IS MISSING.
T  INDICATES TRACE AMOUNT.




$$
