000
CDUS44 KTAE 060632
CLIDHN


CLIMATE REPORT
NATIONAL WEATHER SERVICE TALLAHASSEE FL
132 AM EST TUE DEC 6 2016


...................................

...THE DOTHAN CLIMATE SUMMARY FOR DECEMBER 5 2016...

CLIMATE NORMAL PERIOD 1981 TO 2010
CLIMATE RECORD PERIOD 1965 TO 2016


WEATHER ITEM   OBSERVED TIME   NORMAL DEPARTURE LAST
                VALUE   (LST)  VALUE  FROM      YEAR
                                      NORMAL
......................................................
TEMPERATURE (F)
 YESTERDAY
  MAXIMUM         63   1159 PM  65     -2       67
  MINIMUM         55    812 AM  42     13       44
  AVERAGE         59            53      6       56

PRECIPITATION (IN)
  YESTERDAY        3.03          0.18   2.85     0.00
  MONTH TO DATE    6.59          0.96   5.63     0.48
  SINCE DEC 1      6.59          0.96   5.63     0.48
  SINCE JAN 1     51.40         50.54   0.86    59.91

SNOWFALL (IN)
  YESTERDAY        0.0

DEGREE DAYS
 HEATING
  YESTERDAY        6            12     -6        9
  MONTH TO DATE   44            58    -14       45
  SINCE DEC 1     44            58    -14       45
  SINCE JUL 1    205           335   -130      180
......................................................


WIND (MPH)
  HIGHEST WIND SPEED    16   HIGHEST WIND DIRECTION    NE (50)
  HIGHEST GUST SPEED    20   HIGHEST GUST DIRECTION     N (20)
  AVERAGE WIND SPEED     7.8








-  INDICATES NEGATIVE NUMBERS.
R  INDICATES RECORD WAS SET OR TIED.
MM INDICATES DATA IS MISSING.
T  INDICATES TRACE AMOUNT.




$$
