000
CDUS44 KTAE 260632
CLIDHN


CLIMATE REPORT
NATIONAL WEATHER SERVICE TALLAHASSEE FL
231 AM EDT SAT JUL 26 2014


...................................

...THE DOTHAN CLIMATE SUMMARY FOR JULY 25 2014...

CLIMATE NORMAL PERIOD 1981 TO 2010
CLIMATE RECORD PERIOD 1965 TO 2014


WEATHER ITEM   OBSERVED TIME   NORMAL DEPARTURE LAST
                VALUE   (LST)  VALUE  FROM      YEAR
                                      NORMAL
......................................................
TEMPERATURE (F)
 YESTERDAY
  MAXIMUM         89    115 PM  92     -3       89
  MINIMUM         74    537 AM  72      2       71
  AVERAGE         82            82      0       80

PRECIPITATION (IN)
  YESTERDAY        T             0.20  -0.20     0.00
  MONTH TO DATE    3.23          4.82  -1.59    17.51
  SINCE JUN 1      5.71         10.42  -4.71    22.10
  SINCE JAN 1     35.78         32.78   3.00    49.40

SNOWFALL (IN)
  YESTERDAY        0.0

DEGREE DAYS
 COOLING
  YESTERDAY       17            17      0       15
  MONTH TO DATE  407           424    -17      349
  SINCE JUN 1    881           868     13      809
  SINCE JAN 1   1266          1281    -15     1181
......................................................










-  INDICATES NEGATIVE NUMBERS.
R  INDICATES RECORD WAS SET OR TIED.
MM INDICATES DATA IS MISSING.
T  INDICATES TRACE AMOUNT.




$$
