000
CDUS44 KTAE 240632
CLIDHN


CLIMATE REPORT
NATIONAL WEATHER SERVICE TALLAHASSEE FL
232 AM EDT THU AUG 24 2017


...................................

...THE DOTHAN CLIMATE SUMMARY FOR AUGUST 23 2017...

CLIMATE NORMAL PERIOD 1981 TO 2010
CLIMATE RECORD PERIOD 1965 TO 2017


WEATHER ITEM   OBSERVED TIME   NORMAL DEPARTURE LAST
                VALUE   (LST)  VALUE  FROM      YEAR
                                      NORMAL
......................................................
TEMPERATURE (F)
 YESTERDAY
  MAXIMUM         94    341 PM  91      3       97
  MINIMUM         75    517 AM  71      4       73
  AVERAGE         85            81      4       85

PRECIPITATION (IN)
  YESTERDAY        0.12          0.15  -0.03     1.01
  MONTH TO DATE    3.00          3.44  -0.44     5.14
  SINCE JUN 1     11.94         14.99  -3.05    18.81
  SINCE JAN 1     39.19         37.35   1.84    43.23

SNOWFALL (IN)
  YESTERDAY        0.0

DEGREE DAYS
 COOLING
  YESTERDAY       20            16      4       20
  MONTH TO DATE  396           378     18      417
  SINCE JUN 1   1334          1346    -12     1479
  SINCE JAN 1   1930          1759    171     1932
......................................................


WIND (MPH)
  HIGHEST WIND SPEED    22   HIGHEST WIND DIRECTION     W (270)
  HIGHEST GUST SPEED    28   HIGHEST GUST DIRECTION     W (280)
  AVERAGE WIND SPEED     5.0








-  INDICATES NEGATIVE NUMBERS.
R  INDICATES RECORD WAS SET OR TIED.
MM INDICATES DATA IS MISSING.
T  INDICATES TRACE AMOUNT.




$$
