000
CDUS44 KTAE 302139
CLIDHN


CLIMATE REPORT
NATIONAL WEATHER SERVICE TALLAHASSEE FL
538 PM EDT FRI SEP 30 2016


...................................

...THE DOTHAN CLIMATE SUMMARY FOR SEPTEMBER 30 2016...
VALID TODAY AS OF 0500 PM LOCAL TIME.

CLIMATE NORMAL PERIOD 1981 TO 2010
CLIMATE RECORD PERIOD 1965 TO 2016


WEATHER ITEM   OBSERVED TIME   NORMAL DEPARTURE LAST
                VALUE   (LST)  VALUE  FROM      YEAR
                                      NORMAL
......................................................
TEMPERATURE (F)
 TODAY
  MAXIMUM         81    224 PM  84     -3       88
  MINIMUM         51    530 AM  61    -10       71
  AVERAGE         66            72     -6       80

PRECIPITATION (IN)
  TODAY            0.00          0.08  -0.08      T
  MONTH TO DATE    0.76          3.59  -2.83     8.47
  SINCE SEP 1      0.76          3.59  -2.83     8.47
  SINCE JAN 1     43.99         41.98   2.01    45.14

......................................................










-  INDICATES NEGATIVE NUMBERS.
R  INDICATES RECORD WAS SET OR TIED.
MM INDICATES DATA IS MISSING.
T  INDICATES TRACE AMOUNT.




$$
