000
CDUS44 KTAE 300631
CLIDHN


CLIMATE REPORT
NATIONAL WEATHER SERVICE TALLAHASSEE FL
230 AM EDT SAT JUL 30 2016


...................................

...THE DOTHAN CLIMATE SUMMARY FOR JULY 29 2016...

CLIMATE NORMAL PERIOD 1981 TO 2010
CLIMATE RECORD PERIOD 1965 TO 2016


WEATHER ITEM   OBSERVED TIME   NORMAL DEPARTURE LAST
                VALUE   (LST)  VALUE  FROM      YEAR
                                      NORMAL
......................................................
TEMPERATURE (F)
 YESTERDAY
  MAXIMUM         95    150 PM  92      3       97
  MINIMUM         75    517 AM  72      3       76
  AVERAGE         85            82      3       87

PRECIPITATION (IN)
  YESTERDAY        T             0.19  -0.19     0.06
  MONTH TO DATE    6.77          5.56   1.21     4.08
  SINCE JUN 1     11.86         11.16   0.70     7.28
  SINCE JAN 1     36.28         33.52   2.76    31.53

SNOWFALL (IN)
  YESTERDAY        0.0

DEGREE DAYS
 COOLING
  YESTERDAY       20            17      3       22
  MONTH TO DATE  532           492     40      543
  SINCE JUN 1   1023           936     87     1037
  SINCE JAN 1   1476          1349    127     1625
......................................................


WIND (MPH)
  HIGHEST WIND SPEED    16   HIGHEST WIND DIRECTION     W (260)
  HIGHEST GUST SPEED    20   HIGHEST GUST DIRECTION     W (260)
  AVERAGE WIND SPEED     6.5








-  INDICATES NEGATIVE NUMBERS.
R  INDICATES RECORD WAS SET OR TIED.
MM INDICATES DATA IS MISSING.
T  INDICATES TRACE AMOUNT.




$$
