000
CDUS44 KTAE 300639
CLIDHN


CLIMATE REPORT
NATIONAL WEATHER SERVICE TALLAHASSEE FL
239 AM EDT SAT APR 30 2016


...................................

...THE DOTHAN CLIMATE SUMMARY FOR APRIL 29 2016...

CLIMATE NORMAL PERIOD 1981 TO 2010
CLIMATE RECORD PERIOD 1965 TO 2016


WEATHER ITEM   OBSERVED TIME   NORMAL DEPARTURE LAST
                VALUE   (LST)  VALUE  FROM      YEAR
                                      NORMAL
......................................................
TEMPERATURE (F)
 YESTERDAY
  MAXIMUM         89    404 PM  82      7       73
  MINIMUM         64    513 AM  57      7       56
  AVERAGE         77            70      7       65

PRECIPITATION (IN)
  YESTERDAY        0.00          0.08  -0.08     0.25
  MONTH TO DATE    5.79          3.45   2.34     7.85
  SINCE MAR 1     11.95          9.33   2.62    12.16
  SINCE JAN 1     22.80         18.73   4.07    18.83

SNOWFALL (IN)
  YESTERDAY        0.0

DEGREE DAYS
 HEATING
  YESTERDAY        0             1     -1        0
  MONTH TO DATE   38            69    -31        5
  SINCE MAR 1    160           280   -120      133
  SINCE JUL 1   1338          1839   -501     1820

 COOLING
  YESTERDAY       12             5      7        0
  MONTH TO DATE   75            84     -9      160
  SINCE MAR 1    148           105     43      239
  SINCE JAN 1    154           115     39      243
......................................................


WIND (MPH)
  HIGHEST WIND SPEED    12   HIGHEST WIND DIRECTION    SW (220)
  HIGHEST GUST SPEED    16   HIGHEST GUST DIRECTION     S (160)
  AVERAGE WIND SPEED     5.2








-  INDICATES NEGATIVE NUMBERS.
R  INDICATES RECORD WAS SET OR TIED.
MM INDICATES DATA IS MISSING.
T  INDICATES TRACE AMOUNT.




$$
