000
CDUS44 KTAE 260639
CLIDHN


CLIMATE REPORT
NATIONAL WEATHER SERVICE TALLAHASSEE FL
238 AM EDT TUE MAY 26 2015


...................................

...THE DOTHAN CLIMATE SUMMARY FOR MAY 25 2015...

CLIMATE NORMAL PERIOD 1981 TO 2010
CLIMATE RECORD PERIOD 1965 TO 2015


WEATHER ITEM   OBSERVED TIME   NORMAL DEPARTURE LAST
                VALUE   (LST)  VALUE  FROM      YEAR
                                      NORMAL
......................................................
TEMPERATURE (F)
 YESTERDAY
  MAXIMUM         87   1157 AM  88     -1       96
  MINIMUM         68    202 PM  65      3       67
  AVERAGE         78            76      2       82

PRECIPITATION (IN)
  YESTERDAY        1.57          0.16   1.41     0.31
  MONTH TO DATE    2.68          2.51   0.17     3.39
  SINCE MAR 1     14.84         11.91   2.93    22.04
  SINCE JAN 1     21.51         21.31   0.20    29.77

SNOWFALL (IN)
  YESTERDAY        0.0

DEGREE DAYS
 COOLING
  YESTERDAY       13            11      2       17
  MONTH TO DATE  268           219     49      205
  SINCE MAR 1    508           330    178      302
  SINCE JAN 1    512           340    172      311
......................................................


WIND (MPH)
  HIGHEST WIND SPEED    26   HIGHEST WIND DIRECTION    SW (220)
  HIGHEST GUST SPEED    34   HIGHEST GUST DIRECTION     W (260)
  AVERAGE WIND SPEED     7.2








-  INDICATES NEGATIVE NUMBERS.
R  INDICATES RECORD WAS SET OR TIED.
MM INDICATES DATA IS MISSING.
T  INDICATES TRACE AMOUNT.




$$
