000
CDUS44 KTAE 062245
CLIDHN


CLIMATE REPORT
NATIONAL WEATHER SERVICE TALLAHASSEE FL
645 PM EDT MON JUL 6 2015


...................................

...THE DOTHAN CLIMATE SUMMARY FOR JULY 6 2015...
VALID TODAY AS OF 0600 PM LOCAL TIME.

CLIMATE NORMAL PERIOD 1981 TO 2010
CLIMATE RECORD PERIOD 1965 TO 2015


WEATHER ITEM   OBSERVED TIME   NORMAL DEPARTURE LAST
                VALUE   (LST)  VALUE  FROM      YEAR
                                      NORMAL
......................................................
TEMPERATURE (F)
 TODAY
  MAXIMUM         88    400 PM  92     -4       93
  MINIMUM         68        MM  72     -4       70
  AVERAGE         78            82     -4       82

PRECIPITATION (IN)
  TODAY            0.00          0.21  -0.21     0.00
  MONTH TO DATE    2.05          1.30   0.75     0.00
  SINCE JUN 1      5.25          6.90  -1.65     2.48
  SINCE JAN 1     29.50         29.26   0.24    32.55

......................................................










-  INDICATES NEGATIVE NUMBERS.
R  INDICATES RECORD WAS SET OR TIED.
MM INDICATES DATA IS MISSING.
T  INDICATES TRACE AMOUNT.




$$
