000
CDUS44 KAMA 260626
CLIDHT


CLIMATE REPORT
NATIONAL WEATHER SERVICE AMARILLO TX
125 AM CDT TUE JUL 26 2016


...................................

...THE DALHART CLIMATE SUMMARY FOR JULY 25 2016...

CLIMATE NORMAL PERIOD 1981 TO 2010
CLIMATE RECORD PERIOD 1948 TO 2016


WEATHER ITEM   OBSERVED TIME   RECORD YEAR NORMAL DEPARTURE LAST
                VALUE   (LST)  VALUE       VALUE  FROM      YEAR
                                                  NORMAL
..................................................................
TEMPERATURE (F)
 YESTERDAY
  MAXIMUM         92    501 PM 105    2014  91      1      101
  MINIMUM         69    651 AM  54    2004  62      7       70
  AVERAGE         81                        77      4       86

PRECIPITATION (IN)
  YESTERDAY        T             1.12 1983   0.10  -0.10     0.00
  MONTH TO DATE    1.49                      2.20  -0.71     2.58
  SINCE JUN 1      3.50                      4.50  -1.00     3.43
  SINCE JAN 1     10.72                      9.91   0.81    10.14

SNOWFALL (IN)
  YESTERDAY        0.0           0.0    MM   0.0    0.0      0.0
  MONTH TO DATE    0.0                       0.0    0.0      0.0
  SINCE JUN 1      0.0                       0.0    0.0      0.0
  SINCE JUL 1      0.0                       0.0    0.0      0.0
  SNOW DEPTH       0

DEGREE DAYS
 HEATING
  YESTERDAY        0                         0      0        0
  MONTH TO DATE    0                         0      0        0
  SINCE JUN 1      0                        12    -12        0
  SINCE JUL 1      0                         0      0        0

 COOLING
  YESTERDAY       16                        12      4       21
  MONTH TO DATE  438                       296    142      377
  SINCE JUN 1    788                       536    252      710
  SINCE JAN 1    834                       608    226      732
..................................................................


WIND (MPH)
  RESULTANT WIND SPEED   5   RESULTANT WIND DIRECTION  NE (60)
  HIGHEST WIND SPEED    24   HIGHEST WIND DIRECTION     W (280)
  HIGHEST GUST SPEED    31   HIGHEST GUST DIRECTION    SW (240)
  AVERAGE WIND SPEED     8.3


SKY COVER
  AVERAGE SKY COVER 0.1


WEATHER CONDITIONS
 THE FOLLOWING WEATHER WAS RECORDED YESTERDAY.
  THUNDERSTORM
  FOG
  HAZE


RELATIVE HUMIDITY (PERCENT)
 HIGHEST    84           100 AM
 LOWEST     36           600 PM
 AVERAGE    60

..........................................................


THE DALHART CLIMATE NORMALS FOR TODAY
                         NORMAL    RECORD    YEAR
 MAXIMUM TEMPERATURE (F)   91       104      2014
 MINIMUM TEMPERATURE (F)   62        54      2004


SUNRISE AND SUNSET
JULY 26 2016..........SUNRISE   653 AM CDT   SUNSET   900 PM CDT
JULY 27 2016..........SUNRISE   654 AM CDT   SUNSET   859 PM CDT


-  INDICATES NEGATIVE NUMBERS.
R  INDICATES RECORD WAS SET OR TIED.
MM INDICATES DATA IS MISSING.
T  INDICATES TRACE AMOUNT.




$$
