938
CDUS44 KAMA 272141
CLIDHT


CLIMATE REPORT
NATIONAL WEATHER SERVICE AMARILLO TX
441 PM CDT THU APR 27 2017


...................................

...THE DALHART CLIMATE SUMMARY FOR APRIL 27 2017...
VALID TODAY AS OF 0400 PM LOCAL TIME.

CLIMATE NORMAL PERIOD 1981 TO 2010
CLIMATE RECORD PERIOD 1948 TO 2017


WEATHER ITEM   OBSERVED TIME   RECORD YEAR NORMAL DEPARTURE LAST
                VALUE   (LST)  VALUE       VALUE  FROM      YEAR
                                                  NORMAL
..................................................................
TEMPERATURE (F)
 TODAY
  MAXIMUM         76    152 PM  89    1953  73      3       66
  MINIMUM         45    526 AM  28    1994  42      3       39
  AVERAGE         61                        57      4       53

PRECIPITATION (IN)
  TODAY            0.00          0.66 1949   0.04  -0.04     0.00
  MONTH TO DATE    2.09                      0.95   1.14     3.37
  SINCE MAR 1      3.51                      2.12   1.39     3.67
  SINCE JAN 1      4.59                      3.04   1.55     4.05

SNOWFALL (IN)
  TODAY            0.0           T    1994   0.1   -0.1      0.0
  MONTH TO DATE    1.0                       1.2   -0.2      0.0
  SINCE MAR 1      1.0                       5.4   -4.4      6.0
  SINCE JUL 1      2.3                      18.9  -16.6     12.7
  SNOW DEPTH       0

DEGREE DAYS
 HEATING
  TODAY            4                         8     -4       12
  MONTH TO DATE  223                       324   -101      242
  SINCE MAR 1    638                       935   -297      713
  SINCE JUL 1   3455                      4578  -1123     3658

 COOLING
  TODAY            0                         0      0        0
  MONTH TO DATE   29                         0     29        2
  SINCE MAR 1     35                         0     35        2
  SINCE JAN 1     35                         0     35        2
..................................................................


WIND (MPH)
  RESULTANT WIND SPEED  10   RESULTANT WIND DIRECTION  SW (230)
  HIGHEST WIND SPEED    38   HIGHEST WIND DIRECTION    SW (240)
  HIGHEST GUST SPEED    54   HIGHEST GUST DIRECTION    SW (240)
  AVERAGE WIND SPEED    14.7


SKY COVER
  AVERAGE SKY COVER 0.3


WEATHER CONDITIONS
 THE FOLLOWING WEATHER WAS RECORDED TODAY.
  NO SIGNIFICANT WEATHER WAS OBSERVED.


RELATIVE HUMIDITY (PERCENT)
 HIGHEST    76          1200 AM
 LOWEST     22           300 PM
 AVERAGE    49

..........................................................


THE DALHART CLIMATE NORMALS FOR TOMORROW
                         NORMAL    RECORD    YEAR
 MAXIMUM TEMPERATURE (F)   73        88      1951
 MINIMUM TEMPERATURE (F)   42        27      2008
                                             1994


SUNRISE AND SUNSET
APRIL 27 2017.........SUNRISE   702 AM CDT   SUNSET   834 PM CDT
APRIL 28 2017.........SUNRISE   701 AM CDT   SUNSET   835 PM CDT


-  INDICATES NEGATIVE NUMBERS.
R  INDICATES RECORD WAS SET OR TIED.
MM INDICATES DATA IS MISSING.
T  INDICATES TRACE AMOUNT.




$$
