000
CDUS44 KAMA 230643
CLIDHT


CLIMATE REPORT
NATIONAL WEATHER SERVICE AMARILLO TX
138 AM CDT WED APR 23 2014


...................................

...THE DALHART CLIMATE SUMMARY FOR APRIL 22 2014...

CLIMATE NORMAL PERIOD 1981 TO 2010
CLIMATE RECORD PERIOD 1894 TO 2014


WEATHER ITEM   OBSERVED TIME   RECORD YEAR NORMAL DEPARTURE LAST
                VALUE   (LST)  VALUE       VALUE  FROM      YEAR
                                                  NORMAL
..................................................................
TEMPERATURE (F)
 YESTERDAY
  MAXIMUM         85    421 PM  94    1989  71     14       86
  MINIMUM         47    636 AM  27    1982  40      7       33
  AVERAGE         66                        56     10       60

PRECIPITATION (IN)
  YESTERDAY        0.00          0.36 1957   0.04  -0.04     0.00
  MONTH TO DATE    0.11                      0.73  -0.62      T
  SINCE MAR 1      0.20                      1.90  -1.70     0.06
  SINCE JAN 1      0.29                      2.82  -2.53     0.86

SNOWFALL (IN)
  YESTERDAY        0.0           2.0  1995   0.1   -0.1      0.0
  MONTH TO DATE    1.0                       1.1   -0.1       T
  SINCE MAR 1      2.1                       5.3   -3.2      3.3
  SINCE JUL 1     17.4                      18.8   -1.4     21.6
  SNOW DEPTH       0

DEGREE DAYS
 HEATING
  YESTERDAY        0                        10    -10        5
  MONTH TO DATE  256                       280    -24      339
  SINCE MAR 1    845                       891    -46      872
  SINCE JUL 1   4439                      4534    -95     4197

 COOLING
  YESTERDAY        1                         0      1        0
  MONTH TO DATE    3                         0      3        1
  SINCE MAR 1      3                         0      3        1
  SINCE JAN 1      3                         0      3        1
..................................................................


WIND (MPH)
  RESULTANT WIND SPEED  13   RESULTANT WIND DIRECTION   S (190)
  HIGHEST WIND SPEED    30   HIGHEST WIND DIRECTION     S (170)
  HIGHEST GUST SPEED    38   HIGHEST GUST DIRECTION     S (200)
  AVERAGE WIND SPEED    15.4


SKY COVER
  AVERAGE SKY COVER 0.0


WEATHER CONDITIONS
 THE FOLLOWING WEATHER WAS RECORDED YESTERDAY.
  HAZE


RELATIVE HUMIDITY (PERCENT)
 HIGHEST    80           700 AM
 LOWEST     17           400 PM
 AVERAGE    49

..........................................................


THE DALHART CLIMATE NORMALS FOR TODAY
                         NORMAL    RECORD    YEAR
 MAXIMUM TEMPERATURE (F)   72        92      2006
 MINIMUM TEMPERATURE (F)   40        25      2013


SUNRISE AND SUNSET
APRIL 23 2014.........SUNRISE   707 AM CDT   SUNSET   831 PM CDT
APRIL 24 2014.........SUNRISE   706 AM CDT   SUNSET   832 PM CDT


-  INDICATES NEGATIVE NUMBERS.
R  INDICATES RECORD WAS SET OR TIED.
MM INDICATES DATA IS MISSING.
T  INDICATES TRACE AMOUNT.




$$
