000
CDUS44 KAMA 050628
CLIDHT


CLIMATE REPORT
NATIONAL WEATHER SERVICE AMARILLO TX
127 AM CDT SAT SEP 5 2015


...................................

...THE DALHART CLIMATE SUMMARY FOR SEPTEMBER 4 2015...

CLIMATE NORMAL PERIOD 1981 TO 2010
CLIMATE RECORD PERIOD 1948 TO 2015


WEATHER ITEM   OBSERVED TIME   RECORD YEAR NORMAL DEPARTURE LAST
                VALUE   (LST)  VALUE       VALUE  FROM      YEAR
                                                  NORMAL
..................................................................
TEMPERATURE (F)
 YESTERDAY
  MAXIMUM         97    233 PM 102    1995  86     11       95
  MINIMUM         64    731 AM  36    1961  58      6       67
  AVERAGE         81                        72      9       81

PRECIPITATION (IN)
  YESTERDAY        0.00          1.00 1950   0.06  -0.06     0.00
  MONTH TO DATE    0.05                      0.24  -0.19     0.00
  SINCE SEP 1      0.05                      0.24  -0.19     0.00
  SINCE JAN 1     13.48                     13.59  -0.11     8.64

SNOWFALL (IN)
  YESTERDAY        0.0           0.0    MM   0.0    0.0      0.0
  MONTH TO DATE    0.0                       0.0    0.0      0.0
  SINCE SEP 1      0.0                       0.0    0.0      0.0
  SINCE JUL 1      0.0                       0.0    0.0      0.0
  SNOW DEPTH       0

DEGREE DAYS
 HEATING
  YESTERDAY        0                         0      0        0
  MONTH TO DATE    0                         0      0        0
  SINCE SEP 1      0                         0      0        0
  SINCE JUL 1      0                         3     -3        0

 COOLING
  YESTERDAY       16                         7      9       16
  MONTH TO DATE   60                        30     30       57
  SINCE SEP 1     60                        30     30       57
  SINCE JAN 1   1269                      1026    243     1272
..................................................................


WIND (MPH)
  RESULTANT WIND SPEED  11   RESULTANT WIND DIRECTION   S (190)
  HIGHEST WIND SPEED    21   HIGHEST WIND DIRECTION    SW (210)
  HIGHEST GUST SPEED    25   HIGHEST GUST DIRECTION     S (200)
  AVERAGE WIND SPEED    11.1


SKY COVER
  AVERAGE SKY COVER 0.0


WEATHER CONDITIONS
 THE FOLLOWING WEATHER WAS RECORDED YESTERDAY.
  NO SIGNIFICANT WEATHER WAS OBSERVED.


RELATIVE HUMIDITY (PERCENT)
 HIGHEST    67           700 AM
 LOWEST     20           200 PM
 AVERAGE    44

..........................................................


THE DALHART CLIMATE NORMALS FOR TODAY
                         NORMAL    RECORD    YEAR
 MAXIMUM TEMPERATURE (F)   86       103      1995
 MINIMUM TEMPERATURE (F)   57        39      1961


SUNRISE AND SUNSET
SEPTEMBER  5 2015.....SUNRISE   725 AM CDT   SUNSET   812 PM CDT
SEPTEMBER  6 2015.....SUNRISE   726 AM CDT   SUNSET   811 PM CDT


-  INDICATES NEGATIVE NUMBERS.
R  INDICATES RECORD WAS SET OR TIED.
MM INDICATES DATA IS MISSING.
T  INDICATES TRACE AMOUNT.




$$
