152
CDUS44 KAMA 251409
CLIDHT


CLIMATE REPORT
NATIONAL WEATHER SERVICE AMARILLO TX
909 AM CDT TUE JUL 25 2017


...................................

...THE DALHART CLIMATE SUMMARY FOR JULY 25 2017...
VALID AS OF 0900 AM LOCAL TIME.

CLIMATE NORMAL PERIOD 1981 TO 2010
CLIMATE RECORD PERIOD 1948 TO 2017


WEATHER ITEM   OBSERVED TIME   RECORD YEAR NORMAL DEPARTURE LAST
                VALUE   (LST)  VALUE       VALUE  FROM      YEAR
                                                  NORMAL
..................................................................
TEMPERATURE (F)
 TODAY
  MINIMUM         66    615 AM  54    2004  62      4       69

PRECIPITATION (IN)
  TODAY            0.00          1.12 1983   0.10  -0.10      T
  MONTH TO DATE    0.48                      2.20  -1.72     1.49
  SINCE JUN 1      1.74                      4.50  -2.76     3.50
  SINCE JAN 1     10.88                      9.91   0.97    10.72

SNOWFALL (IN)
  TODAY            0.0           0.0    MM   0.0    0.0      0.0
  MONTH TO DATE    0.0                       0.0    0.0      0.0
  SINCE JUN 1      0.0                       0.0    0.0      0.0
  SINCE JUL 1      0.0                       0.0    0.0      0.0
  SNOW DEPTH       0

..................................................................


WIND (MPH)
  RESULTANT WIND SPEED   8   RESULTANT WIND DIRECTION   S (180)
  HIGHEST WIND SPEED    15   HIGHEST WIND DIRECTION     S (170)
  HIGHEST GUST SPEED    17   HIGHEST GUST DIRECTION     S (170)
  AVERAGE WIND SPEED     8.1


SKY COVER
  AVERAGE SKY COVER 0.1


WEATHER CONDITIONS
 THE FOLLOWING WEATHER WAS RECORDED TODAY.
  NO SIGNIFICANT WEATHER WAS OBSERVED.


RELATIVE HUMIDITY (PERCENT)
 HIGHEST    93           500 AM
 LOWEST     79          1200 AM
 AVERAGE    86

..........................................................


THE DALHART CLIMATE NORMALS FOR TOMORROW
                         NORMAL    RECORD    YEAR
 MAXIMUM TEMPERATURE (F)   91       104      2014
 MINIMUM TEMPERATURE (F)   62        54      2004


SUNRISE AND SUNSET
JULY 25 2017..........SUNRISE   652 AM CDT   SUNSET   901 PM CDT
JULY 26 2017..........SUNRISE   653 AM CDT   SUNSET   900 PM CDT


-  INDICATES NEGATIVE NUMBERS.
R  INDICATES RECORD WAS SET OR TIED.
MM INDICATES DATA IS MISSING.
T  INDICATES TRACE AMOUNT.




$$
