000
CDUS44 KAMA 192133
CLIDHT


CLIMATE REPORT
NATIONAL WEATHER SERVICE AMARILLO TX
433 PM CDT SAT APR 19 2014


...................................

...THE DALHART CLIMATE SUMMARY FOR APRIL 19 2014...
VALID TODAY AS OF 0400 PM LOCAL TIME.

CLIMATE NORMAL PERIOD 1981 TO 2010
CLIMATE RECORD PERIOD 1894 TO 2014


WEATHER ITEM   OBSERVED TIME   RECORD YEAR NORMAL DEPARTURE LAST
                VALUE   (LST)  VALUE       VALUE  FROM      YEAR
                                                  NORMAL
..................................................................
TEMPERATURE (F)
 TODAY
  MAXIMUM         76    226 PM  90    2001  70      6       63
  MINIMUM         52    330 AM  23    2013  39     13       23
                                      1953
  AVERAGE         64                        55      9       43

PRECIPITATION (IN)
  TODAY            0.00          1.53 1977   0.03  -0.03     0.00
  MONTH TO DATE    0.11                      0.61  -0.50      T
  SINCE MAR 1      0.20                      1.78  -1.58     0.06
  SINCE JAN 1      0.29                      2.70  -2.41     0.86

SNOWFALL (IN)
  TODAY            0.0           0.0    MM   0.0    0.0      0.0
  MONTH TO DATE    1.0                       1.0    0.0       T
  SINCE MAR 1      2.1                       5.2   -3.1      3.3
  SINCE JUL 1     17.4                      18.7   -1.3     21.6
  SNOW DEPTH       0

DEGREE DAYS
 HEATING
  TODAY            1                        11    -10       22
  MONTH TO DATE  247                       250     -3      311
  SINCE MAR 1    836                       861    -25      844
  SINCE JUL 1   4430                      4504    -74     4169

 COOLING
  TODAY            0                         0      0        0
  MONTH TO DATE    2                         0      2        1
  SINCE MAR 1      2                         0      2        1
  SINCE JAN 1      2                         0      2        1
..................................................................


WIND (MPH)
  RESULTANT WIND SPEED  16   RESULTANT WIND DIRECTION   S (190)
  HIGHEST WIND SPEED    31   HIGHEST WIND DIRECTION     S (200)
  HIGHEST GUST SPEED    37   HIGHEST GUST DIRECTION     S (190)
  AVERAGE WIND SPEED    16.8


SKY COVER
  AVERAGE SKY COVER 0.2


WEATHER CONDITIONS
 THE FOLLOWING WEATHER WAS RECORDED TODAY.
  NO SIGNIFICANT WEATHER WAS OBSERVED.


RELATIVE HUMIDITY (PERCENT)
 HIGHEST    66           200 AM
 LOWEST     35           100 PM
 AVERAGE    51

..........................................................


THE DALHART CLIMATE NORMALS FOR TOMORROW
                         NORMAL    RECORD    YEAR
 MAXIMUM TEMPERATURE (F)   71        90      1989
 MINIMUM TEMPERATURE (F)   39        22      1966


SUNRISE AND SUNSET
APRIL 19 2014.........SUNRISE   712 AM CDT   SUNSET   827 PM CDT
APRIL 20 2014.........SUNRISE   711 AM CDT   SUNSET   828 PM CDT


-  INDICATES NEGATIVE NUMBERS.
R  INDICATES RECORD WAS SET OR TIED.
MM INDICATES DATA IS MISSING.
T  INDICATES TRACE AMOUNT.




$$
