905
CDUS44 KAMA 252128
CLIDHT


CLIMATE REPORT
NATIONAL WEATHER SERVICE AMARILLO TX
427 PM CDT THU AUG 25 2016


...................................

...THE DALHART CLIMATE SUMMARY FOR AUGUST 25 2016...
VALID TODAY AS OF 0427 PM LOCAL TIME.

CLIMATE NORMAL PERIOD 1981 TO 2010
CLIMATE RECORD PERIOD 1948 TO 2016


WEATHER ITEM   OBSERVED TIME   RECORD YEAR NORMAL DEPARTURE LAST
                VALUE   (LST)  VALUE       VALUE  FROM      YEAR
                                                  NORMAL
..................................................................
TEMPERATURE (F)
 TODAY
  MAXIMUM         79    317 PM  99    2011  88     -9       94
  MINIMUM         59    546 AM  48    1972  60     -1       58
  AVERAGE         69                        74     -5       76

PRECIPITATION (IN)
  TODAY            0.00          0.34 1961   0.08  -0.08     0.00
  MONTH TO DATE    2.44                      2.44   0.00     1.72
  SINCE JUN 1      6.52                      7.53  -1.01     6.72
  SINCE JAN 1     13.74                     12.94   0.80    13.43

SNOWFALL (IN)
  TODAY            0.0           0.0    MM   0.0    0.0      0.0
  MONTH TO DATE    0.0                       0.0    0.0      0.0
  SINCE JUN 1      0.0                       0.0    0.0      0.0
  SINCE JUL 1      0.0                       0.0    0.0      0.0
  SNOW DEPTH       0

DEGREE DAYS
 HEATING
  TODAY            0                         0      0        0
  MONTH TO DATE    0                         0      0        0
  SINCE JUN 1      0                        13    -13        0
  SINCE JUL 1      0                         1     -1        0

 COOLING
  TODAY            4                         9     -5       11
  MONTH TO DATE  305                       266     39      315
  SINCE JUN 1   1187                       871    316     1114
  SINCE JAN 1   1233                       943    290     1136
..................................................................


WIND (MPH)
  RESULTANT WIND SPEED   6   RESULTANT WIND DIRECTION  NE (30)
  HIGHEST WIND SPEED    13   HIGHEST WIND DIRECTION     E (100)
  HIGHEST GUST SPEED    16   HIGHEST GUST DIRECTION    NE (60)
  AVERAGE WIND SPEED     8.0


SKY COVER
  AVERAGE SKY COVER 0.4


WEATHER CONDITIONS
 THE FOLLOWING WEATHER WAS RECORDED TODAY.
  NO SIGNIFICANT WEATHER WAS OBSERVED.


RELATIVE HUMIDITY (PERCENT)
 HIGHEST    90           200 AM
 LOWEST     50           300 PM
 AVERAGE    70

..........................................................


THE DALHART CLIMATE NORMALS FOR TOMORROW
                         NORMAL    RECORD    YEAR
 MAXIMUM TEMPERATURE (F)   88       101      2002
 MINIMUM TEMPERATURE (F)   60        49      2010


SUNRISE AND SUNSET
AUGUST 25 2016........SUNRISE   717 AM CDT   SUNSET   827 PM CDT
AUGUST 26 2016........SUNRISE   718 AM CDT   SUNSET   825 PM CDT


-  INDICATES NEGATIVE NUMBERS.
R  INDICATES RECORD WAS SET OR TIED.
MM INDICATES DATA IS MISSING.
T  INDICATES TRACE AMOUNT.




$$
