000
CDUS44 KAMA 060732
CLIDHT


CLIMATE REPORT
NATIONAL WEATHER SERVICE AMARILLO TX
130 AM CST FRI MAR 6 2015


...THE DALHART CLIMATE SUMMARY FOR MARCH 5 2015...

CLIMATE NORMAL PERIOD 1981 TO 2010
CLIMATE RECORD PERIOD 1894 TO 2015


WEATHER ITEM   OBSERVED TIME   RECORD YEAR NORMAL DEPARTURE LAST
                VALUE   (LST)  VALUE       VALUE  FROM      YEAR
                                                  NORMAL
..................................................................
TEMPERATURE (F)
 YESTERDAY
  MAXIMUM         47    435 PM  82    1956  58    -11       53
  MINIMUM         11    128 AM   4    1989  27    -16       26
  AVERAGE         29                        42    -13       40

PRECIPITATION (IN)
  YESTERDAY        0.00          0.38 1969   0.02  -0.02      T
  MONTH TO DATE    0.02                      0.12  -0.10     0.09
  SINCE MAR 1      0.02                      0.12  -0.10     0.09
  SINCE JAN 1      3.33                      1.04   2.29     0.18

SNOWFALL (IN)
  YESTERDAY        0.0           2.0  1969   0.1   -0.1      0.0
  MONTH TO DATE    0.8                       0.5    0.3      1.1
  SINCE MAR 1      0.8                       0.5    0.3      1.1
  SINCE JUL 1     34.1                      14.0   20.1     16.4
  SNOW DEPTH       0

DEGREE DAYS
 HEATING
  YESTERDAY       36                        23     13       25
  MONTH TO DATE  171                       117     54      169
  SINCE MAR 1    171                       117     54      169
  SINCE JUL 1   3464                      3760   -296     3763

 COOLING
  YESTERDAY        0                         0      0        0
  MONTH TO DATE    0                         0      0        0
  SINCE MAR 1      0                         0      0        0
  SINCE JAN 1      0                         0      0        0
..................................................................


WIND (MPH)
  RESULTANT WIND SPEED   9   RESULTANT WIND DIRECTION  SW (230)
  HIGHEST WIND SPEED    20   HIGHEST WIND DIRECTION    SW (230)
  HIGHEST GUST SPEED    23   HIGHEST GUST DIRECTION    SW (240)
  AVERAGE WIND SPEED   10.7


SKY COVER
  AVERAGE SKY COVER 0.0


WEATHER CONDITIONS
 THE FOLLOWING WEATHER WAS RECORDED YESTERDAY.
  NO SIGNIFICANT WEATHER WAS OBSERVED.


RELATIVE HUMIDITY (PERCENT)
 HIGHEST    88          1200 AM
 LOWEST     31           400 PM
 AVERAGE    60

..................................................................


THE DALHART CLIMATE NORMALS FOR TODAY
                         NORMAL    RECORD    YEAR
 MAXIMUM TEMPERATURE (F)   58        83      1972
 MINIMUM TEMPERATURE (F)   27         5      1989


SUNRISE AND SUNSET
MARCH  6 2015.........SUNRISE   714 AM CST   SUNSET   650 PM CST
MARCH  7 2015.........SUNRISE   713 AM CST   SUNSET   650 PM CST


-  INDICATES NEGATIVE NUMBERS.
R  INDICATES RECORD WAS SET OR TIED.
MM INDICATES DATA IS MISSING.
T  INDICATES TRACE AMOUNT.


$$
