391
CDUS44 KAMA 072232
CLIDHT


CLIMATE REPORT
NATIONAL WEATHER SERVICE AMARILLO TX
431 PM CST SUN FEB 7 2016


...................................

...THE DALHART CLIMATE SUMMARY FOR FEBRUARY 7 2016...
VALID TODAY AS OF 0400 PM LOCAL TIME.

CLIMATE NORMAL PERIOD 1981 TO 2010
CLIMATE RECORD PERIOD 1948 TO 2016


WEATHER ITEM   OBSERVED TIME   RECORD YEAR NORMAL DEPARTURE LAST
                VALUE   (LST)  VALUE       VALUE  FROM      YEAR
                                                  NORMAL
..................................................................
TEMPERATURE (F)
 TODAY
  MAXIMUM         57    259 PM  84    2015  52      5       84
  MINIMUM         25    144 AM  -5    1989  21      4       39
  AVERAGE         41                        36      5       62

PRECIPITATION (IN)
  TODAY            0.00          0.51 1978   0.02  -0.02     0.00
  MONTH TO DATE    0.03                      0.11  -0.08      T
  SINCE DEC 1      0.55                      1.17  -0.62     2.05
  SINCE JAN 1      0.14                      0.63  -0.49     1.72

SNOWFALL (IN)
  TODAY            0.0           5.0  1978   0.1   -0.1      0.0
  MONTH TO DATE    0.5                       0.9   -0.4       T
  SINCE DEC 1      3.5                       9.5   -6.0     17.7
  SINCE JUL 1      4.0                      11.4   -7.4     19.2
  SNOW DEPTH       0

DEGREE DAYS
 HEATING
  TODAY           24                        29     -5        3
  MONTH TO DATE  220                       203     17      131
  SINCE DEC 1   1874                      2090   -216     1866
  SINCE JUL 1   2584                      3085   -501     2719

 COOLING
  TODAY            0                         0      0        0
  MONTH TO DATE    0                         0      0        0
  SINCE DEC 1      0                         0      0        0
  SINCE JAN 1      0                         0      0        0
..................................................................


WIND (MPH)
  RESULTANT WIND SPEED   9   RESULTANT WIND DIRECTION   N (0)
  HIGHEST WIND SPEED    20   HIGHEST WIND DIRECTION    NE (40)
  HIGHEST GUST SPEED    25   HIGHEST GUST DIRECTION    NE (30)
  AVERAGE WIND SPEED    12.0


SKY COVER
  AVERAGE SKY COVER 0.0


WEATHER CONDITIONS
 THE FOLLOWING WEATHER WAS RECORDED TODAY.
  NO SIGNIFICANT WEATHER WAS OBSERVED.


RELATIVE HUMIDITY (PERCENT)
 HIGHEST    59           700 AM
 LOWEST     21           300 PM
 AVERAGE    40

..........................................................


THE DALHART CLIMATE NORMALS FOR TOMORROW
                         NORMAL    RECORD    YEAR
 MAXIMUM TEMPERATURE (F)   52        78      1957
 MINIMUM TEMPERATURE (F)   21        -1      1971


SUNRISE AND SUNSET
FEBRUARY  7 2016......SUNRISE   746 AM CST   SUNSET   623 PM CST
FEBRUARY  8 2016......SUNRISE   745 AM CST   SUNSET   624 PM CST


-  INDICATES NEGATIVE NUMBERS.
R  INDICATES RECORD WAS SET OR TIED.
MM INDICATES DATA IS MISSING.
T  INDICATES TRACE AMOUNT.




$$
