000
CDUS44 KAMA 190630
CLIDHT


CLIMATE REPORT
NATIONAL WEATHER SERVICE AMARILLO TX
130 AM CDT TUE SEP 19 2017


...................................

...THE DALHART CLIMATE SUMMARY FOR SEPTEMBER 18 2017...

CLIMATE NORMAL PERIOD 1981 TO 2010
CLIMATE RECORD PERIOD 1948 TO 2017


WEATHER ITEM   OBSERVED TIME   RECORD YEAR NORMAL DEPARTURE LAST
                VALUE   (LST)  VALUE       VALUE  FROM      YEAR
                                                  NORMAL
..................................................................
TEMPERATURE (F)
 YESTERDAY
  MAXIMUM         88    431 PM  98    1997  81      7       91
  MINIMUM         59    700 AM  37    1971  52      7       62
  AVERAGE         74                        66      8       77

PRECIPITATION (IN)
  YESTERDAY        0.07          1.31 1987   0.06   0.01     0.00
  MONTH TO DATE    0.23                      1.04  -0.81     3.25
  SINCE SEP 1      0.23                      1.04  -0.81     3.25
  SINCE JAN 1     17.47                     14.39   3.08    17.44

SNOWFALL (IN)
  YESTERDAY        0.0           0.0    MM   0.0    0.0      0.0
  MONTH TO DATE    0.0                       0.0    0.0      0.0
  SINCE SEP 1      0.0                       0.0    0.0      0.0
  SINCE JUL 1      0.0                       0.0    0.0      0.0
  SNOW DEPTH       0

DEGREE DAYS
 HEATING
  YESTERDAY        0                         2     -2        0
  MONTH TO DATE    0                        17    -17        1
  SINCE SEP 1      0                        17    -17        1
  SINCE JUL 1      0                        20    -20        1

 COOLING
  YESTERDAY        9                         4      5       12
  MONTH TO DATE  118                       104     14      168
  SINCE SEP 1    118                       104     14      168
  SINCE JAN 1   1266                      1100    166     1443
..................................................................


WIND (MPH)
  RESULTANT WIND SPEED  10   RESULTANT WIND DIRECTION   S (190)
  HIGHEST WIND SPEED    21   HIGHEST WIND DIRECTION    SW (210)
  HIGHEST GUST SPEED    28   HIGHEST GUST DIRECTION    NW (310)
  AVERAGE WIND SPEED    12.5


SKY COVER
  AVERAGE SKY COVER 0.3


WEATHER CONDITIONS
 THE FOLLOWING WEATHER WAS RECORDED YESTERDAY.
  THUNDERSTORM
  LIGHT RAIN
  FOG


RELATIVE HUMIDITY (PERCENT)
 HIGHEST   100           500 AM
 LOWEST     22           500 PM
 AVERAGE    61

..........................................................


THE DALHART CLIMATE NORMALS FOR TODAY
                         NORMAL    RECORD    YEAR
 MAXIMUM TEMPERATURE (F)   81        97      1983
 MINIMUM TEMPERATURE (F)   51        37      2003


SUNRISE AND SUNSET
SEPTEMBER 19 2017.....SUNRISE   736 AM CDT   SUNSET   751 PM CDT
SEPTEMBER 20 2017.....SUNRISE   737 AM CDT   SUNSET   750 PM CDT


-  INDICATES NEGATIVE NUMBERS.
R  INDICATES RECORD WAS SET OR TIED.
MM INDICATES DATA IS MISSING.
T  INDICATES TRACE AMOUNT.




$$
