000
CDUS43 KBIS 040853
CLIDIK


CLIMATE REPORT
NATIONAL WEATHER SERVICE BISMARCK ND
253 AM CST SUN DEC 4 2016


...................................

...THE DICKINSON ND CLIMATE SUMMARY FOR DECEMBER 3 2016...

CLIMATE NORMAL PERIOD 1981 TO 2010
CLIMATE RECORD PERIOD 1893 TO 2016


WEATHER ITEM   OBSERVED TIME   RECORD YEAR NORMAL DEPARTURE LAST
                VALUE   (LST)  VALUE       VALUE  FROM      YEAR
                                                  NORMAL
..................................................................
TEMPERATURE (F)
 YESTERDAY
  MAXIMUM         32    845 PM  59    1941  31      1       49
  MINIMUM         14    717 AM -23    1905  11      3       24
  AVERAGE         23                        21      2       37

PRECIPITATION (IN)
  YESTERDAY        T             0.25 1930   0.00   0.00     0.00
  MONTH TO DATE    T                         0.02  -0.02     0.01
  SINCE DEC 1      T                         0.02  -0.02     0.01
  SINCE JAN 1     16.37                     15.55   0.82    11.19

DEGREE DAYS
 HEATING
  YESTERDAY       42                        44     -2       28
  MONTH TO DATE  125                       130     -5       99
  SINCE DEC 1    125                       130     -5       99
  SINCE JUL 1   1792                      2207   -415     1773

 COOLING
  YESTERDAY        0                         0      0        0
  MONTH TO DATE    0                         0      0        0
  SINCE DEC 1      0                         0      0        0
  SINCE JAN 1    315                       419   -104      467
..................................................................


WIND (MPH)
  HIGHEST WIND SPEED    23   HIGHEST WIND DIRECTION     W (280)
  HIGHEST GUST SPEED    29   HIGHEST GUST DIRECTION     W (290)
  AVERAGE WIND SPEED    12.1


SKY COVER
  POSSIBLE SUNSHINE  MM
  AVERAGE SKY COVER 0.3


WEATHER CONDITIONS
 THE FOLLOWING WEATHER WAS RECORDED YESTERDAY.
  LIGHT SNOW
  FOG


RELATIVE HUMIDITY (PERCENT)
 HIGHEST    92          1200 AM
 LOWEST     75          1200 PM
 AVERAGE    84

..........................................................


THE DICKINSON ND CLIMATE NORMALS FOR TODAY
                         NORMAL    RECORD    YEAR
 MAXIMUM TEMPERATURE (F)   31        67      1979
 MINIMUM TEMPERATURE (F)   11       -18      1928


SUNRISE AND SUNSET
DECEMBER  4 2016......SUNRISE   720 AM MST   SUNSET   404 PM MST
DECEMBER  5 2016......SUNRISE   721 AM MST   SUNSET   403 PM MST


-  INDICATES NEGATIVE NUMBERS.
R  INDICATES RECORD WAS SET OR TIED.
MM INDICATES DATA IS MISSING.
T  INDICATES TRACE AMOUNT.




$$
