966
CDUS43 KBIS 050722
CLIDIK


CLIMATE REPORT
NATIONAL WEATHER SERVICE BISMARCK ND
221 AM CDT THU MAY 5 2016


...................................

...THE DICKINSON ND CLIMATE SUMMARY FOR MAY 4 2016...

CLIMATE NORMAL PERIOD 1981 TO 2010
CLIMATE RECORD PERIOD 1893 TO 2016


WEATHER ITEM   OBSERVED TIME   RECORD YEAR NORMAL DEPARTURE LAST
                VALUE   (LST)  VALUE       VALUE  FROM      YEAR
                                                  NORMAL
..................................................................
TEMPERATURE (F)
 YESTERDAY
  MAXIMUM         80    312 PM  92    1926  63     17       65
  MINIMUM         40    253 AM   9    1967  36      4       33
  AVERAGE         60                        49     11       49

PRECIPITATION (IN)
  YESTERDAY        0.00          0.75 1905   0.06  -0.06     0.00
  MONTH TO DATE    0.00                      0.27  -0.27     0.00
  SINCE MAR 1      2.63                      2.43   0.20     1.50
  SINCE JAN 1      3.05                      3.06  -0.01     1.77

DEGREE DAYS
 HEATING
  YESTERDAY        5                        16    -11       16
  MONTH TO DATE   46                        66    -20       45
  SINCE MAR 1   1592                      1834   -242     1512
  SINCE JUL 1   7001                      8128  -1127     7627

 COOLING
  YESTERDAY        0                         0      0        0
  MONTH TO DATE    0                         0      0        0
  SINCE MAR 1      0                         1     -1        0
  SINCE JAN 1      0                         1     -1        0
..................................................................


WIND (MPH)
  HIGHEST WIND SPEED    18   HIGHEST WIND DIRECTION    SW (220)
  HIGHEST GUST SPEED    23   HIGHEST GUST DIRECTION    SW (210)
  AVERAGE WIND SPEED     9.2


SKY COVER
  POSSIBLE SUNSHINE  MM
  AVERAGE SKY COVER 0.0


WEATHER CONDITIONS
 THE FOLLOWING WEATHER WAS RECORDED YESTERDAY.
  NO SIGNIFICANT WEATHER WAS OBSERVED.


RELATIVE HUMIDITY (PERCENT)
 HIGHEST    73           300 AM
 LOWEST     21           300 PM
 AVERAGE    47

..........................................................


THE DICKINSON ND CLIMATE NORMALS FOR TODAY
                         NORMAL    RECORD    YEAR
 MAXIMUM TEMPERATURE (F)   63        94      1926
 MINIMUM TEMPERATURE (F)   36        14      1944


SUNRISE AND SUNSET
MAY  5 2016...........SUNRISE   529 AM MDT   SUNSET   807 PM MDT
MAY  6 2016...........SUNRISE   528 AM MDT   SUNSET   809 PM MDT


-  INDICATES NEGATIVE NUMBERS.
R  INDICATES RECORD WAS SET OR TIED.
MM INDICATES DATA IS MISSING.
T  INDICATES TRACE AMOUNT.




$$
