000
CDUS43 KBIS 220726
CLIDIK


CLIMATE REPORT
NATIONAL WEATHER SERVICE BISMARCK ND
225 AM CDT FRI SEP 22 2017


...................................

...THE DICKINSON ND CLIMATE SUMMARY FOR SEPTEMBER 21 2017...

CLIMATE NORMAL PERIOD 1981 TO 2010
CLIMATE RECORD PERIOD 1893 TO 2017


WEATHER ITEM   OBSERVED TIME   RECORD YEAR NORMAL DEPARTURE LAST
                VALUE   (LST)  VALUE       VALUE  FROM      YEAR
                                                  NORMAL
..................................................................
TEMPERATURE (F)
 YESTERDAY
  MAXIMUM         70    222 PM  94    1922  69      1       69
  MINIMUM         49   1159 PM  20    1995  41      8       47
  AVERAGE         60                        55      5       58

PRECIPITATION (IN)
  YESTERDAY        0.00          1.42 1959   0.05  -0.05      T
  MONTH TO DATE    2.21                      1.03   1.18     1.71
  SINCE SEP 1      2.21                      1.03   1.18     1.71
  SINCE JAN 1      9.45                     13.32  -3.87    13.34

DEGREE DAYS
 HEATING
  YESTERDAY        5                        11     -6        7
  MONTH TO DATE  121                       151    -30      144
  SINCE SEP 1    121                       151    -30      144
  SINCE JUL 1    172                       237    -65      204

 COOLING
  YESTERDAY        0                         0      0        0
  MONTH TO DATE   41                        30     11       21
  SINCE SEP 1     41                        30     11       21
  SINCE JAN 1    487                       416     71      315
..................................................................


WIND (MPH)
  HIGHEST WIND SPEED    17   HIGHEST WIND DIRECTION     N (340)
  HIGHEST GUST SPEED    22   HIGHEST GUST DIRECTION     N (20)
  AVERAGE WIND SPEED    10.5


SKY COVER
  POSSIBLE SUNSHINE  MM
  AVERAGE SKY COVER 0.1


WEATHER CONDITIONS
 THE FOLLOWING WEATHER WAS RECORDED YESTERDAY.
  NO SIGNIFICANT WEATHER WAS OBSERVED.


RELATIVE HUMIDITY (PERCENT)
 HIGHEST    66           500 AM
 LOWEST     37          1100 AM
 AVERAGE    52

..........................................................


THE DICKINSON ND CLIMATE NORMALS FOR TODAY
                         NORMAL    RECORD    YEAR
 MAXIMUM TEMPERATURE (F)   68        95      1938
 MINIMUM TEMPERATURE (F)   40        19      1995


SUNRISE AND SUNSET
SEPTEMBER 22 2017.....SUNRISE   638 AM MDT   SUNSET   648 PM MDT
SEPTEMBER 23 2017.....SUNRISE   640 AM MDT   SUNSET   646 PM MDT


-  INDICATES NEGATIVE NUMBERS.
R  INDICATES RECORD WAS SET OR TIED.
MM INDICATES DATA IS MISSING.
T  INDICATES TRACE AMOUNT.




$$
