000
CDUS43 KBIS 290743
CLIDIK


CLIMATE REPORT
NATIONAL WEATHER SERVICE BISMARCK ND
242 AM CDT WED JUL 29 2015


...................................

...THE DICKINSON ND CLIMATE SUMMARY FOR JULY 28 2015...

CLIMATE NORMAL PERIOD 1981 TO 2010
CLIMATE RECORD PERIOD 1893 TO 2015


WEATHER ITEM   OBSERVED TIME   RECORD YEAR NORMAL DEPARTURE LAST
                VALUE   (LST)  VALUE       VALUE  FROM      YEAR
                                                  NORMAL
..................................................................
TEMPERATURE (F)
 YESTERDAY
  MAXIMUM         68    558 PM 106    1935  85    -17       79
  MINIMUM         50   1005 PM  33    1942  56     -6       48
  AVERAGE         59                        71    -12       64

PRECIPITATION (IN)
  YESTERDAY        T             4.03 1914   0.06  -0.06     0.00
  MONTH TO DATE    2.37                      2.26   0.11     1.11
  SINCE JUN 1      5.30                      5.46  -0.16     4.94
  SINCE JAN 1      8.73                     10.57  -1.84    12.98

DEGREE DAYS
 HEATING
  YESTERDAY        6                         1      5        1
  MONTH TO DATE   14                        34    -20       49
  SINCE JUN 1     82                       171    -89      214
  SINCE JUL 1     14                        34    -20       49

 COOLING
  YESTERDAY        0                         6     -6        0
  MONTH TO DATE  163                       144     19       83
  SINCE JUN 1    221                       198     23       95
  SINCE JAN 1    221                       208     13      125
..................................................................


WIND (MPH)
  HIGHEST WIND SPEED    51   HIGHEST WIND DIRECTION     W (270)
  HIGHEST GUST SPEED    67   HIGHEST GUST DIRECTION     W (280)
  AVERAGE WIND SPEED    28.9


SKY COVER
  POSSIBLE SUNSHINE  MM
  AVERAGE SKY COVER 0.6


WEATHER CONDITIONS
 THE FOLLOWING WEATHER WAS RECORDED YESTERDAY.
  LIGHT RAIN


RELATIVE HUMIDITY (PERCENT)
 HIGHEST    87           100 AM
 LOWEST     39           600 PM
 AVERAGE    63

..........................................................


THE DICKINSON ND CLIMATE NORMALS FOR TODAY
                         NORMAL    RECORD    YEAR
 MAXIMUM TEMPERATURE (F)   86       103      1999
 MINIMUM TEMPERATURE (F)   56        38      1899


SUNRISE AND SUNSET
JULY 29 2015..........SUNRISE   527 AM MDT   SUNSET   827 PM MDT
JULY 30 2015..........SUNRISE   529 AM MDT   SUNSET   826 PM MDT


-  INDICATES NEGATIVE NUMBERS.
R  INDICATES RECORD WAS SET OR TIED.
MM INDICATES DATA IS MISSING.
T  INDICATES TRACE AMOUNT.




$$
