943
CDUS43 KBIS 250034
CLIDIK


CLIMATE REPORT
NATIONAL WEATHER SERVICE BISMARCK ND
733 PM CDT MON JUL 24 2017


...................................

...THE DICKINSON ND CLIMATE SUMMARY FOR JULY 24 2017...
VALID TODAY AS OF 0700 PM LOCAL TIME.

CLIMATE NORMAL PERIOD 1981 TO 2010
CLIMATE RECORD PERIOD 1893 TO 2017


WEATHER ITEM   OBSERVED TIME   RECORD YEAR NORMAL DEPARTURE LAST
                VALUE   (LST)  VALUE       VALUE  FROM      YEAR
                                                  NORMAL
..................................................................
TEMPERATURE (F)
 TODAY
  MAXIMUM         97    411 PM 107    1931  85     12       83
  MINIMUM         66    255 AM  42    1911  56     10       50
  AVERAGE         82                        70     12       67

PRECIPITATION (IN)
  TODAY            0.00          1.03 1893   0.06  -0.06     0.00
  MONTH TO DATE    1.96                      2.01  -0.05     3.00
  SINCE JUN 1      2.59                      5.21  -2.62     5.66
  SINCE JAN 1      4.92                     10.32  -5.40    10.08

DEGREE DAYS
 HEATING
  TODAY            0                         1     -1        0
  MONTH TO DATE    0                        30    -30       13
  SINCE JUN 1     92                       167    -75       72
  SINCE JUL 1      0                        30    -30       13

 COOLING
  TODAY           17                         6     11        2
  MONTH TO DATE  247                       120    127      105
  SINCE JUN 1    297                       174    123      162
  SINCE JAN 1    307                       184    123      165
..................................................................


WIND (MPH)
  RESULTANT WIND SPEED  14   RESULTANT WIND DIRECTION   S (160)
  HIGHEST WIND SPEED    18   HIGHEST WIND DIRECTION     S (160)
  HIGHEST GUST SPEED    24   HIGHEST GUST DIRECTION    SE (150)
  AVERAGE WIND SPEED    14.1


SKY COVER
  POSSIBLE SUNSHINE  MM
  AVERAGE SKY COVER 0.0


WEATHER CONDITIONS
 THE FOLLOWING WEATHER WAS RECORDED TODAY.
  NO SIGNIFICANT WEATHER WAS OBSERVED.


RELATIVE HUMIDITY (PERCENT)
 HIGHEST    68           300 AM
 LOWEST     25           100 PM
 AVERAGE    47

..........................................................


THE DICKINSON ND CLIMATE NORMALS FOR TOMORROW
                         NORMAL    RECORD    YEAR
 MAXIMUM TEMPERATURE (F)   85       108      1931
 MINIMUM TEMPERATURE (F)   56        37      1911


SUNRISE AND SUNSET
JULY 24 2017..........SUNRISE   522 AM MDT   SUNSET   833 PM MDT
JULY 25 2017..........SUNRISE   523 AM MDT   SUNSET   831 PM MDT


-  INDICATES NEGATIVE NUMBERS.
R  INDICATES RECORD WAS SET OR TIED.
MM INDICATES DATA IS MISSING.
T  INDICATES TRACE AMOUNT.




$$
