000
CDUS43 KBIS 020742
CLIDIK


CLIMATE REPORT
NATIONAL WEATHER SERVICE BISMARCK ND
241 AM CDT WED SEP 2 2015


...................................

...THE DICKINSON ND CLIMATE SUMMARY FOR SEPTEMBER 1 2015...

CLIMATE NORMAL PERIOD 1981 TO 2010
CLIMATE RECORD PERIOD 1893 TO 2015


WEATHER ITEM   OBSERVED TIME   RECORD YEAR NORMAL DEPARTURE LAST
                VALUE   (LST)  VALUE       VALUE  FROM      YEAR
                                                  NORMAL
..................................................................
TEMPERATURE (F)
 YESTERDAY
  MAXIMUM         89    332 PM 102    1983  78     11       71
  MINIMUM         53    245 AM  30    1946  49      4       49
                                      1924
  AVERAGE         71                        64      7       60

PRECIPITATION (IN)
  YESTERDAY        0.00          0.63 1963   0.05  -0.05     0.00
  MONTH TO DATE    0.00                      0.05  -0.05     0.00
  SINCE SEP 1      0.00                      0.05  -0.05     0.00
  SINCE JAN 1      9.49                     12.34  -2.85    19.77

DEGREE DAYS
 HEATING
  YESTERDAY        0                         4     -4        5
  MONTH TO DATE    0                         4     -4        5
  SINCE SEP 1      0                         4     -4        5
  SINCE JUL 1     58                        90    -32      106

 COOLING
  YESTERDAY        6                         3      3        0
  MONTH TO DATE    6                         3      3        0
  SINCE SEP 1      6                         3      3        0
  SINCE JAN 1    397                       389      8      232
..................................................................


WIND (MPH)
  HIGHEST WIND SPEED    15   HIGHEST WIND DIRECTION     S (160)
  HIGHEST GUST SPEED    21   HIGHEST GUST DIRECTION     S (160)
  AVERAGE WIND SPEED     9.8


SKY COVER
  POSSIBLE SUNSHINE  MM
  AVERAGE SKY COVER 0.0


WEATHER CONDITIONS
 THE FOLLOWING WEATHER WAS RECORDED YESTERDAY.
  NO SIGNIFICANT WEATHER WAS OBSERVED.


RELATIVE HUMIDITY (PERCENT)
 HIGHEST    86           600 AM
 LOWEST     31           400 PM
 AVERAGE    59

..........................................................


THE DICKINSON ND CLIMATE NORMALS FOR TODAY
                         NORMAL    RECORD    YEAR
 MAXIMUM TEMPERATURE (F)   78       100      1971
 MINIMUM TEMPERATURE (F)   49        30      1974


SUNRISE AND SUNSET
SEPTEMBER  2 2015.....SUNRISE   612 AM MDT   SUNSET   729 PM MDT
SEPTEMBER  3 2015.....SUNRISE   613 AM MDT   SUNSET   727 PM MDT


-  INDICATES NEGATIVE NUMBERS.
R  INDICATES RECORD WAS SET OR TIED.
MM INDICATES DATA IS MISSING.
T  INDICATES TRACE AMOUNT.




$$
