000
CDUS43 KBIS 310727
CLIDIK


CLIMATE REPORT
NATIONAL WEATHER SERVICE BISMARCK ND
227 AM CDT THU JUL 31 2014


...................................

...THE DICKINSON ND CLIMATE SUMMARY FOR JULY 30 2014...

CLIMATE NORMAL PERIOD 1981 TO 2010
CLIMATE RECORD PERIOD 1903 TO 2014


WEATHER ITEM   OBSERVED TIME   RECORD YEAR NORMAL DEPARTURE LAST
                VALUE   (LST)  VALUE       VALUE  FROM      YEAR
                                                  NORMAL
..................................................................
TEMPERATURE (F)
 YESTERDAY
  MAXIMUM         84    238 PM 103    2006  86     -2       75
  MINIMUM         49    502 AM  41    1925  56     -7       49
  AVERAGE         67                        71     -4       62

PRECIPITATION (IN)
  YESTERDAY        0.00          0.79 1961   0.06  -0.06     0.15
  MONTH TO DATE    1.11                      2.38  -1.27     2.08
  SINCE JUN 1      4.94                      5.58  -0.64     4.40
  SINCE JAN 1     12.98                     10.69   2.29    13.33

DEGREE DAYS
 HEATING
  YESTERDAY        0                         1     -1        3
  MONTH TO DATE   49                        36     13       32
  SINCE JUN 1    214                       173     41      156
  SINCE JUL 1     49                        36     13       32

 COOLING
  YESTERDAY        2                         6     -4        0
  MONTH TO DATE   88                       156    -68      107
  SINCE JUN 1    100                       210   -110      133
  SINCE JAN 1    130                       220    -90      142
..................................................................


WIND (MPH)
  HIGHEST WIND SPEED    13   HIGHEST WIND DIRECTION     N (360)
  HIGHEST GUST SPEED    16   HIGHEST GUST DIRECTION     N (10)
  AVERAGE WIND SPEED     4.3


SKY COVER
  POSSIBLE SUNSHINE  MM
  AVERAGE SKY COVER 0.1


WEATHER CONDITIONS
 THE FOLLOWING WEATHER WAS RECORDED YESTERDAY.
  FOG
  FOG W/VISIBILITY <= 1/4 MILE


RELATIVE HUMIDITY (PERCENT)
 HIGHEST   100           200 AM
 LOWEST     31           500 PM
 AVERAGE    66

..........................................................


THE DICKINSON ND CLIMATE NORMALS FOR TODAY
                         NORMAL    RECORD    YEAR
 MAXIMUM TEMPERATURE (F)   86       103      2007
 MINIMUM TEMPERATURE (F)   56        37      1925


SUNRISE AND SUNSET
JULY 31 2014..........SUNRISE   530 AM MDT   SUNSET   824 PM MDT
AUGUST  1 2014........SUNRISE   531 AM MDT   SUNSET   823 PM MDT


-  INDICATES NEGATIVE NUMBERS.
R  INDICATES RECORD WAS SET OR TIED.
MM INDICATES DATA IS MISSING.
T  INDICATES TRACE AMOUNT.




$$
