000
CDUS43 KBIS 180021
CLIDIK


CLIMATE REPORT
NATIONAL WEATHER SERVICE BISMARCK ND
621 PM CST FRI NOV 17 2017


...................................

...THE DICKINSON ND CLIMATE SUMMARY FOR NOVEMBER 17 2017...
VALID TODAY AS OF 0600 PM LOCAL TIME.

CLIMATE NORMAL PERIOD 1981 TO 2010
CLIMATE RECORD PERIOD 1893 TO 2017


WEATHER ITEM   OBSERVED TIME   RECORD YEAR NORMAL DEPARTURE LAST
                VALUE   (LST)  VALUE       VALUE  FROM      YEAR
                                                  NORMAL
..................................................................
TEMPERATURE (F)
 TODAY
  MAXIMUM         43    334 PM  67    2001  39      4       33
  MINIMUM         24    601 AM  -9    1911  18      6       26
  AVERAGE         34                        29      5       30

PRECIPITATION (IN)
  TODAY            0.00          0.53 1994   0.01  -0.01     0.00
  MONTH TO DATE    0.08                      0.38  -0.30      T
  SINCE SEP 1      2.97                      3.08  -0.11     4.35
  SINCE JAN 1     10.21                     15.37  -5.16    15.98

DEGREE DAYS
 HEATING
  TODAY           31                        36     -5       35
  MONTH TO DATE  662                       548    114      339
  SINCE SEP 1   1536                      1473     63     1163
  SINCE JUL 1   1587                      1559     28     1223

 COOLING
  TODAY            0                         0      0        0
  MONTH TO DATE    0                         0      0        0
  SINCE SEP 1     41                        33      8       21
  SINCE JAN 1    487                       419     68      315
..................................................................


WIND (MPH)
  RESULTANT WIND SPEED   3   RESULTANT WIND DIRECTION   W (270)
  HIGHEST WIND SPEED    13   HIGHEST WIND DIRECTION    NW (310)
  HIGHEST GUST SPEED    16   HIGHEST GUST DIRECTION    NW (310)
  AVERAGE WIND SPEED     5.8


SKY COVER
  POSSIBLE SUNSHINE  MM
  AVERAGE SKY COVER 0.3


WEATHER CONDITIONS
 THE FOLLOWING WEATHER WAS RECORDED TODAY.
  NO SIGNIFICANT WEATHER WAS OBSERVED.


RELATIVE HUMIDITY (PERCENT)
 HIGHEST    85           800 AM
 LOWEST     49           200 PM
 AVERAGE    67

..........................................................


THE DICKINSON ND CLIMATE NORMALS FOR TOMORROW
                         NORMAL    RECORD    YEAR
 MAXIMUM TEMPERATURE (F)   38        70      1908
 MINIMUM TEMPERATURE (F)   18       -13      1986


SUNRISE AND SUNSET
NOVEMBER 17 2017......SUNRISE   657 AM MST   SUNSET   415 PM MST
NOVEMBER 18 2017......SUNRISE   659 AM MST   SUNSET   414 PM MST


-  INDICATES NEGATIVE NUMBERS.
R  INDICATES RECORD WAS SET OR TIED.
MM INDICATES DATA IS MISSING.
T  INDICATES TRACE AMOUNT.




$$
