000
CDUS43 KDLH 010640
CLIDLH


CLIMATE REPORT
NATIONAL WEATHER SERVICE DULUTH MN
140 AM CDT TUE SEP 1 2015


...................................

...THE DULUTH MN CLIMATE SUMMARY FOR AUGUST 31 2015...

CLIMATE NORMAL PERIOD 1981 TO 2010
CLIMATE RECORD PERIOD 1870 TO 2015


WEATHER ITEM   OBSERVED TIME   RECORD YEAR NORMAL DEPARTURE LAST
                VALUE   (LST)  VALUE       VALUE  FROM      YEAR
                                                  NORMAL
..................................................................
TEMPERATURE (F)
 YESTERDAY
  MAXIMUM         81    340 PM  92    1961  71     10       69
  MINIMUM         64    710 AM  33    1970  52     12       59
  AVERAGE         73                        61     12       64

PRECIPITATION (IN)
  YESTERDAY        0.00          1.20 1989   0.13  -0.13      T
  MONTH TO DATE    4.09                      3.70   0.39     4.63
  SINCE JUN 1     10.74                     11.78  -1.04    12.52
  SINCE JAN 1     17.13                     20.70  -3.57    24.95

SNOWFALL (IN)
  YESTERDAY        0.0           T    1949   0.0    0.0      0.0
  MONTH TO DATE    0.0                       0.0    0.0      0.0
  SINCE JUN 1      T                         0.0    0.0       T
  SINCE JUL 1      0.0                       0.0    0.0      0.0
  SNOW DEPTH       0

DEGREE DAYS
 HEATING
  YESTERDAY        0                         5     -5        1
  MONTH TO DATE   81                        86     -5       37
  SINCE JUN 1    217                       328   -111      239
  SINCE JUL 1     96                       149    -53       77

 COOLING
  YESTERDAY        8                         1      7        0
  MONTH TO DATE   96                        66     30       38
  SINCE JUN 1    274                       186     88      152
  SINCE JAN 1    278                       190     88      170
..................................................................


WIND (MPH)
  HIGHEST WIND SPEED    23   HIGHEST WIND DIRECTION     S (200)
  HIGHEST GUST SPEED    29   HIGHEST GUST DIRECTION     S (200)
  AVERAGE WIND SPEED    12.7


SKY COVER
  AVERAGE SKY COVER 0.4


WEATHER CONDITIONS
 THE FOLLOWING WEATHER WAS RECORDED YESTERDAY.
  FOG


RELATIVE HUMIDITY (PERCENT)
 HIGHEST    93          1200 AM
 LOWEST     62          1200 PM
 AVERAGE    78

..........................................................


THE DULUTH MN CLIMATE NORMALS FOR TODAY
                         NORMAL    RECORD    YEAR
 MAXIMUM TEMPERATURE (F)   71        94      1894
 MINIMUM TEMPERATURE (F)   52        30      1974


SUNRISE AND SUNSET
SEPTEMBER  1 2015.....SUNRISE   628 AM CDT   SUNSET   748 PM CDT
SEPTEMBER  2 2015.....SUNRISE   629 AM CDT   SUNSET   746 PM CDT


-  INDICATES NEGATIVE NUMBERS.
R  INDICATES RECORD WAS SET OR TIED.
MM INDICATES DATA IS MISSING.
T  INDICATES TRACE AMOUNT.




$$
