651
CDUS43 KDLH 192228
CLIDLH


CLIMATE REPORT
NATIONAL WEATHER SERVICE DULUTH MN
427 PM CST SUN NOV 19 2017


...................................

...THE DULUTH CLIMATE SUMMARY FOR NOVEMBER 19 2017...
VALID TODAY AS OF 0400 PM LOCAL TIME.

CLIMATE NORMAL PERIOD 1981 TO 2010
CLIMATE RECORD PERIOD 1870 TO 2017


WEATHER ITEM   OBSERVED TIME   RECORD YEAR NORMAL DEPARTURE LAST
                VALUE   (LST)  VALUE       VALUE  FROM      YEAR
                                                  NORMAL
..................................................................
TEMPERATURE (F)
 TODAY
  MAXIMUM         24    359 PM  55    1912  34    -10       26
  MINIMUM          7    727 AM -10    1932  20    -13       18
  AVERAGE         16                        27    -11       22

PRECIPITATION (IN)
  TODAY            T             1.23 1983   0.07  -0.07      T
  MONTH TO DATE    1.22                      1.41  -0.19     1.15
  SINCE SEP 1      8.17                      8.37  -0.20     6.22
  SINCE JAN 1     35.86                     29.07   6.79    30.14

SNOWFALL (IN)
  TODAY            T             5.1  1988   0.6   -0.6       T
  MONTH TO DATE   10.2                       7.5    2.7      3.5
  SINCE JUL 1     21.3                       9.9   11.4      3.5
  SNOW DEPTH       3

DEGREE DAYS
 HEATING
  TODAY           49                        38     11       43
  MONTH TO DATE  776                       633    143      377
  SINCE SEP 1   1582                      1609    -27     1070
  SINCE JUL 1   1752                      1758     -6     1124

 COOLING
  TODAY            0                         0      0        0
  MONTH TO DATE    0                         0      0        0
  SINCE SEP 1     26                        14     12       14
  SINCE JAN 1    126                       204    -78      281
..................................................................


WIND (MPH)
  HIGHEST WIND SPEED    20   HIGHEST WIND DIRECTION    NW (300)
  HIGHEST GUST SPEED    26   HIGHEST GUST DIRECTION    NW (310)
  AVERAGE WIND SPEED    11.5


SKY COVER
  AVERAGE SKY COVER 0.6


WEATHER CONDITIONS
 THE FOLLOWING WEATHER WAS RECORDED TODAY.
  LIGHT SNOW


RELATIVE HUMIDITY (PERCENT)
 HIGHEST    91           600 AM
 LOWEST     67          1100 AM
 AVERAGE    79

..........................................................


THE DULUTH CLIMATE NORMALS FOR TOMORROW
                         NORMAL    RECORD    YEAR
 MAXIMUM TEMPERATURE (F)   33        61      1925
 MINIMUM TEMPERATURE (F)   20       -11      1921


SUNRISE AND SUNSET
NOVEMBER 19 2017......SUNRISE   718 AM CST   SUNSET   430 PM CST
NOVEMBER 20 2017......SUNRISE   719 AM CST   SUNSET   429 PM CST


-  INDICATES NEGATIVE NUMBERS.
R  INDICATES RECORD WAS SET OR TIED.
MM INDICATES DATA IS MISSING.
T  INDICATES TRACE AMOUNT.




$$
