000
CDUS43 KDLH 192239
CLIDLH


CLIMATE REPORT
NATIONAL WEATHER SERVICE DULUTH MN
435 PM CST FRI JAN 19 2018


...................................

...THE DULUTH CLIMATE SUMMARY FOR JANUARY 19 2018...
VALID TODAY AS OF 0400 PM LOCAL TIME.

CLIMATE NORMAL PERIOD 1981 TO 2010
CLIMATE RECORD PERIOD 1870 TO 2018


WEATHER ITEM   OBSERVED TIME   RECORD YEAR NORMAL DEPARTURE LAST
                VALUE   (LST)  VALUE       VALUE  FROM      YEAR
                                                  NORMAL
..................................................................
TEMPERATURE (F)
 TODAY
  MAXIMUM         40    347 PM  45    2017  19     21       45
  MINIMUM         26    116 AM -32    1994   1     25       31
  AVERAGE         33                        10     23       38

PRECIPITATION (IN)
  TODAY            0.00          0.40 1917   0.03  -0.03     0.00
  MONTH TO DATE    0.43                      0.64  -0.21     0.60
  SINCE DEC 1      1.26                      1.85  -0.59     2.67
  SINCE JAN 1      0.43                      0.64  -0.21     0.60

SNOWFALL (IN)
  TODAY            0.0           3.0  1979   0.6   -0.6      0.0
  MONTH TO DATE    6.2                      12.7   -6.5     10.1
  SINCE JUL 1     41.2                      46.5   -5.3     39.5
  SNOW DEPTH       7

DEGREE DAYS
 HEATING
  TODAY           32                        55    -23       27
  MONTH TO DATE 1105                      1042     63     1050
  SINCE DEC 1   2788                      2598    190     2562
  SINCE JUL 1   4934                      4811    123     4044

 COOLING
  TODAY            0                         0      0        0
  MONTH TO DATE    0                         0      0        0
  SINCE DEC 1      0                         0      0        0
  SINCE JAN 1      0                         0      0        0
..................................................................


WIND (MPH)
  HIGHEST WIND SPEED    15   HIGHEST WIND DIRECTION     W (250)
  HIGHEST GUST SPEED    19   HIGHEST GUST DIRECTION     W (250)
  AVERAGE WIND SPEED     9.5


SKY COVER
  AVERAGE SKY COVER 0.2


WEATHER CONDITIONS
 THE FOLLOWING WEATHER WAS RECORDED TODAY.
  NO SIGNIFICANT WEATHER WAS OBSERVED.


RELATIVE HUMIDITY (PERCENT)
 HIGHEST    85           400 AM
 LOWEST     64           300 PM
 AVERAGE    75

..........................................................


THE DULUTH CLIMATE NORMALS FOR TOMORROW
                         NORMAL    RECORD    YEAR
 MAXIMUM TEMPERATURE (F)   19        46      1908
                                             1891
 MINIMUM TEMPERATURE (F)    1       -35      1996


SUNRISE AND SUNSET
JANUARY 19 2018.......SUNRISE   747 AM CST   SUNSET   453 PM CST
JANUARY 20 2018.......SUNRISE   746 AM CST   SUNSET   454 PM CST


-  INDICATES NEGATIVE NUMBERS.
R  INDICATES RECORD WAS SET OR TIED.
MM INDICATES DATA IS MISSING.
T  INDICATES TRACE AMOUNT.




$$
