000
CDUS43 KDLH 260625
CLIDLH


CLIMATE REPORT
NATIONAL WEATHER SERVICE DULUTH MN
125 AM CDT THU MAR 26 2015


...................................

...THE DULUTH MN CLIMATE SUMMARY FOR MARCH 25 2015...

CLIMATE NORMAL PERIOD 1981 TO 2010
CLIMATE RECORD PERIOD 1870 TO 2015


WEATHER ITEM   OBSERVED TIME   RECORD YEAR NORMAL DEPARTURE LAST
                VALUE   (LST)  VALUE       VALUE  FROM      YEAR
                                                  NORMAL
..................................................................
TEMPERATURE (F)
 YESTERDAY
  MAXIMUM         37    156 PM  64    1925  38     -1       19
  MINIMUM         29   1159 PM  -8    1955  21      8        0
  AVERAGE         33                        30      3       10

PRECIPITATION (IN)
  YESTERDAY        0.11          0.58 1890   0.05   0.06     0.00
  MONTH TO DATE    0.66                      1.17  -0.51     0.91
  SINCE MAR 1      0.66                      1.17  -0.51     0.91
  SINCE JAN 1      1.50                      2.94  -1.44     3.76

SNOWFALL (IN)
  YESTERDAY        1.4           7.0  1975   0.3    1.1      0.0
  MONTH TO DATE    7.3                      11.3   -4.0     14.9
  SINCE MAR 1      7.3                      11.3   -4.0     14.9
  SINCE JUL 1     47.2                      76.9  -29.7     98.7
  SNOW DEPTH       1

DEGREE DAYS
 HEATING
  YESTERDAY       32                        35     -3       55
  MONTH TO DATE  864                      1008   -144     1215
  SINCE MAR 1    864                      1008   -144     1215
  SINCE JUL 1   7703                      7875   -172     8656

 COOLING
  YESTERDAY        0                         0      0        0
  MONTH TO DATE    0                         0      0        0
  SINCE MAR 1      0                         0      0        0
  SINCE JAN 1      0                         0      0        0
..................................................................


WIND (MPH)
  HIGHEST WIND SPEED    29   HIGHEST WIND DIRECTION    NW (300)
  HIGHEST GUST SPEED    41   HIGHEST GUST DIRECTION     W (290)
  AVERAGE WIND SPEED    16.5


SKY COVER
  AVERAGE SKY COVER 1.0


WEATHER CONDITIONS
 THE FOLLOWING WEATHER WAS RECORDED YESTERDAY.
  MIXED PRECIP
  LT FREEZING RAIN
  SNOW
  LIGHT SNOW
  FOG


RELATIVE HUMIDITY (PERCENT)
 HIGHEST    89          1000 AM
 LOWEST     63          1100 PM
 AVERAGE    76

..........................................................


THE DULUTH MN CLIMATE NORMALS FOR TODAY
                         NORMAL    RECORD    YEAR
 MAXIMUM TEMPERATURE (F)   39        72      2007
 MINIMUM TEMPERATURE (F)   22       -19      1965


SUNRISE AND SUNSET
MARCH 26 2015.........SUNRISE   700 AM CDT   SUNSET   729 PM CDT
MARCH 27 2015.........SUNRISE   658 AM CDT   SUNSET   730 PM CDT


-  INDICATES NEGATIVE NUMBERS.
R  INDICATES RECORD WAS SET OR TIED.
MM INDICATES DATA IS MISSING.
T  INDICATES TRACE AMOUNT.




$$
