000
CDUS45 KTFX 240931
CLIDLN


CLIMATE REPORT
NATIONAL WEATHER SERVICE GREAT FALLS MT
330 AM MDT MON APR 24 2017


...................................

...THE DILLON AIRPORT MT CLIMATE SUMMARY FOR APRIL 23 2017...

CLIMATE NORMAL PERIOD 1981 TO 2010
CLIMATE RECORD PERIOD 1929 TO 2017


WEATHER ITEM   OBSERVED TIME   RECORD YEAR NORMAL DEPARTURE LAST
                VALUE   (LST)  VALUE       VALUE  FROM      YEAR
                                                  NORMAL
..................................................................
TEMPERATURE (F)
 YESTERDAY
  MAXIMUM         58   1101 AM  78    1949  57      1       57
  MINIMUM         38   1159 PM  13    2013  30      8       42
  AVERAGE         48                        44      4       50

PRECIPITATION (IN)
  YESTERDAY        0.04          0.58 1979   0.04   0.00     0.34
  MONTH TO DATE    1.39                      0.77   0.62     0.87
  SINCE OCT 1      4.79                      3.25   1.54     3.54
  SINCE JAN 1      2.25                      1.85   0.40     1.46

SNOWFALL (IN)
  YESTERDAY       MM
  SNOW DEPTH       0

DEGREE DAYS
 HEATING
  YESTERDAY       17                               -4       15
  MONTH TO DATE  527                              -35      400
  SINCE MAR 1   1263                             -249     1254
  SINCE JUL 1   7218                             -211     6754

 COOLING
  YESTERDAY        0                                0        0
  MONTH TO DATE    0                                0        0
  SINCE MAR 1      0                                0        0
  SINCE JAN 1      0                                0        0
..................................................................


WIND (MPH)
  HIGHEST WIND SPEED    35   HIGHEST WIND DIRECTION     W (270)
  HIGHEST GUST SPEED    43   HIGHEST GUST DIRECTION     W (280)
  AVERAGE WIND SPEED    11.7


SKY COVER
  AVERAGE SKY COVER 0.5


WEATHER CONDITIONS
 THE FOLLOWING WEATHER WAS RECORDED YESTERDAY.
  LIGHT RAIN


RELATIVE HUMIDITY (PERCENT)
 HIGHEST    79
 LOWEST     33
 AVERAGE    56

..........................................................


THE DILLON AIRPORT MT CLIMATE NORMALS FOR TODAY
                         NORMAL    RECORD    YEAR
 MAXIMUM TEMPERATURE (F)   57        77      2012
                                             1946
 MINIMUM TEMPERATURE (F)   31        18      1960


SUNRISE AND SUNSET
APRIL 24 2017.........SUNRISE   629 AM MDT   SUNSET   828 PM MDT
APRIL 25 2017.........SUNRISE   628 AM MDT   SUNSET   829 PM MDT


-  INDICATES NEGATIVE NUMBERS.
R  INDICATES RECORD WAS SET OR TIED.
MM INDICATES DATA IS MISSING.
T  INDICATES TRACE AMOUNT.




$$
