000
CDUS45 KTFX 240956
CLIDLN


CLIMATE REPORT
NATIONAL WEATHER SERVICE GREAT FALLS MT
354 AM MDT WED MAY 24 2017


...................................

...THE DILLON AIRPORT MT CLIMATE SUMMARY FOR MAY 23 2017...

CLIMATE NORMAL PERIOD 1981 TO 2010
CLIMATE RECORD PERIOD 1929 TO 2017


WEATHER ITEM   OBSERVED TIME   RECORD YEAR NORMAL DEPARTURE LAST
                VALUE   (LST)  VALUE       VALUE  FROM      YEAR
                                                  NORMAL
..................................................................
TEMPERATURE (F)
 YESTERDAY
  MAXIMUM         78    437 PM  87    1992  66     12       54
  MINIMUM         39    451 AM  23    1986  39      0       37
  AVERAGE         59                        52      7       46

PRECIPITATION (IN)
  YESTERDAY        0.00          0.77 1970   0.07  -0.07     0.00
  MONTH TO DATE    1.49                      1.31   0.18     1.54
  SINCE OCT 1      6.77                      4.83   1.94     5.34
  SINCE JAN 1      4.23                      3.43   0.80     3.26

SNOWFALL (IN)
  YESTERDAY       MM
  SNOW DEPTH       0

DEGREE DAYS
 HEATING
  YESTERDAY        6                               -7       19
  MONTH TO DATE  338                              -22      360
  SINCE MAR 1   1754                             -258     1765
  SINCE JUL 1   7709                             -220     7265

 COOLING
  YESTERDAY        0                                0        0
  MONTH TO DATE    0                                0        0
  SINCE MAR 1      0                                0        0
  SINCE JAN 1      0                                0        0
..................................................................


WIND (MPH)
  HIGHEST WIND SPEED    18   HIGHEST WIND DIRECTION    SW (220)
  HIGHEST GUST SPEED    23   HIGHEST GUST DIRECTION     W (260)
  AVERAGE WIND SPEED     8.7


SKY COVER
  AVERAGE SKY COVER 0.0


WEATHER CONDITIONS
 THE FOLLOWING WEATHER WAS RECORDED YESTERDAY.
  NO SIGNIFICANT WEATHER WAS OBSERVED.


RELATIVE HUMIDITY (PERCENT)
 HIGHEST    85
 LOWEST     18
 AVERAGE    52

..........................................................


THE DILLON AIRPORT MT CLIMATE NORMALS FOR TODAY
                         NORMAL    RECORD    YEAR
 MAXIMUM TEMPERATURE (F)   66        85      1988
 MINIMUM TEMPERATURE (F)   39        27      1989


SUNRISE AND SUNSET
MAY 24 2017...........SUNRISE   551 AM MDT   SUNSET   904 PM MDT
MAY 25 2017...........SUNRISE   550 AM MDT   SUNSET   905 PM MDT


-  INDICATES NEGATIVE NUMBERS.
R  INDICATES RECORD WAS SET OR TIED.
MM INDICATES DATA IS MISSING.
T  INDICATES TRACE AMOUNT.




$$
