000
CDUS45 KTFX 270936
CLIDLN


CLIMATE REPORT
NATIONAL WEATHER SERVICE GREAT FALLS MT
232 AM MST SAT DEC 27 2014


...................................

...THE DILLON AIRPORT MT CLIMATE SUMMARY FOR DECEMBER 26 2014...

CLIMATE NORMAL PERIOD 1981 TO 2010
CLIMATE RECORD PERIOD 1929 TO 2014


WEATHER ITEM   OBSERVED TIME   RECORD YEAR NORMAL DEPARTURE LAST
                VALUE   (LST)  VALUE       VALUE  FROM      YEAR
                                                  NORMAL
..................................................................
TEMPERATURE (F)
 YESTERDAY
  MAXIMUM         24    329 PM  52    1989  30     -6       41
  MINIMUM          2    956 PM -13    1988  11     -9       26
  AVERAGE         13                        21     -8       34

PRECIPITATION (IN)
  YESTERDAY        T             0.11 1968   0.01  -0.01     0.00
  MONTH TO DATE    0.48                      0.24   0.24     0.14
  SINCE OCT 1      1.16                      1.37  -0.21     0.49
  SINCE JAN 1     10.89                     10.54   0.35     9.95

SNOWFALL (IN)
  YESTERDAY       MM
  SNOW DEPTH      MM

DEGREE DAYS
 HEATING
  YESTERDAY       52                                8       31
  MONTH TO DATE  889                             -263     1228
  SINCE DEC 1    889                             -263     1228
  SINCE JUL 1   2863                             -440     3157

 COOLING
  YESTERDAY        0                                0        0
  MONTH TO DATE    0                                0        0
  SINCE DEC 1      0                                0        0
  SINCE JAN 1    170                               14      247
..................................................................


WIND (MPH)
  HIGHEST WIND SPEED    13   HIGHEST WIND DIRECTION    SW (210)
  HIGHEST GUST SPEED    15   HIGHEST GUST DIRECTION    SW (210)
  AVERAGE WIND SPEED     4.2



WEATHER CONDITIONS
 THE FOLLOWING WEATHER WAS RECORDED YESTERDAY.
  LIGHT SNOW
  FOG


RELATIVE HUMIDITY (PERCENT)
 HIGHEST    95
 LOWEST     65
 AVERAGE    80

..........................................................


THE DILLON AIRPORT MT CLIMATE NORMALS FOR TODAY
                         NORMAL    RECORD    YEAR
 MAXIMUM TEMPERATURE (F)   30        57      1980
 MINIMUM TEMPERATURE (F)   11       -16      1941


SUNRISE AND SUNSET
DECEMBER 27 2014......SUNRISE   809 AM MST   SUNSET   454 PM MST
DECEMBER 28 2014......SUNRISE   809 AM MST   SUNSET   455 PM MST


-  INDICATES NEGATIVE NUMBERS.
R  INDICATES RECORD WAS SET OR TIED.
MM INDICATES DATA IS MISSING.
T  INDICATES TRACE AMOUNT.




$$
