000
CDUS45 KTFX 270919
CLIDLN


CLIMATE REPORT
NATIONAL WEATHER SERVICE GREAT FALLS MT
318 AM MDT TUE JUN 27 2017


...................................

...THE DILLON AIRPORT MT CLIMATE SUMMARY FOR JUNE 26 2017...

CLIMATE NORMAL PERIOD 1981 TO 2010
CLIMATE RECORD PERIOD 1929 TO 2017


WEATHER ITEM   OBSERVED TIME   RECORD YEAR NORMAL DEPARTURE LAST
                VALUE   (LST)  VALUE       VALUE  FROM      YEAR
                                                  NORMAL
..................................................................
TEMPERATURE (F)
 YESTERDAY
  MAXIMUM         89    122 PM  95    2015  76     13       83
  MINIMUM         49    442 AM  32    2007  46      3       43
                                      1976
  AVERAGE         69                        61      8       63

PRECIPITATION (IN)
  YESTERDAY        T             1.25 1944   0.05  -0.05     0.00
  MONTH TO DATE    1.16                      1.80  -0.64     1.12
  SINCE OCT 1      7.93                      7.27   0.66     6.60
  SINCE JAN 1      5.39                      5.87  -0.48     4.52

SNOWFALL (IN)
  YESTERDAY       MM
  SNOW DEPTH       0

DEGREE DAYS
 HEATING
  YESTERDAY        0                               -5        2
  MONTH TO DATE  160                              -47      108
  SINCE JUN 1    160                              -47      108
  SINCE JUL 1   7941                             -291     7480

 COOLING
  YESTERDAY        4                                3        0
  MONTH TO DATE   22                               13       23
  SINCE JUN 1     22                               13       23
  SINCE JAN 1     22                               12       23
..................................................................


WIND (MPH)
  HIGHEST WIND SPEED    26   HIGHEST WIND DIRECTION     S (170)
  HIGHEST GUST SPEED    33   HIGHEST GUST DIRECTION     S (160)
  AVERAGE WIND SPEED     9.2


SKY COVER
  AVERAGE SKY COVER 0.1


WEATHER CONDITIONS
 THE FOLLOWING WEATHER WAS RECORDED YESTERDAY.
  HAZE


RELATIVE HUMIDITY (PERCENT)
 HIGHEST    66
 LOWEST     18
 AVERAGE    42

..........................................................


THE DILLON AIRPORT MT CLIMATE NORMALS FOR TODAY
                         NORMAL    RECORD    YEAR
 MAXIMUM TEMPERATURE (F)   77        96      2015
 MINIMUM TEMPERATURE (F)   47        30      1949


SUNRISE AND SUNSET
JUNE 27 2017..........SUNRISE   545 AM MDT   SUNSET   922 PM MDT
JUNE 28 2017..........SUNRISE   545 AM MDT   SUNSET   922 PM MDT


-  INDICATES NEGATIVE NUMBERS.
R  INDICATES RECORD WAS SET OR TIED.
MM INDICATES DATA IS MISSING.
T  INDICATES TRACE AMOUNT.




$$
