000
CDUS45 KTFX 250949
CLIDLN


CLIMATE REPORT
NATIONAL WEATHER SERVICE GREAT FALLS MT
348 AM MDT MON JUL 25 2016


...................................

...THE DILLON AIRPORT MT CLIMATE SUMMARY FOR JULY 24 2016...

CLIMATE NORMAL PERIOD 1981 TO 2010
CLIMATE RECORD PERIOD 1929 TO 2016


WEATHER ITEM   OBSERVED TIME   RECORD YEAR NORMAL DEPARTURE LAST
                VALUE   (LST)  VALUE       VALUE  FROM      YEAR
                                                  NORMAL
..................................................................
TEMPERATURE (F)
 YESTERDAY
  MAXIMUM         87    622 PM  95    1978  84      3       82
  MINIMUM         44    544 AM  41    1950  50     -6       49
  AVERAGE         66                        67     -1       66

PRECIPITATION (IN)
  YESTERDAY        0.00          0.51 1977   0.04  -0.04     0.00
  MONTH TO DATE    0.85                      0.95  -0.10     0.58
  SINCE OCT 1      7.45                      8.39  -0.94     6.84
  SINCE JAN 1      5.37                      6.99  -1.62     5.68

SNOWFALL (IN)
  YESTERDAY       MM
  SNOW DEPTH       0

DEGREE DAYS
 HEATING
  YESTERDAY        0                               -1        0
  MONTH TO DATE   54                                7       21
  SINCE JUN 1    162                             -108       97
  SINCE JUL 1     54                                7       21

 COOLING
  YESTERDAY        1                               -2        1
  MONTH TO DATE   51                               -9       56
  SINCE JUN 1     92                               16      131
  SINCE JAN 1     92                               15      131
..................................................................


WIND (MPH)
  HIGHEST WIND SPEED    13   HIGHEST WIND DIRECTION    NE (40)
  HIGHEST GUST SPEED    14   HIGHEST GUST DIRECTION    NE (40)
  AVERAGE WIND SPEED     4.4


SKY COVER
  AVERAGE SKY COVER 0.0


WEATHER CONDITIONS
 THE FOLLOWING WEATHER WAS RECORDED YESTERDAY.
  HAZE


RELATIVE HUMIDITY (PERCENT)
 HIGHEST    71
 LOWEST     18
 AVERAGE    45

..........................................................


THE DILLON AIRPORT MT CLIMATE NORMALS FOR TODAY
                         NORMAL    RECORD    YEAR
 MAXIMUM TEMPERATURE (F)   84        98      1931
 MINIMUM TEMPERATURE (F)   50        37      1948


SUNRISE AND SUNSET
JULY 25 2016..........SUNRISE   608 AM MDT   SUNSET   905 PM MDT
JULY 26 2016..........SUNRISE   609 AM MDT   SUNSET   904 PM MDT


-  INDICATES NEGATIVE NUMBERS.
R  INDICATES RECORD WAS SET OR TIED.
MM INDICATES DATA IS MISSING.
T  INDICATES TRACE AMOUNT.




$$
