000
CDUS45 KTFX 032242
CLIDLN


CLIMATE REPORT
NATIONAL WEATHER SERVICE GREAT FALLS MT
440 PM MDT THU SEP 3 2015


...................................

...THE DILLON AIRPORT MT CLIMATE SUMMARY FOR SEPTEMBER 3 2015...
VALID TODAY AS OF 0400 PM LOCAL TIME.

CLIMATE NORMAL PERIOD 1981 TO 2010
CLIMATE RECORD PERIOD 1929 TO 2015


WEATHER ITEM   OBSERVED TIME   RECORD YEAR NORMAL DEPARTURE LAST
                VALUE   (LST)  VALUE       VALUE  FROM      YEAR
                                                  NORMAL
..................................................................
TEMPERATURE (F)
 TODAY
  MAXIMUM         66    200 PM  95    1950  76    -10       69
  MINIMUM         47   1201 PM  30    1958  44      3       42
  AVERAGE         57                        60     -3       56

PRECIPITATION (IN)
  TODAY            0.00          0.38 1940   0.04  -0.04     0.00
  MONTH TO DATE    0.00                      0.10  -0.10     0.00
  SINCE OCT 1      7.87                      9.80  -1.93     9.36
  SINCE JAN 1      6.71                      8.40  -1.69     8.87

SNOWFALL (IN)
  TODAY           MM
  SNOW DEPTH       0

DEGREE DAYS
 HEATING
  TODAY            8                         6      2        9
  MONTH TO DATE    8                        17     -9       20
  SINCE SEP 1      8                        17     -9       20
  SINCE JUL 1    114                       153    -39      112

 COOLING
  TODAY            0                         1     -1        0
  MONTH TO DATE    7                         3      4        0
  SINCE SEP 1      7                         3      4        0
  SINCE JAN 1    246                       151     95      164
..................................................................


WIND (MPH)
  HIGHEST WIND SPEED     9   HIGHEST WIND DIRECTION     N (350)
  HIGHEST GUST SPEED    MM   HIGHEST GUST DIRECTION    MM
  AVERAGE WIND SPEED     6.3


SKY COVER
  AVERAGE SKY COVER 0.1


WEATHER CONDITIONS
 THE FOLLOWING WEATHER WAS RECORDED TODAY.
  HAZE


RELATIVE HUMIDITY (PERCENT)
 HIGHEST    40
 LOWEST     34
 AVERAGE    37

..........................................................


THE DILLON AIRPORT MT CLIMATE NORMALS FOR TOMORROW
                         NORMAL    RECORD    YEAR
 MAXIMUM TEMPERATURE (F)   75        92      1998
 MINIMUM TEMPERATURE (F)   43        32      1975


SUNRISE AND SUNSET
SEPTEMBER  3 2015.....SUNRISE   654 AM MDT   SUNSET   804 PM MDT
SEPTEMBER  4 2015.....SUNRISE   655 AM MDT   SUNSET   802 PM MDT


-  INDICATES NEGATIVE NUMBERS.
R  INDICATES RECORD WAS SET OR TIED.
MM INDICATES DATA IS MISSING.
T  INDICATES TRACE AMOUNT.




$$
