000
CDUS41 KLWX 010536
CLIDMH


CLIMATE REPORT
NATIONAL WEATHER SERVICE BALTIMORE MD/WASHINGTON DC
129 AM EDT SAT OCT 1 2016


...................................

...THE BALTIMORE INNER HARBOR MD CLIMATE SUMMARY FOR SEPTEMBER 30 2016...

CLIMATE NORMAL PERIOD 1981 TO 2010
CLIMATE RECORD PERIOD 9999 TO 9999


WEATHER ITEM   OBSERVED TIME   RECORD YEAR NORMAL DEPARTURE LAST
                VALUE   (LST)  VALUE       VALUE  FROM      YEAR
                                                  NORMAL
..................................................................
TEMPERATURE (F)
 YESTERDAY
  MAXIMUM         65    655 PM  MM      MM  74     -9       77
  MINIMUM         59    836 AM  MM      MM  58      1       62
  AVERAGE         62                        66     -4       70

PRECIPITATION (IN)
  YESTERDAY        0.41         MM      MM   0.15   0.26     0.01
  MONTH TO DATE    5.26                      4.09   1.17     3.67
  SINCE SEP 1      5.26                      4.09   1.17     3.67
  SINCE JAN 1     35.13                     31.46   3.67    32.17

DEGREE DAYS
 HEATING
  YESTERDAY        3                         2      1        0
  MONTH TO DATE    4                        16    -12        0
  SINCE SEP 1      4                        18    -14        0
  SINCE JUL 1      4                        18    -14        0

 COOLING
  YESTERDAY        0                         3     -3        5
  MONTH TO DATE  310                       229     81      285
  SINCE SEP 1    310                       229     81      285
  SINCE JAN 1   1863                      1625    238     1774
..................................................................


WIND (MPH)
  HIGHEST WIND SPEED    MM   HIGHEST WIND DIRECTION    MM
  HIGHEST GUST SPEED    MM   HIGHEST GUST DIRECTION    MM
  AVERAGE WIND SPEED    MM


SKY COVER
  POSSIBLE SUNSHINE  MM



RELATIVE HUMIDITY (PERCENT)
 HIGHEST    90           200 AM
 LOWEST     78           200 PM
 AVERAGE    84

..........................................................


THE BALTIMORE INNER HARBOR MD CLIMATE NORMALS FOR TODAY
                         NORMAL
 MAXIMUM TEMPERATURE (F)   74
 MINIMUM TEMPERATURE (F)   57


SUNRISE AND SUNSET
OCTOBER  1 2016.......SUNRISE   703 AM EDT   SUNSET   648 PM EDT
OCTOBER  2 2016.......SUNRISE   704 AM EDT   SUNSET   647 PM EDT


-  INDICATES NEGATIVE NUMBERS.
R  INDICATES RECORD WAS SET OR TIED.
MM INDICATES DATA IS MISSING.
T  INDICATES TRACE AMOUNT.




$$
