000
CDUS41 KLWX 262127
CLIDMH


CLIMATE REPORT
NATIONAL WEATHER SERVICE BALTIMORE MD/WASHINGTON DC
527 PM EDT TUE JUL 26 2016


...................................

...THE BALTIMORE INNER HARBOR MD CLIMATE SUMMARY FOR JULY 26 2016...
VALID TODAY AS OF 0500 PM LOCAL TIME.

CLIMATE NORMAL PERIOD 1981 TO 2010
CLIMATE RECORD PERIOD 9999 TO 9999


WEATHER ITEM   OBSERVED TIME   RECORD YEAR NORMAL DEPARTURE LAST
                VALUE   (LST)  VALUE       VALUE  FROM      YEAR
                                                  NORMAL
..................................................................
TEMPERATURE (F)
 TODAY
  MAXIMUM         95    331 PM  MM      MM  89      6       90
  MINIMUM         79    502 AM  MM      MM  73      6       72
  AVERAGE         87                        81      6       81

PRECIPITATION (IN)
  TODAY            0.00         MM      MM   0.15  -0.15     0.00
  MONTH TO DATE    1.08                      3.92  -2.84     1.34
  SINCE JUN 1      4.56                      7.19  -2.63     8.98
  SINCE JAN 1     20.74                     23.28  -2.54    25.32

DEGREE DAYS
 HEATING
  TODAY            0                         0      0        0
  MONTH TO DATE    0                         0      0        0
  SINCE JUN 1      0                         5     -5       10
  SINCE JUL 1      0                         0      0        0

 COOLING
  TODAY           22                        16      6       16
  MONTH TO DATE  468                       413     55      378
  SINCE JUN 1    792                       750     42      732
  SINCE JAN 1    929                       889     40      978
..................................................................


WIND (MPH)
  HIGHEST WIND SPEED    MM   HIGHEST WIND DIRECTION    MM
  HIGHEST GUST SPEED    MM   HIGHEST GUST DIRECTION    MM
  AVERAGE WIND SPEED    MM


SKY COVER
  POSSIBLE SUNSHINE  MM



RELATIVE HUMIDITY (PERCENT)
 HIGHEST    74           200 AM
 LOWEST     41          1200 PM
 AVERAGE    58

..........................................................


THE BALTIMORE INNER HARBOR MD CLIMATE NORMALS FOR TOMORROW
                         NORMAL    RECORD    YEAR
 MAXIMUM TEMPERATURE (F)   88        MM        MM
 MINIMUM TEMPERATURE (F)   73        MM        MM


SUNRISE AND SUNSET
JULY 26 2016..........SUNRISE   602 AM EDT   SUNSET   824 PM EDT
JULY 27 2016..........SUNRISE   603 AM EDT   SUNSET   823 PM EDT


-  INDICATES NEGATIVE NUMBERS.
R  INDICATES RECORD WAS SET OR TIED.
MM INDICATES DATA IS MISSING.
T  INDICATES TRACE AMOUNT.




$$
