000
CDUS41 KLWX 230546
CLIDMH


CLIMATE REPORT
NATIONAL WEATHER SERVICE BALTIMORE MD/WASHINGTON DC
145 AM EDT TUE SEP 23 2014


...................................

...THE BALTIMORE INNER HARBOR MD CLIMATE SUMMARY FOR SEPTEMBER 22 2014...

CLIMATE NORMAL PERIOD 1981 TO 2010
CLIMATE RECORD PERIOD 9999 TO 9999


WEATHER ITEM   OBSERVED TIME   RECORD YEAR NORMAL DEPARTURE LAST
                VALUE   (LST)  VALUE       VALUE  FROM      YEAR
                                                  NORMAL
..................................................................
TEMPERATURE (F)
 YESTERDAY
  MAXIMUM         74   1210 AM  MM      MM  78     -4       74
  MINIMUM         60   1159 PM  MM      MM  61     -1       61
  AVERAGE         67                        70     -3       68

PRECIPITATION (IN)
  YESTERDAY        0.00         MM      MM   0.14  -0.14     0.00
  MONTH TO DATE    0.76                      2.92  -2.16     1.67
  SINCE SEP 1      0.76                      2.92  -2.16     1.67
  SINCE JAN 1     40.37                     30.29  10.08    29.65

DEGREE DAYS
 HEATING
  YESTERDAY        0                         1     -1        0
  MONTH TO DATE    1                         4     -3        4
  SINCE SEP 1      1                         4     -3        4
  SINCE JUL 1      1                         4     -3        4

 COOLING
  YESTERDAY        2                         5     -3        3
  MONTH TO DATE  189                       193     -4      219
  SINCE SEP 1    189                       193     -4      219
  SINCE JAN 1   1407                      1589   -182     1893
..................................................................


WIND (MPH)
  HIGHEST WIND SPEED    MM   HIGHEST WIND DIRECTION    MM
  HIGHEST GUST SPEED    MM   HIGHEST GUST DIRECTION    MM
  AVERAGE WIND SPEED    MM


SKY COVER
  POSSIBLE SUNSHINE  MM



RELATIVE HUMIDITY (PERCENT)
 HIGHEST    60           600 AM
 LOWEST     37           500 PM
 AVERAGE    49

..........................................................


THE BALTIMORE INNER HARBOR MD CLIMATE NORMALS FOR TODAY
                         NORMAL
 MAXIMUM TEMPERATURE (F)   77
 MINIMUM TEMPERATURE (F)   61


SUNRISE AND SUNSET
SEPTEMBER 23 2014.....SUNRISE   655 AM EDT   SUNSET   702 PM EDT
SEPTEMBER 24 2014.....SUNRISE   656 AM EDT   SUNSET   700 PM EDT


-  INDICATES NEGATIVE NUMBERS.
R  INDICATES RECORD WAS SET OR TIED.
MM INDICATES DATA IS MISSING.
T  INDICATES TRACE AMOUNT.




$$
