000
CDUS41 KLWX 180524
CLIDMH


CLIMATE REPORT
NATIONAL WEATHER SERVICE BALTIMORE MD/WASHINGTON DC
124 AM EDT FRI APR 18 2014


...................................

...THE BALTIMORE INNER HARBOR MD CLIMATE SUMMARY FOR APRIL 17 2014...

CLIMATE NORMAL PERIOD 1981 TO 2010
CLIMATE RECORD PERIOD 9999 TO 9999


WEATHER ITEM   OBSERVED TIME   RECORD YEAR NORMAL DEPARTURE LAST
                VALUE   (LST)  VALUE       VALUE  FROM      YEAR
                                                  NORMAL
..................................................................
TEMPERATURE (F)
 YESTERDAY
  MAXIMUM         54        MM  MM      MM  66    -12       77
  MINIMUM         39        MM  MM      MM  48     -9       63
  AVERAGE         47                        57    -10       70

PRECIPITATION (IN)
  YESTERDAY        0.00         MM      MM   0.10  -0.10     0.00
  MONTH TO DATE    2.80                      1.91   0.89     0.80
  SINCE MAR 1      7.00                      5.77   1.23     3.07
  SINCE JAN 1     13.33                     11.29   2.04     8.92

DEGREE DAYS
 HEATING
  YESTERDAY       18                         9      9        0
  MONTH TO DATE  167                       190    -23      121
  SINCE MAR 1    901                       769    132      717
  SINCE JUL 1   3971                      3857    114     3268

 COOLING
  YESTERDAY        0                         1     -1        5
  MONTH TO DATE   14                        10      4       44
  SINCE MAR 1     14                        11      3       44
  SINCE JAN 1     14                        11      3       44
..................................................................


WIND (MPH)
  HIGHEST WIND SPEED    MM   HIGHEST WIND DIRECTION    MM
  HIGHEST GUST SPEED    MM   HIGHEST GUST DIRECTION    MM
  AVERAGE WIND SPEED    MM


SKY COVER
  POSSIBLE SUNSHINE  MM



RELATIVE HUMIDITY (PERCENT)
 HIGHEST    67          1000 PM
 LOWEST     39          1200 AM
 AVERAGE    53

..........................................................


THE BALTIMORE INNER HARBOR MD CLIMATE NORMALS FOR TODAY
                         NORMAL
 MAXIMUM TEMPERATURE (F)   67
 MINIMUM TEMPERATURE (F)   48


SUNRISE AND SUNSET
APRIL 18 2014.........SUNRISE   625 AM EDT   SUNSET   747 PM EDT
APRIL 19 2014.........SUNRISE   624 AM EDT   SUNSET   748 PM EDT


-  INDICATES NEGATIVE NUMBERS.
R  INDICATES RECORD WAS SET OR TIED.
MM INDICATES DATA IS MISSING.
T  INDICATES TRACE AMOUNT.




$$
