681
CDUS41 KLWX 172134
CLIDMH


CLIMATE REPORT
NATIONAL WEATHER SERVICE BALTIMORE MD/WASHINGTON DC
433 PM EST TUE JAN 17 2017


...................................

...THE BALTIMORE INNER HARBOR MD CLIMATE SUMMARY FOR JANUARY 17 2017...
VALID TODAY AS OF 0400 PM LOCAL TIME.

CLIMATE NORMAL PERIOD 1981 TO 2010
CLIMATE RECORD PERIOD 9999 TO 9999


WEATHER ITEM   OBSERVED TIME   RECORD YEAR NORMAL DEPARTURE LAST
                VALUE   (LST)  VALUE       VALUE  FROM      YEAR
                                                  NORMAL
..................................................................
TEMPERATURE (F)
 TODAY
  MAXIMUM         45    254 PM  MM      MM  42      3       41
  MINIMUM         40    825 AM  MM      MM  29     11       32
  AVERAGE         43                        36      7       37

PRECIPITATION (IN)
  TODAY            0.06         MM      MM   0.09  -0.03     0.04
  MONTH TO DATE    1.95                      1.58   0.37     1.33
  SINCE DEC 1      4.29                      4.99  -0.70     7.57
  SINCE JAN 1      1.95                      1.58   0.37     1.33

DEGREE DAYS
 HEATING
  TODAY           22                        29     -7       28
  MONTH TO DATE  444                       493    -49      461
  SINCE DEC 1   1168                      1285   -117      880
  SINCE JUL 1   1677                      1936   -259     1408

 COOLING
  TODAY            0                         0      0        0
  MONTH TO DATE    0                         0      0        0
  SINCE DEC 1      0                         0      0        3
  SINCE JAN 1      0                         0      0        0
..................................................................


WIND (MPH)
  HIGHEST WIND SPEED    MM   HIGHEST WIND DIRECTION    MM
  HIGHEST GUST SPEED    MM   HIGHEST GUST DIRECTION    MM
  AVERAGE WIND SPEED    MM


SKY COVER
  POSSIBLE SUNSHINE  MM



RELATIVE HUMIDITY (PERCENT)
 HIGHEST    89          1200 PM
 LOWEST     60           100 AM
 AVERAGE    75

..........................................................


THE BALTIMORE INNER HARBOR MD CLIMATE NORMALS FOR TOMORROW
                         NORMAL    RECORD    YEAR
 MAXIMUM TEMPERATURE (F)   42        MM        MM
 MINIMUM TEMPERATURE (F)   29        MM        MM


SUNRISE AND SUNSET
JANUARY 17 2017.......SUNRISE   724 AM EST   SUNSET   510 PM EST
JANUARY 18 2017.......SUNRISE   723 AM EST   SUNSET   511 PM EST


-  INDICATES NEGATIVE NUMBERS.
R  INDICATES RECORD WAS SET OR TIED.
MM INDICATES DATA IS MISSING.
T  INDICATES TRACE AMOUNT.




$$
