000
CDUS41 KLWX 240520
CLIDMH


CLIMATE REPORT
NATIONAL WEATHER SERVICE BALTIMORE MD/WASHINGTON DC
1220 AM EST MON NOV 24 2014


...................................

...THE BALTIMORE INNER HARBOR MD CLIMATE SUMMARY FOR NOVEMBER 23 2014...

CLIMATE NORMAL PERIOD 1981 TO 2010
CLIMATE RECORD PERIOD 9999 TO 9999


WEATHER ITEM   OBSERVED TIME   RECORD YEAR NORMAL DEPARTURE LAST
                VALUE   (LST)  VALUE       VALUE  FROM      YEAR
                                                  NORMAL
..................................................................
TEMPERATURE (F)
 YESTERDAY
  MAXIMUM         52    208 PM  MM      MM  55     -3       61
  MINIMUM         40    751 AM  MM      MM  41     -1       35
  AVERAGE         46                        48     -2       48

PRECIPITATION (IN)
  YESTERDAY        0.03         MM      MM   0.09  -0.06     0.00
  MONTH TO DATE    1.94                      2.22  -0.28     0.44
  SINCE SEP 1      8.45                      9.36  -0.91     6.80
  SINCE JAN 1     48.06                     36.73  11.33    34.78

DEGREE DAYS
 HEATING
  YESTERDAY       19                        17      2       17
  MONTH TO DATE  452                       309    143      307
  SINCE SEP 1    603                       518     85      434
  SINCE JUL 1    603                       518     85      434

 COOLING
  YESTERDAY        0                         0      0        0
  MONTH TO DATE    0                         0      0        4
  SINCE SEP 1    238                       268    -30      349
  SINCE JAN 1   1456                      1664   -208     2023
..................................................................


WIND (MPH)
  HIGHEST WIND SPEED    MM   HIGHEST WIND DIRECTION    MM
  HIGHEST GUST SPEED    MM   HIGHEST GUST DIRECTION    MM
  AVERAGE WIND SPEED    MM


SKY COVER
  POSSIBLE SUNSHINE  MM



RELATIVE HUMIDITY (PERCENT)
 HIGHEST    86          1100 PM
 LOWEST     34          1100 AM
 AVERAGE    60

..........................................................


THE BALTIMORE INNER HARBOR MD CLIMATE NORMALS FOR TODAY
                         NORMAL
 MAXIMUM TEMPERATURE (F)   54
 MINIMUM TEMPERATURE (F)   40


SUNRISE AND SUNSET
NOVEMBER 24 2014......SUNRISE   700 AM EST   SUNSET   446 PM EST
NOVEMBER 25 2014......SUNRISE   701 AM EST   SUNSET   446 PM EST


-  INDICATES NEGATIVE NUMBERS.
R  INDICATES RECORD WAS SET OR TIED.
MM INDICATES DATA IS MISSING.
T  INDICATES TRACE AMOUNT.




$$
