000
CDUS41 KLWX 260525
CLIDMH


CLIMATE REPORT
NATIONAL WEATHER SERVICE BALTIMORE MD/WASHINGTON DC
1225 AM EST WED NOV 26 2014


...................................

...THE BALTIMORE INNER HARBOR MD CLIMATE SUMMARY FOR NOVEMBER 25 2014...

CLIMATE NORMAL PERIOD 1981 TO 2010
CLIMATE RECORD PERIOD 9999 TO 9999


WEATHER ITEM   OBSERVED TIME   RECORD YEAR NORMAL DEPARTURE LAST
                VALUE   (LST)  VALUE       VALUE  FROM      YEAR
                                                  NORMAL
..................................................................
TEMPERATURE (F)
 YESTERDAY
  MAXIMUM         65   1255 AM  MM      MM  54     11       40
  MINIMUM         48   1121 PM  MM      MM  40      8       25
  AVERAGE         57                        47     10       33

PRECIPITATION (IN)
  YESTERDAY        0.00         MM      MM   0.10  -0.10     0.00
  MONTH TO DATE    2.25                      2.42  -0.17     0.44
  SINCE SEP 1      8.76                      9.56  -0.80     6.80
  SINCE JAN 1     48.37                     36.93  11.44    34.78

DEGREE DAYS
 HEATING
  YESTERDAY        8                        18    -10       32
  MONTH TO DATE  464                       345    119      372
  SINCE SEP 1    615                       554     61      499
  SINCE JUL 1    615                       554     61      499

 COOLING
  YESTERDAY        0                         0      0        0
  MONTH TO DATE    0                         0      0        4
  SINCE SEP 1    238                       268    -30      349
  SINCE JAN 1   1456                      1664   -208     2023
..................................................................


WIND (MPH)
  HIGHEST WIND SPEED    MM   HIGHEST WIND DIRECTION    MM
  HIGHEST GUST SPEED    MM   HIGHEST GUST DIRECTION    MM
  AVERAGE WIND SPEED    MM


SKY COVER
  POSSIBLE SUNSHINE  MM



RELATIVE HUMIDITY (PERCENT)
 HIGHEST    78          1200 AM
 LOWEST     32           300 PM
 AVERAGE    55

..........................................................


THE BALTIMORE INNER HARBOR MD CLIMATE NORMALS FOR TODAY
                         NORMAL
 MAXIMUM TEMPERATURE (F)   53
 MINIMUM TEMPERATURE (F)   39


SUNRISE AND SUNSET
NOVEMBER 26 2014......SUNRISE   702 AM EST   SUNSET   445 PM EST
NOVEMBER 27 2014......SUNRISE   703 AM EST   SUNSET   445 PM EST


-  INDICATES NEGATIVE NUMBERS.
R  INDICATES RECORD WAS SET OR TIED.
MM INDICATES DATA IS MISSING.
T  INDICATES TRACE AMOUNT.




$$
