000
CDUS41 KLWX 312125
CLIDMH


CLIMATE REPORT
NATIONAL WEATHER SERVICE BALTIMORE MD/WASHINGTON DC
525 PM EDT MON AUG 31 2015


...................................

...THE BALTIMORE INNER HARBOR MD CLIMATE SUMMARY FOR AUGUST 31 2015...
VALID TODAY AS OF 0500 PM LOCAL TIME.

CLIMATE NORMAL PERIOD 1981 TO 2010
CLIMATE RECORD PERIOD 9999 TO 9999


WEATHER ITEM   OBSERVED TIME   RECORD YEAR NORMAL DEPARTURE LAST
                VALUE   (LST)  VALUE       VALUE  FROM      YEAR
                                                  NORMAL
..................................................................
TEMPERATURE (F)
 TODAY
  MAXIMUM         90    156 PM  MM      MM  85      5       94
  MINIMUM         77    701 AM  MM      MM  69      8       75
  AVERAGE         84                        77      7       85

PRECIPITATION (IN)
  TODAY            0.00         MM      MM   0.11  -0.11     0.03
  MONTH TO DATE    2.08                      3.39  -1.31     6.35
  SINCE JUN 1     12.16                     11.28   0.88    16.56
  SINCE JAN 1     28.50                     27.37   1.13    39.61

DEGREE DAYS
 HEATING
  TODAY            0                         0      0        0
  MONTH TO DATE    0                         0      0        0
  SINCE JUN 1     10                         5      5        0
  SINCE JUL 1      0                         0      0        0

 COOLING
  TODAY           19                        12      7       20
  MONTH TO DATE  427                       432     -5      338
  SINCE JUN 1   1243                      1257    -14     1088
  SINCE JAN 1   1489                      1396     93     1218
..................................................................


WIND (MPH)
  HIGHEST WIND SPEED    MM   HIGHEST WIND DIRECTION    MM
  HIGHEST GUST SPEED    MM   HIGHEST GUST DIRECTION    MM
  AVERAGE WIND SPEED    MM


SKY COVER
  POSSIBLE SUNSHINE  MM



RELATIVE HUMIDITY (PERCENT)
 HIGHEST    69           400 AM
 LOWEST     43           300 PM
 AVERAGE    56

..........................................................


THE BALTIMORE INNER HARBOR MD CLIMATE NORMALS FOR TOMORROW
                         NORMAL    RECORD    YEAR
 MAXIMUM TEMPERATURE (F)   85        MM        MM
 MINIMUM TEMPERATURE (F)   69        MM        MM


SUNRISE AND SUNSET
AUGUST 31 2015........SUNRISE   634 AM EDT   SUNSET   739 PM EDT
SEPTEMBER  1 2015.....SUNRISE   635 AM EDT   SUNSET   738 PM EDT


-  INDICATES NEGATIVE NUMBERS.
R  INDICATES RECORD WAS SET OR TIED.
MM INDICATES DATA IS MISSING.
T  INDICATES TRACE AMOUNT.




$$
