000
CDUS41 KLWX 210524
CLIDMH


CLIMATE REPORT
NATIONAL WEATHER SERVICE BALTIMORE MD/WASHINGTON DC
1222 AM EST TUE NOV 21 2017


...................................

...THE BALTIMORE INNER HARBOR MD CLIMATE SUMMARY FOR NOVEMBER 20 2017...

CLIMATE NORMAL PERIOD 1981 TO 2010
CLIMATE RECORD PERIOD 1999 TO 2017


WEATHER ITEM   OBSERVED TIME   RECORD YEAR NORMAL DEPARTURE LAST
                VALUE   (LST)  VALUE       VALUE  FROM      YEAR
                                                  NORMAL
..................................................................
TEMPERATURE (F)
 YESTERDAY
  MAXIMUM         51    417 PM  MM      MM  56     -5       45
  MINIMUM         39    727 AM  MM      MM  42     -3       38
  AVERAGE         45                        49     -4       42

PRECIPITATION (IN)
  YESTERDAY        0.00         MM      MM   0.09  -0.09     0.00
  MONTH TO DATE    1.67                      1.94  -0.27     0.14
  SINCE SEP 1      6.17                      9.08  -2.91     6.03
  SINCE JAN 1     34.25                     36.45  -2.20    35.90

DEGREE DAYS
 HEATING
  YESTERDAY       20                        16      4       23
  MONTH TO DATE  285                       258     27      207
  SINCE SEP 1    369                       467    -98      336
  SINCE JUL 1    369                       467    -98      336

 COOLING
  YESTERDAY        0                         0      0        0
  MONTH TO DATE    4                         0      4        2
  SINCE SEP 1    371                       268    103      370
  SINCE JAN 1   1885                      1664    221     1923
..................................................................


WIND (MPH)
  HIGHEST WIND SPEED    MM   HIGHEST WIND DIRECTION    MM
  HIGHEST GUST SPEED    MM   HIGHEST GUST DIRECTION    MM
  AVERAGE WIND SPEED    MM


SKY COVER
  POSSIBLE SUNSHINE  MM



RELATIVE HUMIDITY (PERCENT)
 HIGHEST    49          1100 PM
 LOWEST     28           400 PM
 AVERAGE    39

..........................................................


THE BALTIMORE INNER HARBOR MD CLIMATE NORMALS FOR TODAY
                         NORMAL
 MAXIMUM TEMPERATURE (F)   56
 MINIMUM TEMPERATURE (F)   41


SUNRISE AND SUNSET
NOVEMBER 21 2017......SUNRISE   657 AM EST   SUNSET   448 PM EST
NOVEMBER 22 2017......SUNRISE   658 AM EST   SUNSET   447 PM EST


-  INDICATES NEGATIVE NUMBERS.
R  INDICATES RECORD WAS SET OR TIED.
MM INDICATES DATA IS MISSING.
T  INDICATES TRACE AMOUNT.




$$
