000
CDUS41 KLWX 270527
CLIDMH


CLIMATE REPORT
NATIONAL WEATHER SERVICE BALTIMORE MD/WASHINGTON DC
1227 AM EST MON FEB 27 2017


...................................

...THE BALTIMORE INNER HARBOR MD CLIMATE SUMMARY FOR FEBRUARY 26 2017...

CLIMATE NORMAL PERIOD 1981 TO 2010
CLIMATE RECORD PERIOD 9999 TO 9999


WEATHER ITEM   OBSERVED TIME   RECORD YEAR NORMAL DEPARTURE LAST
                VALUE   (LST)  VALUE       VALUE  FROM      YEAR
                                                  NORMAL
..................................................................
TEMPERATURE (F)
 YESTERDAY
  MAXIMUM         47    226 PM  MM      MM  48     -1       39
  MINIMUM         37    908 AM  MM      MM  34      3       32
  AVERAGE         42                        41      1       36

PRECIPITATION (IN)
  YESTERDAY        0.00         MM      MM   0.09  -0.09     0.00
  MONTH TO DATE    1.11                      2.42  -1.31     5.32
  SINCE DEC 1      6.04                      8.75  -2.71    14.84
  SINCE JAN 1      3.70                      5.34  -1.64     8.60

DEGREE DAYS
 HEATING
  YESTERDAY       23                        24     -1       29
  MONTH TO DATE  469                       693   -224      687
  SINCE DEC 1   1917                      2390   -473     2038
  SINCE JUL 1   2426                      3041   -615     2566

 COOLING
  YESTERDAY        0                         0      0        0
  MONTH TO DATE    0                         0      0        0
  SINCE DEC 1      0                         0      0        3
  SINCE JAN 1      0                         0      0        0
..................................................................


WIND (MPH)
  HIGHEST WIND SPEED    MM   HIGHEST WIND DIRECTION    MM
  HIGHEST GUST SPEED    MM   HIGHEST GUST DIRECTION    MM
  AVERAGE WIND SPEED    MM


SKY COVER
  POSSIBLE SUNSHINE  MM



RELATIVE HUMIDITY (PERCENT)
 HIGHEST    48          1100 PM
 LOWEST     31           100 PM
 AVERAGE    40

..........................................................


THE BALTIMORE INNER HARBOR MD CLIMATE NORMALS FOR TODAY
                         NORMAL
 MAXIMUM TEMPERATURE (F)   48
 MINIMUM TEMPERATURE (F)   34


SUNRISE AND SUNSET
FEBRUARY 27 2017......SUNRISE   642 AM EST   SUNSET   557 PM EST
FEBRUARY 28 2017......SUNRISE   640 AM EST   SUNSET   558 PM EST


-  INDICATES NEGATIVE NUMBERS.
R  INDICATES RECORD WAS SET OR TIED.
MM INDICATES DATA IS MISSING.
T  INDICATES TRACE AMOUNT.




$$
