000
CDUS45 KEPZ 220927
CLIDMN


CLIMATE REPORT
NATIONAL WEATHER SERVICE EL PASO, TX
226 AM MST MON DEC 22 2014


...................................

...THE DEMING CLIMATE SUMMARY FOR DECEMBER 21 2014...

CLIMATE NORMAL PERIOD 1981 TO 2010
CLIMATE RECORD PERIOD 2000 TO 2014


WEATHER ITEM   OBSERVED TIME   NORMAL DEPARTURE LAST
                VALUE   (LST)  VALUE  FROM      YEAR
                                      NORMAL
......................................................
TEMPERATURE (F)
 YESTERDAY
  MAXIMUM         61    245 PM  55              46
  MINIMUM         31    725 AM  25              33
  AVERAGE         46            40      6       40

PRECIPITATION (IN)
  YESTERDAY        0.00          0.03  -0.03     0.02
  MONTH TO DATE    0.38          0.59  -0.21     0.37
  SINCE DEC 1      0.38          0.59  -0.21     0.37
  SINCE JAN 1      9.65         11.25  -1.60    10.01

......................................................


WIND (MPH)
  HIGHEST WIND SPEED    26   HIGHEST WIND DIRECTION     W (280)
  HIGHEST GUST SPEED    35   HIGHEST GUST DIRECTION    SW (240)
  AVERAGE WIND SPEED    13.1


SKY COVER
  AVERAGE SKY COVER 0.0


WEATHER CONDITIONS
 THE FOLLOWING WEATHER WAS RECORDED YESTERDAY.
  NO SIGNIFICANT WEATHER WAS OBSERVED.


RELATIVE HUMIDITY (PERCENT)
 HIGHEST    89           100 AM
 LOWEST     26           200 PM
 AVERAGE    58

..........................................................


THE DEMING CLIMATE NORMALS FOR TODAY
                         NORMAL
 MAXIMUM TEMPERATURE (F)   55
 MINIMUM TEMPERATURE (F)   25


SUNRISE AND SUNSET
DECEMBER 22 2014......SUNRISE   708 AM MST   SUNSET   511 PM MST
DECEMBER 23 2014......SUNRISE   709 AM MST   SUNSET   511 PM MST


-  INDICATES NEGATIVE NUMBERS.
R  INDICATES RECORD WAS SET OR TIED.
MM INDICATES DATA IS MISSING.
T  INDICATES TRACE AMOUNT.




$$
