000
CDUS45 KEPZ 292327
CLIDMN


CLIMATE REPORT
NATIONAL WEATHER SERVICE EL PASO, TX
526 PM MDT THU SEP 29 2016


...................................

...THE DEMING CLIMATE SUMMARY FOR SEPTEMBER 29 2016...
VALID TODAY AS OF 500 PM LOCAL TIME.

CLIMATE NORMAL PERIOD 1981 TO 2010
CLIMATE RECORD PERIOD 2000 TO 2016


WEATHER ITEM   OBSERVED TIME   NORMAL DEPARTURE LAST
                VALUE   (LST)  VALUE  FROM      YEAR
                                      NORMAL
......................................................
TEMPERATURE (F)
 TODAY
  MAXIMUM         84    232 PM  84      0       95
  MINIMUM         61    559 AM  53      8       59

PRECIPITATION (IN)
  TODAY            0.00          0.04  -0.04     0.00
  MONTH TO DATE    0.66          1.26  -0.60     0.45
  SINCE SEP 1      0.66          1.26  -0.60     0.45
  SINCE JAN 1      6.06          8.85  -2.79     8.95

......................................................


WIND (MPH)
  HIGHEST WIND SPEED    20   HIGHEST WIND DIRECTION    SE (130)
  HIGHEST GUST SPEED    25   HIGHEST GUST DIRECTION    SE (130)


SKY COVER
  AVERAGE SKY COVER 0.3


WEATHER CONDITIONS
 THE FOLLOWING WEATHER WAS RECORDED TODAY.
  NO SIGNIFICANT WEATHER WAS OBSERVED.


RELATIVE HUMIDITY (PERCENT)
 HIGHEST    78           500 AM
 LOWEST     37           300 PM
 AVERAGE    58

..........................................................


THE DEMING CLIMATE NORMALS FOR TOMORROW
                         NORMAL
 MAXIMUM TEMPERATURE (F)   84
 MINIMUM TEMPERATURE (F)   53


SUNRISE AND SUNSET
SEPTEMBER 29 2016.....SUNRISE   704 AM MDT   SUNSET   657 PM MDT
SEPTEMBER 30 2016.....SUNRISE   704 AM MDT   SUNSET   656 PM MDT


-  INDICATES NEGATIVE NUMBERS.
R  INDICATES RECORD WAS SET OR TIED.
MM INDICATES DATA IS MISSING.
T  INDICATES TRACE AMOUNT.




$$
