000
CDUS45 KEPZ 020927
CLIDMN


CLIMATE REPORT
NATIONAL WEATHER SERVICE EL PASO, TX
327 AM MDT TUE JUN 2 2015


...................................

...THE DEMING CLIMATE SUMMARY FOR JUNE 1 2015...

CLIMATE NORMAL PERIOD 1981 TO 2010
CLIMATE RECORD PERIOD 2000 TO 2015


WEATHER ITEM   OBSERVED TIME   NORMAL DEPARTURE LAST
                VALUE   (LST)  VALUE  FROM      YEAR
                                      NORMAL
......................................................
TEMPERATURE (F)
 YESTERDAY
  MAXIMUM         96    116 PM  92              99
  MINIMUM         56    441 AM  56              63
  AVERAGE         76            74      2       81

PRECIPITATION (IN)
  YESTERDAY        T             0.00   0.00     0.00
  MONTH TO DATE    T             0.00   0.00     0.00
  SINCE JUN 1      T             0.00   0.00     0.00
  SINCE JAN 1      2.63          2.41   0.22     0.57

......................................................


WIND (MPH)
  HIGHEST WIND SPEED    20   HIGHEST WIND DIRECTION    SW (210)
  HIGHEST GUST SPEED    26   HIGHEST GUST DIRECTION    SW (210)
  AVERAGE WIND SPEED     5.7


SKY COVER
  AVERAGE SKY COVER 0.1


WEATHER CONDITIONS
 THE FOLLOWING WEATHER WAS RECORDED YESTERDAY.
  THUNDERSTORM
  LIGHT RAIN


RELATIVE HUMIDITY (PERCENT)
 HIGHEST    51           400 AM
 LOWEST     13           100 PM
 AVERAGE    32

..........................................................


THE DEMING CLIMATE NORMALS FOR TODAY
                         NORMAL
 MAXIMUM TEMPERATURE (F)   92
 MINIMUM TEMPERATURE (F)   56


SUNRISE AND SUNSET
JUNE  2 2015..........SUNRISE   605 AM MDT   SUNSET   813 PM MDT
JUNE  3 2015..........SUNRISE   604 AM MDT   SUNSET   814 PM MDT


-  INDICATES NEGATIVE NUMBERS.
R  INDICATES RECORD WAS SET OR TIED.
MM INDICATES DATA IS MISSING.
T  INDICATES TRACE AMOUNT.




$$
