000
CDUS45 KEPZ 170940
CLIDMN


CLIMATE REPORT
NATIONAL WEATHER SERVICE EL PASO, TX
239 AM MST SUN DEC 17 2017


...................................

...THE DEMING CLIMATE SUMMARY FOR DECEMBER 16 2017...

CLIMATE NORMAL PERIOD 1981 TO 2010
CLIMATE RECORD PERIOD 2000 TO 2017


WEATHER ITEM   OBSERVED TIME   NORMAL DEPARTURE LAST
                VALUE   (LST)  VALUE  FROM      YEAR
                                      NORMAL
......................................................
TEMPERATURE (F)
 YESTERDAY
  MAXIMUM         54    336 PM  56              72
  MINIMUM         16    636 AM  26              41
  AVERAGE         35            41     -6       57

PRECIPITATION (IN)
  YESTERDAY        0.00          0.02  -0.02     0.00
  MONTH TO DATE    T             0.48  -0.48     0.26
  SINCE DEC 1      T             0.48  -0.48     0.26
  SINCE JAN 1      9.69         11.14  -1.45     6.49

......................................................


WIND (MPH)
  HIGHEST WIND SPEED    12   HIGHEST WIND DIRECTION    SW (220)
  HIGHEST GUST SPEED    16   HIGHEST GUST DIRECTION    SW (210)
  AVERAGE WIND SPEED     4.8


SKY COVER
  AVERAGE SKY COVER 0.0


WEATHER CONDITIONS
 THE FOLLOWING WEATHER WAS RECORDED YESTERDAY.
  NO SIGNIFICANT WEATHER WAS OBSERVED.


RELATIVE HUMIDITY (PERCENT)
 HIGHEST    67           400 AM
 LOWEST     29           200 PM
 AVERAGE    48

..........................................................


THE DEMING CLIMATE NORMALS FOR TODAY
                         NORMAL
 MAXIMUM TEMPERATURE (F)   56
 MINIMUM TEMPERATURE (F)   26


SUNRISE AND SUNSET
DECEMBER 17 2017......SUNRISE   706 AM MST   SUNSET   508 PM MST
DECEMBER 18 2017......SUNRISE   706 AM MST   SUNSET   509 PM MST


-  INDICATES NEGATIVE NUMBERS.
R  INDICATES RECORD WAS SET OR TIED.
MM INDICATES DATA IS MISSING.
T  INDICATES TRACE AMOUNT.




$$
