000
CDUS43 KEAX 220632
CLIDMO


CLIMATE REPORT
NATIONAL WEATHER SERVICE KANSAS CITY/PLEASANT HILL MO
132 AM CDT TUE JUL 22 2014


...................................

...THE SEDALIA MO CLIMATE SUMMARY FOR JULY 21 2014...

CLIMATE NORMAL PERIOD 1981 TO 2010
CLIMATE RECORD PERIOD 9999 TO 9999


WEATHER ITEM   OBSERVED TIME   NORMAL DEPARTURE LAST
                VALUE   (LST)  VALUE  FROM      YEAR
                                      NORMAL
......................................................
TEMPERATURE (F)
 YESTERDAY
  MAXIMUM         91    220 PM  90      1       87
  MINIMUM         67    536 AM  69     -2       70
  AVERAGE         79            79      0       79

PRECIPITATION (IN)
  YESTERDAY        0.00          0.14  -0.14     0.05
  MONTH TO DATE    0.54          3.08  -2.54     0.93
  SINCE JUN 1      6.65          8.17  -1.52     3.34
  SINCE JAN 1     18.02         23.32  -5.30    26.34

DEGREE DAYS
 HEATING
  YESTERDAY        0             0      0        0
  MONTH TO DATE    0             0      0        0
  SINCE JUN 1      0             6     -6        9
  SINCE JUL 1      0             0      0        0

 COOLING
  YESTERDAY       14            14      0       14
  MONTH TO DATE  185           291   -106      286
  SINCE JUN 1    497           595    -98      593
  SINCE JAN 1    692           734    -42      741
......................................................


WIND (MPH)
  HIGHEST WIND SPEED    16   HIGHEST WIND DIRECTION     S (180)
  HIGHEST GUST SPEED    20   HIGHEST GUST DIRECTION     S (170)
  AVERAGE WIND SPEED     9.4


SKY COVER
  AVERAGE SKY COVER 0.1


WEATHER CONDITIONS
 THE FOLLOWING WEATHER WAS RECORDED YESTERDAY.
  FOG
  HAZE


RELATIVE HUMIDITY (PERCENT)
 HIGHEST    87           400 AM
 LOWEST     59           100 PM
 AVERAGE    73

..........................................................


THE SEDALIA MO CLIMATE NORMALS FOR TODAY
                         NORMAL
 MAXIMUM TEMPERATURE (F)   90
 MINIMUM TEMPERATURE (F)   69


SUNRISE AND SUNSET
JULY 22 2014..........SUNRISE   605 AM CDT   SUNSET   832 PM CDT
JULY 23 2014..........SUNRISE   606 AM CDT   SUNSET   831 PM CDT


-  INDICATES NEGATIVE NUMBERS.
R  INDICATES RECORD WAS SET OR TIED.
MM INDICATES DATA IS MISSING.
T  INDICATES TRACE AMOUNT.




$$
