000
CDUS43 KEAX 250032
CLIDMO


CLIMATE REPORT
NATIONAL WEATHER SERVICE KANSAS CITY/PLEASANT HILL MO
732 PM CDT MON APR 24 2017


...................................

...THE SEDALIA MO CLIMATE SUMMARY FOR APRIL 24 2017...
VALID TODAY AS OF 0700 PM LOCAL TIME.

CLIMATE NORMAL PERIOD 1981 TO 2010
CLIMATE RECORD PERIOD 9999 TO 9999


WEATHER ITEM   OBSERVED TIME   NORMAL DEPARTURE LAST
                VALUE   (LST)  VALUE  FROM      YEAR
                                      NORMAL
......................................................
TEMPERATURE (F)
 TODAY
  MAXIMUM         79    338 PM  70      9       80
  MINIMUM         42    539 AM  49     -7       59
  AVERAGE         61            59      2       70

PRECIPITATION (IN)
  TODAY            0.00          0.17  -0.17     0.00
  MONTH TO DATE    2.61          3.11  -0.50     1.19
  SINCE MAR 1      5.91          5.72   0.19     2.88
  SINCE JAN 1      7.33          9.32  -1.99     4.03

DEGREE DAYS
 HEATING
  TODAY            4             7     -3        0
  MONTH TO DATE  145           244    -99      180
  SINCE MAR 1    599           829   -230      567
  SINCE JUL 1   3482          4446   -964     3555

 COOLING
  TODAY            0             1     -1        5
  MONTH TO DATE   38            23     15       12
  SINCE MAR 1     46            26     20       16
  SINCE JAN 1     46            26     20       16
......................................................


WIND (MPH)
  HIGHEST WIND SPEED    24   HIGHEST WIND DIRECTION     S (160)
  HIGHEST GUST SPEED    31   HIGHEST GUST DIRECTION     S (170)
  AVERAGE WIND SPEED    16.3


SKY COVER
  AVERAGE SKY COVER 0.0


WEATHER CONDITIONS
 THE FOLLOWING WEATHER WAS RECORDED TODAY.
  NO SIGNIFICANT WEATHER WAS OBSERVED.


RELATIVE HUMIDITY (PERCENT)
 HIGHEST    57           800 AM
 LOWEST     17           400 PM
 AVERAGE    37

..........................................................


THE SEDALIA MO CLIMATE NORMALS FOR TOMORROW
                         NORMAL
 MAXIMUM TEMPERATURE (F)   70
 MINIMUM TEMPERATURE (F)   49


SUNRISE AND SUNSET
APRIL 24 2017.........SUNRISE   623 AM CDT   SUNSET   758 PM CDT
APRIL 25 2017.........SUNRISE   622 AM CDT   SUNSET   759 PM CDT


-  INDICATES NEGATIVE NUMBERS.
R  INDICATES RECORD WAS SET OR TIED.
MM INDICATES DATA IS MISSING.
T  INDICATES TRACE AMOUNT.




$$
