204
CDUS43 KEAX 280044
CLIDMO


CLIMATE REPORT
NATIONAL WEATHER SERVICE KANSAS CITY/PLEASANT HILL MO
743 PM CDT SAT MAY 27 2017


...................................

...THE SEDALIA MO CLIMATE SUMMARY FOR MAY 27 2017...
VALID TODAY AS OF 0700 PM LOCAL TIME.

CLIMATE NORMAL PERIOD 1981 TO 2010
CLIMATE RECORD PERIOD 9999 TO 9999


WEATHER ITEM   OBSERVED TIME   NORMAL DEPARTURE LAST
                VALUE   (LST)  VALUE  FROM      YEAR
                                      NORMAL
......................................................
TEMPERATURE (F)
 TODAY
  MAXIMUM         83   1039 AM  79      4       83
  MINIMUM         62    116 PM  59      3       65
  AVERAGE         73            69      4       74

PRECIPITATION (IN)
  TODAY            0.51          0.14   0.37      T
  MONTH TO DATE    3.58          4.10  -0.52     4.25
  SINCE MAR 1     14.37         10.96   3.41     7.85
  SINCE JAN 1     15.79         14.56   1.23     9.00

DEGREE DAYS
 HEATING
  TODAY            0             1     -1        0
  MONTH TO DATE   72            79     -7      110
  SINCE MAR 1    721           944   -223      692
  SINCE JUL 1   3604          4561   -957     3680

 COOLING
  TODAY            8             5      3        9
  MONTH TO DATE   93            81     12       64
  SINCE MAR 1    143           115     28       88
  SINCE JAN 1    143           115     28       88
......................................................


WIND (MPH)
  HIGHEST WIND SPEED    28   HIGHEST WIND DIRECTION    NW (300)
  HIGHEST GUST SPEED    43   HIGHEST GUST DIRECTION     W (290)
  AVERAGE WIND SPEED     7.5


SKY COVER
  AVERAGE SKY COVER 0.4


WEATHER CONDITIONS
 THE FOLLOWING WEATHER WAS RECORDED TODAY.
  THUNDERSTORM
  HEAVY RAIN
  LIGHT RAIN
  FOG
  FOG W/VISIBILITY <= 1/4 MILE


RELATIVE HUMIDITY (PERCENT)
 HIGHEST   100          1200 AM
 LOWEST     69          1100 AM
 AVERAGE    85

..........................................................


THE SEDALIA MO CLIMATE NORMALS FOR TOMORROW
                         NORMAL
 MAXIMUM TEMPERATURE (F)   80
 MINIMUM TEMPERATURE (F)   59


SUNRISE AND SUNSET
MAY 27 2017...........SUNRISE   552 AM CDT   SUNSET   828 PM CDT
MAY 28 2017...........SUNRISE   551 AM CDT   SUNSET   829 PM CDT


-  INDICATES NEGATIVE NUMBERS.
R  INDICATES RECORD WAS SET OR TIED.
MM INDICATES DATA IS MISSING.
T  INDICATES TRACE AMOUNT.




$$
