000
CDUS43 KEAX 271243
CLIDMO


CLIMATE REPORT
NATIONAL WEATHER SERVICE KANSAS CITY/PLEASANT HILL MO
642 AM CST TUE JAN 27 2015


...................................

...THE SEDALIA MO CLIMATE SUMMARY FOR JANUARY 27 2015...
VALID AS OF 0600 AM LOCAL TIME.

CLIMATE NORMAL PERIOD 1981 TO 2010
CLIMATE RECORD PERIOD 9999 TO 9999


WEATHER ITEM   OBSERVED TIME   NORMAL DEPARTURE LAST
                VALUE   (LST)  VALUE  FROM      YEAR
                                      NORMAL
......................................................
TEMPERATURE (F)
 TODAY
  MAXIMUM         43   1205 AM  41      2       22
  MINIMUM         35    559 AM  24     11        7
  AVERAGE         39            32      7       15

PRECIPITATION (IN)
  TODAY            0.00          0.06  -0.06     0.00
  MONTH TO DATE    0.52          1.43  -0.91     0.22
  SINCE DEC 1      2.46          3.75  -1.29     1.85
  SINCE JAN 1      0.52          1.43  -0.91     0.22

DEGREE DAYS
 HEATING
  TODAY           26            33     -7       50
  MONTH TO DATE  882           908    -26     1023
  SINCE DEC 1   1722          1844   -122     2048
  SINCE JUL 1   2707          2689     18     2997

 COOLING
  TODAY            0             0      0        0
  MONTH TO DATE    0             0      0        0
  SINCE DEC 1      0             0      0        0
  SINCE JAN 1      0             0      0        0
......................................................


WIND (MPH)
  HIGHEST WIND SPEED    12   HIGHEST WIND DIRECTION    NW (320)
  HIGHEST GUST SPEED    14   HIGHEST GUST DIRECTION    NW (330)
  AVERAGE WIND SPEED     8.1


SKY COVER
  AVERAGE SKY COVER 0.0


WEATHER CONDITIONS
 THE FOLLOWING WEATHER WAS RECORDED TODAY.
  NO SIGNIFICANT WEATHER WAS OBSERVED.


RELATIVE HUMIDITY (PERCENT)
 HIGHEST    82           400 AM
 LOWEST     67          1200 AM
 AVERAGE    75

..........................................................


THE SEDALIA MO CLIMATE NORMALS FOR TOMORROW
                         NORMAL
 MAXIMUM TEMPERATURE (F)   41
 MINIMUM TEMPERATURE (F)   24


SUNRISE AND SUNSET
JANUARY 27 2015.......SUNRISE   722 AM CST   SUNSET   528 PM CST
JANUARY 28 2015.......SUNRISE   722 AM CST   SUNSET   529 PM CST


-  INDICATES NEGATIVE NUMBERS.
R  INDICATES RECORD WAS SET OR TIED.
MM INDICATES DATA IS MISSING.
T  INDICATES TRACE AMOUNT.




$$
