000
CDUS43 KEAX 271237
CLIDMO


CLIMATE REPORT
NATIONAL WEATHER SERVICE KANSAS CITY/PLEASANT HILL MO
637 AM CST THU NOV 27 2014


...................................

...THE SEDALIA MO CLIMATE SUMMARY FOR NOVEMBER 27 2014...
VALID AS OF 0600 AM LOCAL TIME.

CLIMATE NORMAL PERIOD 1981 TO 2010
CLIMATE RECORD PERIOD 9999 TO 9999


WEATHER ITEM   OBSERVED TIME   NORMAL DEPARTURE LAST
                VALUE   (LST)  VALUE  FROM      YEAR
                                      NORMAL
......................................................
TEMPERATURE (F)
 TODAY
  MAXIMUM         32   1217 AM  50    -18       32
  MINIMUM         28    559 AM  33     -5       16
  AVERAGE         30            41    -11       24

PRECIPITATION (IN)
  TODAY            0.00          0.10  -0.10     0.00
  MONTH TO DATE    1.30          2.80  -1.50     2.04
  SINCE SEP 1     11.76         10.55   1.21     9.15
  SINCE JAN 1     33.33         38.49  -5.16    39.06

DEGREE DAYS
 HEATING
  TODAY           35            24     11       41
  MONTH TO DATE  701           479    222      576
  SINCE SEP 1    940           769    171      874
  SINCE JUL 1    940           770    170      874

 COOLING
  TODAY            0             0      0        0
  MONTH TO DATE    0             0      0        0
  SINCE SEP 1    192           202    -10      270
  SINCE JAN 1   1409          1487    -78     1485
......................................................


WIND (MPH)
  HIGHEST WIND SPEED    20   HIGHEST WIND DIRECTION    NW (310)
  HIGHEST GUST SPEED    24   HIGHEST GUST DIRECTION    NW (300)
  AVERAGE WIND SPEED    14.0


SKY COVER
  AVERAGE SKY COVER 1.0


WEATHER CONDITIONS
 THE FOLLOWING WEATHER WAS RECORDED TODAY.
  NO SIGNIFICANT WEATHER WAS OBSERVED.


RELATIVE HUMIDITY (PERCENT)
 HIGHEST    85          1200 AM
 LOWEST     69           300 AM
 AVERAGE    77

..........................................................


THE SEDALIA MO CLIMATE NORMALS FOR TOMORROW
                         NORMAL
 MAXIMUM TEMPERATURE (F)   50
 MINIMUM TEMPERATURE (F)   32


SUNRISE AND SUNSET
NOVEMBER 27 2014......SUNRISE   707 AM CST   SUNSET   452 PM CST
NOVEMBER 28 2014......SUNRISE   708 AM CST   SUNSET   452 PM CST


-  INDICATES NEGATIVE NUMBERS.
R  INDICATES RECORD WAS SET OR TIED.
MM INDICATES DATA IS MISSING.
T  INDICATES TRACE AMOUNT.




$$
