000
CDUS43 KEAX 210640
CLIDMO


CLIMATE REPORT
NATIONAL WEATHER SERVICE KANSAS CITY/PLEASANT HILL MO
1240 AM CST TUE FEB 21 2017


...................................

...THE SEDALIA MO CLIMATE SUMMARY FOR FEBRUARY 20 2017...

CLIMATE NORMAL PERIOD 1981 TO 2010
CLIMATE RECORD PERIOD 9999 TO 9999


WEATHER ITEM   OBSERVED TIME   NORMAL DEPARTURE LAST
                VALUE   (LST)  VALUE  FROM      YEAR
                                      NORMAL
......................................................
TEMPERATURE (F)
 YESTERDAY
  MAXIMUM         73    157 PM  47     26       76
  MINIMUM         57   1049 PM  28     29       46
  AVERAGE         65            38     27       61

PRECIPITATION (IN)
  YESTERDAY        0.01          0.07  -0.06     0.00
  MONTH TO DATE    0.01          1.40  -1.39     0.24
  SINCE DEC 1      1.78          5.39  -3.61     6.35
  SINCE JAN 1      1.00          3.07  -2.07     1.15

DEGREE DAYS
 HEATING
  YESTERDAY        0            27    -27        4
  MONTH TO DATE  397           597   -200      523
  SINCE DEC 1   2270          2567   -297     2161
  SINCE JUL 1   2777          3412   -635     2806

 COOLING
  YESTERDAY        0             0      0        0
  MONTH TO DATE    0             0      0        0
  SINCE DEC 1      0             0      0        0
  SINCE JAN 1      0             0      0        0
......................................................


WIND (MPH)
  HIGHEST WIND SPEED    28   HIGHEST WIND DIRECTION     S (170)
  HIGHEST GUST SPEED    36   HIGHEST GUST DIRECTION     S (170)
  AVERAGE WIND SPEED    13.1


SKY COVER
  AVERAGE SKY COVER 0.5


WEATHER CONDITIONS
 THE FOLLOWING WEATHER WAS RECORDED YESTERDAY.
  LIGHT RAIN


RELATIVE HUMIDITY (PERCENT)
 HIGHEST    93          1100 PM
 LOWEST     57           200 PM
 AVERAGE    75

..........................................................


THE SEDALIA MO CLIMATE NORMALS FOR TODAY
                         NORMAL
 MAXIMUM TEMPERATURE (F)   48
 MINIMUM TEMPERATURE (F)   28


SUNRISE AND SUNSET
FEBRUARY 21 2017......SUNRISE   655 AM CST   SUNSET   557 PM CST
FEBRUARY 22 2017......SUNRISE   654 AM CST   SUNSET   558 PM CST


-  INDICATES NEGATIVE NUMBERS.
R  INDICATES RECORD WAS SET OR TIED.
MM INDICATES DATA IS MISSING.
T  INDICATES TRACE AMOUNT.




$$
