000
CDUS43 KEAX 290647
CLIDMO


CLIMATE REPORT
NATIONAL WEATHER SERVICE KANSAS CITY/PLEASANT HILL MO
147 AM CDT FRI APR 29 2016


...................................

...THE SEDALIA MO CLIMATE SUMMARY FOR APRIL 28 2016...

CLIMATE NORMAL PERIOD 1981 TO 2010
CLIMATE RECORD PERIOD 9999 TO 9999


WEATHER ITEM   OBSERVED TIME   NORMAL DEPARTURE LAST
                VALUE   (LST)  VALUE  FROM      YEAR
                                      NORMAL
......................................................
TEMPERATURE (F)
 YESTERDAY
  MAXIMUM         66    345 PM  71     -5       73
  MINIMUM         49    631 AM  50     -1       44
  AVERAGE         58            60     -2       59

PRECIPITATION (IN)
  YESTERDAY        0.00          0.19  -0.19     0.00
  MONTH TO DATE    1.47          3.85  -2.38     3.82
  SINCE MAR 1      3.16          6.46  -3.30     4.95
  SINCE JAN 1      4.31         10.06  -5.75     7.03

DEGREE DAYS
 HEATING
  YESTERDAY        7             6      1        6
  MONTH TO DATE  187           269    -82      181
  SINCE MAR 1    574           854   -280      721
  SINCE JUL 1   3562          4471   -909     4569

 COOLING
  YESTERDAY        0             1     -1        0
  MONTH TO DATE   19            27     -8       16
  SINCE MAR 1     23            30     -7       17
  SINCE JAN 1     23            30     -7       17
......................................................


WIND (MPH)
  HIGHEST WIND SPEED    16   HIGHEST WIND DIRECTION     W (260)
  HIGHEST GUST SPEED    23   HIGHEST GUST DIRECTION     W (260)
  AVERAGE WIND SPEED     9.1


SKY COVER
  AVERAGE SKY COVER 0.2


WEATHER CONDITIONS
 THE FOLLOWING WEATHER WAS RECORDED YESTERDAY.
  NO SIGNIFICANT WEATHER WAS OBSERVED.


RELATIVE HUMIDITY (PERCENT)
 HIGHEST    89           100 AM
 LOWEST     63           300 PM
 AVERAGE    76

..........................................................


THE SEDALIA MO CLIMATE NORMALS FOR TODAY
                         NORMAL
 MAXIMUM TEMPERATURE (F)   71
 MINIMUM TEMPERATURE (F)   50


SUNRISE AND SUNSET
APRIL 29 2016.........SUNRISE   617 AM CDT   SUNSET   803 PM CDT
APRIL 30 2016.........SUNRISE   616 AM CDT   SUNSET   804 PM CDT


-  INDICATES NEGATIVE NUMBERS.
R  INDICATES RECORD WAS SET OR TIED.
MM INDICATES DATA IS MISSING.
T  INDICATES TRACE AMOUNT.




$$
