000
CDUS43 KEAX 250032
CLIDMO


CLIMATE REPORT
NATIONAL WEATHER SERVICE KANSAS CITY/PLEASANT HILL MO
732 PM CDT THU APR 24 2014


...................................

...THE SEDALIA MO CLIMATE SUMMARY FOR APRIL 24 2014...
VALID TODAY AS OF 0700 PM LOCAL TIME.

CLIMATE NORMAL PERIOD 1981 TO 2010
CLIMATE RECORD PERIOD 9999 TO 9999


WEATHER ITEM   OBSERVED TIME   NORMAL DEPARTURE LAST
                VALUE   (LST)  VALUE  FROM      YEAR
                                      NORMAL
......................................................
TEMPERATURE (F)
 TODAY
  MAXIMUM         74    121 PM  70      4       52
  MINIMUM         57    559 PM  49      8       34
  AVERAGE         66            59      7       43

PRECIPITATION (IN)
  TODAY            0.58          0.17   0.41     0.08
  MONTH TO DATE    6.03          3.11   2.92     5.45
  SINCE MAR 1      6.96          5.72   1.24     7.85
  SINCE JAN 1      7.74          9.32  -1.58    13.12

DEGREE DAYS
 HEATING
  TODAY            0             7     -7       22
  MONTH TO DATE  247           244      3      314
  SINCE MAR 1    941           829    112     1117
  SINCE JUL 1   5160          4446    714     4555

 COOLING
  TODAY            1             1      0        0
  MONTH TO DATE   11            23    -12       12
  SINCE MAR 1     11            26    -15       12
  SINCE JAN 1     11            26    -15       13
......................................................


WIND (MPH)
  HIGHEST WIND SPEED    32   HIGHEST WIND DIRECTION     W (260)
  HIGHEST GUST SPEED    47   HIGHEST GUST DIRECTION     W (260)
  AVERAGE WIND SPEED    14.8


SKY COVER
  AVERAGE SKY COVER 0.4


WEATHER CONDITIONS
 THE FOLLOWING WEATHER WAS RECORDED TODAY.
  THUNDERSTORM
  HEAVY RAIN
  RAIN
  LIGHT RAIN
  FOG


RELATIVE HUMIDITY (PERCENT)
 HIGHEST    86           600 PM
 LOWEST     37          1200 AM
 AVERAGE    62

..........................................................


THE SEDALIA MO CLIMATE NORMALS FOR TOMORROW
                         NORMAL
 MAXIMUM TEMPERATURE (F)   70
 MINIMUM TEMPERATURE (F)   49


SUNRISE AND SUNSET
APRIL 24 2014.........SUNRISE   624 AM CDT   SUNSET   758 PM CDT
APRIL 25 2014.........SUNRISE   622 AM CDT   SUNSET   759 PM CDT


-  INDICATES NEGATIVE NUMBERS.
R  INDICATES RECORD WAS SET OR TIED.
MM INDICATES DATA IS MISSING.
T  INDICATES TRACE AMOUNT.




$$
