000
CDUS43 KEAX 280639
CLIDMO


CLIMATE REPORT
NATIONAL WEATHER SERVICE KANSAS CITY/PLEASANT HILL MO
137 AM CDT THU MAY 28 2015


...................................

...THE SEDALIA MO CLIMATE SUMMARY FOR MAY 27 2015...

CLIMATE NORMAL PERIOD 1981 TO 2010
CLIMATE RECORD PERIOD 9999 TO 9999


WEATHER ITEM   OBSERVED TIME   NORMAL DEPARTURE LAST
                VALUE   (LST)  VALUE  FROM      YEAR
                                      NORMAL
......................................................
TEMPERATURE (F)
 YESTERDAY
  MAXIMUM         83    415 PM  79      4       81
  MINIMUM         64    541 AM  59      5       65
  AVERAGE         74            69      5       73

PRECIPITATION (IN)
  YESTERDAY        0.00          0.14  -0.14     0.84
  MONTH TO DATE    6.02          4.10   1.92     2.65
  SINCE MAR 1     10.97         10.96   0.01    10.42
  SINCE JAN 1     13.05         14.56  -1.51    11.36

DEGREE DAYS
 HEATING
  YESTERDAY        0             1     -1        0
  MONTH TO DATE   61            79    -18      101
  SINCE MAR 1    788           944   -156     1082
  SINCE JUL 1   4636          4561     75     5301

 COOLING
  YESTERDAY        9             5      4        8
  MONTH TO DATE   98            81     17      136
  SINCE MAR 1    115           115      0      150
  SINCE JAN 1    115           115      0      150
......................................................


WIND (MPH)
  HIGHEST WIND SPEED    13   HIGHEST WIND DIRECTION    SW (220)
  HIGHEST GUST SPEED    16   HIGHEST GUST DIRECTION    SW (220)
  AVERAGE WIND SPEED     4.8


SKY COVER
  AVERAGE SKY COVER 0.1


WEATHER CONDITIONS
 THE FOLLOWING WEATHER WAS RECORDED YESTERDAY.
  NO SIGNIFICANT WEATHER WAS OBSERVED.


RELATIVE HUMIDITY (PERCENT)
 HIGHEST    87           300 AM
 LOWEST     37           400 PM
 AVERAGE    62

..........................................................


THE SEDALIA MO CLIMATE NORMALS FOR TODAY
                         NORMAL
 MAXIMUM TEMPERATURE (F)   80
 MINIMUM TEMPERATURE (F)   59


SUNRISE AND SUNSET
MAY 28 2015...........SUNRISE   551 AM CDT   SUNSET   828 PM CDT
MAY 29 2015...........SUNRISE   551 AM CDT   SUNSET   829 PM CDT


-  INDICATES NEGATIVE NUMBERS.
R  INDICATES RECORD WAS SET OR TIED.
MM INDICATES DATA IS MISSING.
T  INDICATES TRACE AMOUNT.




$$
