000
CDUS43 KEAX 220635
CLIDMO


CLIMATE REPORT
NATIONAL WEATHER SERVICE KANSAS CITY/PLEASANT HILL MO
1233 AM CST MON JAN 22 2018


...................................

...THE SEDALIA MO CLIMATE SUMMARY FOR JANUARY 21 2018...

CLIMATE NORMAL PERIOD 1981 TO 2010
CLIMATE RECORD PERIOD 9999 TO 9999


WEATHER ITEM   OBSERVED TIME   NORMAL DEPARTURE LAST
                VALUE   (LST)  VALUE  FROM      YEAR
                                      NORMAL
......................................................
TEMPERATURE (F)
 YESTERDAY
  MAXIMUM         71    309 PM  40     31       60
  MINIMUM         45    757 AM  23     22       42
  AVERAGE         58            32     26       51

PRECIPITATION (IN)
  YESTERDAY        0.17          0.05   0.12     0.01
  MONTH TO DATE    0.91          1.09  -0.18     0.69
  SINCE DEC 1      1.22          3.41  -2.19     1.47
  SINCE JAN 1      0.91          1.09  -0.18     0.69

DEGREE DAYS
 HEATING
  YESTERDAY        7            33    -26       14
  MONTH TO DATE  811           710    101      640
  SINCE DEC 1   1727          1646     81     1625
  SINCE JUL 1   2484          2491     -7     2132

 COOLING
  YESTERDAY        0             0      0        0
  MONTH TO DATE    0             0      0        0
  SINCE DEC 1      0             0      0        0
  SINCE JAN 1      0             0      0        0
......................................................


WIND (MPH)
  HIGHEST WIND SPEED    28   HIGHEST WIND DIRECTION     S (200)
  HIGHEST GUST SPEED    36   HIGHEST GUST DIRECTION     S (200)
  AVERAGE WIND SPEED    12.7


SKY COVER
  AVERAGE SKY COVER 0.5


WEATHER CONDITIONS
 THE FOLLOWING WEATHER WAS RECORDED YESTERDAY.
  RAIN
  LIGHT RAIN
  FOG


RELATIVE HUMIDITY (PERCENT)
 HIGHEST   100           600 AM
 LOWEST     53           300 PM
 AVERAGE    77

..........................................................


THE SEDALIA MO CLIMATE NORMALS FOR TODAY
                         NORMAL
 MAXIMUM TEMPERATURE (F)   40
 MINIMUM TEMPERATURE (F)   23


SUNRISE AND SUNSET
JANUARY 22 2018.......SUNRISE   726 AM CST   SUNSET   523 PM CST
JANUARY 23 2018.......SUNRISE   725 AM CST   SUNSET   524 PM CST


-  INDICATES NEGATIVE NUMBERS.
R  INDICATES RECORD WAS SET OR TIED.
MM INDICATES DATA IS MISSING.
T  INDICATES TRACE AMOUNT.




$$
