000
CDUS42 KCAE 220532
CLIDNL


CLIMATE REPORT
NATIONAL WEATHER SERVICE COLUMBIA SC
1231 AM EST SUN JAN 22 2017


...................................

...THE AUGUSTA DANIEL FIELD GA CLIMATE SUMMARY FOR JANUARY 21 2017...

CLIMATE NORMAL PERIOD 1981 TO 2010
CLIMATE RECORD PERIOD 9999 TO 9999


WEATHER ITEM   OBSERVED TIME   NORMAL DEPARTURE LAST
                VALUE   (LST)  VALUE  FROM      YEAR
                                      NORMAL
......................................................
TEMPERATURE (F)
 YESTERDAY
  MAXIMUM         67    432 PM  56     11       50
  MINIMUM         61   1159 PM  38     23       38
  AVERAGE         64            47     17       44

PRECIPITATION (IN)
  YESTERDAY        0.79          0.14   0.65     0.07
  MONTH TO DATE    7.85          2.61   5.24     0.94
  SINCE DEC 1     12.06          6.23   5.83     6.42
  SINCE JAN 1      7.85          2.61   5.24     0.94

DEGREE DAYS
 HEATING
  YESTERDAY        1            18    -17       21
  MONTH TO DATE  174           393   -219      407
  SINCE DEC 1    569           898   -329      570
  SINCE JUL 1    738          1232   -494      761

 COOLING
  YESTERDAY        0             0      0        0
  MONTH TO DATE   15             0     15        0
  SINCE DEC 1     19             5     14       64
  SINCE JAN 1     15             0     15        0
......................................................


WIND (MPH)
  HIGHEST WIND SPEED    21   HIGHEST WIND DIRECTION     S (170)
  HIGHEST GUST SPEED    28   HIGHEST GUST DIRECTION     S (170)
  AVERAGE WIND SPEED     5.8


SKY COVER
  AVERAGE SKY COVER 0.8


WEATHER CONDITIONS
 THE FOLLOWING WEATHER WAS RECORDED YESTERDAY.
  THUNDERSTORM
  HEAVY RAIN
  RAIN
  LIGHT RAIN
  FOG
  FOG W/VISIBILITY <= 1/4 MILE


RELATIVE HUMIDITY (PERCENT)
 HIGHEST    93           800 AM
 LOWEST     73           600 PM

..........................................................


THE AUGUSTA DANIEL FIELD GA CLIMATE NORMALS FOR TODAY
                         NORMAL    RECORD    YEAR
 MAXIMUM TEMPERATURE (F)   56        MM        MM
 MINIMUM TEMPERATURE (F)   38        MM        MM


SUNRISE AND SUNSET
JANUARY 22 2017.......SUNRISE   730 AM EST   SUNSET   550 PM EST
JANUARY 23 2017.......SUNRISE   729 AM EST   SUNSET   551 PM EST


-  INDICATES NEGATIVE NUMBERS.
R  INDICATES RECORD WAS SET OR TIED.
MM INDICATES DATA IS MISSING.
T  INDICATES TRACE AMOUNT.




$$
