000
CDUS42 KCAE 200616
CLIDNL


CLIMATE REPORT
NATIONAL WEATHER SERVICE COLUMBIA SC
216 AM EDT SUN APR 20 2014


...................................

...THE AUGUSTA DANIEL FIELD GA CLIMATE SUMMARY FOR APRIL 19 2014...

CLIMATE NORMAL PERIOD 1981 TO 2010
CLIMATE RECORD PERIOD 9999 TO 9999


WEATHER ITEM   OBSERVED TIME   RECORD YEAR NORMAL DEPARTURE LAST
                VALUE   (LST)  VALUE       VALUE  FROM      YEAR
                                                  NORMAL
..................................................................
TEMPERATURE (F)
 YESTERDAY
  MAXIMUM         59    348 PM  MM      MM  76    -17       83
  MINIMUM         52   1116 PM  MM      MM  54     -2       50
  AVERAGE         56                        65     -9       67

PRECIPITATION (IN)
  YESTERDAY        0.27         MM      MM   0.08   0.19     0.80
  MONTH TO DATE    4.08                      2.22   1.86     2.14
  SINCE MAR 1      6.76                      6.53   0.23     4.98
  SINCE JAN 1     13.05                     14.77  -1.72    14.13

DEGREE DAYS
 HEATING
  YESTERDAY        9                         3      6        0
  MONTH TO DATE   63                        76    -13       58
  SINCE MAR 1    383                       326     57      476
  SINCE JUL 1   2219                      2139     80     2049

 COOLING
  YESTERDAY        0                         3     -3        2
  MONTH TO DATE   58                        36     22       55
  SINCE MAR 1     63                        58      5       60
  SINCE JAN 1     71                        62      9       80
..................................................................


WIND (MPH)
  HIGHEST WIND SPEED    21   HIGHEST WIND DIRECTION    NE (50)
  HIGHEST GUST SPEED    29   HIGHEST GUST DIRECTION    NE (30)
  AVERAGE WIND SPEED    12.8


SKY COVER
  AVERAGE SKY COVER 1.0


WEATHER CONDITIONS
 THE FOLLOWING WEATHER WAS RECORDED YESTERDAY.
  HEAVY RAIN
  RAIN
  LIGHT RAIN
  FOG


RELATIVE HUMIDITY (PERCENT)
 HIGHEST    93          1200 AM
 LOWEST     80           300 PM

..........................................................


THE AUGUSTA DANIEL FIELD GA CLIMATE NORMALS FOR TODAY
                         NORMAL    RECORD    YEAR
 MAXIMUM TEMPERATURE (F)   76        MM        MM
 MINIMUM TEMPERATURE (F)   54        MM        MM


SUNRISE AND SUNSET
APRIL 20 2014.........SUNRISE   652 AM EDT   SUNSET   803 PM EDT
APRIL 21 2014.........SUNRISE   651 AM EDT   SUNSET   803 PM EDT


-  INDICATES NEGATIVE NUMBERS.
R  INDICATES RECORD WAS SET OR TIED.
MM INDICATES DATA IS MISSING.
T  INDICATES TRACE AMOUNT.




$$
