312
CDUS42 KCAE 122233
CLIDNL


CLIMATE REPORT
NATIONAL WEATHER SERVICE COLUMBIA SC
532 PM EST FRI FEB 12 2016


...................................

...THE AUGUSTA DANIEL FIELD GA CLIMATE SUMMARY FOR FEBRUARY 12 2016...
VALID TODAY AS OF 0500 PM LOCAL TIME.

CLIMATE NORMAL PERIOD 1981 TO 2010
CLIMATE RECORD PERIOD 9999 TO 9999


WEATHER ITEM   OBSERVED TIME   NORMAL DEPARTURE LAST
                VALUE   (LST)  VALUE  FROM      YEAR
                                      NORMAL
......................................................
TEMPERATURE (F)
 TODAY
  MAXIMUM         57    504 PM  60     -3       61
  MINIMUM         40    816 AM  40      0       34
  AVERAGE         49            50     -1

PRECIPITATION (IN)
  TODAY            0.00          0.14  -0.14     0.00
  MONTH TO DATE    1.48          1.46   0.02     0.43
  SINCE DEC 1      8.63          9.29  -0.66     4.86
  SINCE JAN 1      3.15          5.67  -2.52     1.91

DEGREE DAYS
 HEATING
  TODAY           16            15      1       17
  MONTH TO DATE  180           194    -14      186
  SINCE DEC 1    922          1266   -344     1099
  SINCE JUL 1   1113          1600   -487     1499

 COOLING
  TODAY            0             0      0        0
  MONTH TO DATE    6             0      6        0
  SINCE DEC 1     70             6     64        0
  SINCE JAN 1      6             1      5        0
......................................................


WIND (MPH)
  HIGHEST WIND SPEED     9   HIGHEST WIND DIRECTION    NW (310)
  HIGHEST GUST SPEED    12   HIGHEST GUST DIRECTION     W (290)
  AVERAGE WIND SPEED     3.9


SKY COVER
  AVERAGE SKY COVER 0.3


WEATHER CONDITIONS
 THE FOLLOWING WEATHER WAS RECORDED TODAY.
  NO SIGNIFICANT WEATHER WAS OBSERVED.


RELATIVE HUMIDITY (PERCENT)
 HIGHEST    70           800 AM
 LOWEST     43           500 PM

..........................................................


THE AUGUSTA DANIEL FIELD GA CLIMATE NORMALS FOR TOMORROW
                         NORMAL
 MAXIMUM TEMPERATURE (F)   60
 MINIMUM TEMPERATURE (F)   40


SUNRISE AND SUNSET
FEBRUARY 12 2016......SUNRISE   715 AM EST   SUNSET   610 PM EST
FEBRUARY 13 2016......SUNRISE   715 AM EST   SUNSET   611 PM EST


-  INDICATES NEGATIVE NUMBERS.
R  INDICATES RECORD WAS SET OR TIED.
MM INDICATES DATA IS MISSING.
T  INDICATES TRACE AMOUNT.




$$
