084
CDUS42 KCAE 250537
CLIDNL


CLIMATE REPORT
NATIONAL WEATHER SERVICE COLUMBIA SC
137 AM EDT TUE APR 25 2017


...................................

...THE AUGUSTA DANIEL FIELD GA CLIMATE SUMMARY FOR APRIL 24 2017...

CLIMATE NORMAL PERIOD 1981 TO 2010
CLIMATE RECORD PERIOD 9999 TO 9999


WEATHER ITEM   OBSERVED TIME   NORMAL DEPARTURE LAST
                VALUE   (LST)  VALUE  FROM      YEAR
                                      NORMAL
......................................................
TEMPERATURE (F)
 YESTERDAY
  MAXIMUM         64    336 PM  78    -14       83
  MINIMUM         57   1159 PM  55      2       59
  AVERAGE         61            66     -5       71

PRECIPITATION (IN)
  YESTERDAY       MM             0.07  MM        0.00
  MONTH TO DATE    2.16          2.61  -0.45     3.17
  SINCE MAR 1      4.25          6.92  -2.67     5.23
  SINCE JAN 1     16.61         15.16   1.45     9.84

DEGREE DAYS
 HEATING
  YESTERDAY        4             2      2        0
  MONTH TO DATE   27            87    -60       40
  SINCE MAR 1    232           337   -105      155
  SINCE JUL 1   1239          2150   -911     1456

 COOLING
  YESTERDAY        0             3     -3        6
  MONTH TO DATE  146            51     95       55
  SINCE MAR 1    217            73    144      154
  SINCE JAN 1    251            77    174      160
......................................................


WIND (MPH)
  HIGHEST WIND SPEED    18   HIGHEST WIND DIRECTION     N (10)
  HIGHEST GUST SPEED    24   HIGHEST GUST DIRECTION     N (20)
  AVERAGE WIND SPEED    10.0


SKY COVER
  AVERAGE SKY COVER 1.0


WEATHER CONDITIONS
 THE FOLLOWING WEATHER WAS RECORDED YESTERDAY.
  THUNDERSTORM
  HEAVY RAIN
  RAIN
  LIGHT RAIN
  FOG
  HAZE


RELATIVE HUMIDITY (PERCENT)
 HIGHEST    90          1200 AM
 LOWEST     72           100 PM

..........................................................


THE AUGUSTA DANIEL FIELD GA CLIMATE NORMALS FOR TODAY
                         NORMAL    RECORD    YEAR
 MAXIMUM TEMPERATURE (F)   78        MM        MM
 MINIMUM TEMPERATURE (F)   55        MM        MM


SUNRISE AND SUNSET
APRIL 25 2017.........SUNRISE   646 AM EDT   SUNSET   807 PM EDT
APRIL 26 2017.........SUNRISE   645 AM EDT   SUNSET   807 PM EDT


-  INDICATES NEGATIVE NUMBERS.
R  INDICATES RECORD WAS SET OR TIED.
MM INDICATES DATA IS MISSING.
T  INDICATES TRACE AMOUNT.




$$
