613
CDUS43 KLOT 020633
CLIDPA


CLIMATE REPORT
NATIONAL WEATHER SERVICE CHICAGO IL
132 AM CDT MON MAY 2 2016


...................................

...THE DU PAGE  AIRPORT CLIMATE SUMMARY FOR MAY 1 2016...

CLIMATE NORMAL PERIOD 1981 TO 2010
CLIMATE RECORD PERIOD 1997 TO 2016


WEATHER ITEM   OBSERVED TIME   RECORD YEAR NORMAL DEPARTURE LAST
                VALUE   (LST)  VALUE       VALUE  FROM      YEAR
                                                  NORMAL
..................................................................
TEMPERATURE (F)
 YESTERDAY
  MAXIMUM         50    331 PM  82    2013  66    -16       69
                                      2007
                                      2001
  MINIMUM         44    801 AM  30    2005  43      1       32
  AVERAGE         47                        55     -8       51

PRECIPITATION (IN)
  YESTERDAY        0.36          0.97        0.15   0.21     0.00
  MONTH TO DATE    0.36                      0.15   0.21     0.00
  SINCE MAR 1      6.28                      5.86   0.42     4.74
  SINCE JAN 1      8.48                      8.59  -0.11     6.57

SNOWFALL (IN)
  YESTERDAY        0.0
  MONTH TO DATE    0.0
  SINCE JUL 1     21.6

DEGREE DAYS
 HEATING
  YESTERDAY       18                        11      7       14
  MONTH TO DATE   18                        11      7       14
  SINCE MAR 1   1209                      1322   -113     1423
  SINCE JUL 1   5412                      6077   -665     6615

 COOLING
  YESTERDAY        0                         0      0        0
  MONTH TO DATE    0                         0      0        0
  SINCE MAR 1      6                         4      2        0
  SINCE JAN 1      6                         4      2        0
..................................................................


WIND (MPH)
  RESULTANT WIND SPEED  11   RESULTANT WIND DIRECTION  NE (40)
  HIGHEST WIND SPEED    20   HIGHEST WIND DIRECTION     N (20)
  HIGHEST GUST SPEED    23   HIGHEST GUST DIRECTION    NE (30)
  AVERAGE WIND SPEED    11.5



WEATHER CONDITIONS
 THE FOLLOWING WEATHER WAS RECORDED YESTERDAY.
  THUNDERSTORM
  HEAVY RAIN
  RAIN
  LIGHT RAIN
  FOG


..........................................................


THE DU PAGE  AIRPORT CLIMATE NORMALS FOR TODAY
                         NORMAL    RECORD    YEAR
 MAXIMUM TEMPERATURE (F)   67        81      2001
 MINIMUM TEMPERATURE (F)   43        30      2004


SUNRISE AND SUNSET
MAY  2 2016...........SUNRISE   547 AM CDT   SUNSET   753 PM CDT
MAY  3 2016...........SUNRISE   546 AM CDT   SUNSET   754 PM CDT


-  INDICATES NEGATIVE NUMBERS.
R  INDICATES RECORD WAS SET OR TIED.
MM INDICATES DATA IS MISSING.
T  INDICATES TRACE AMOUNT.




$$
