000
CDUS44 KEWX 290724
CLIDRT


CLIMATE REPORT
NATIONAL WEATHER SERVICE AUSTIN/SAN ANTONIO, TX
123 AM CST THU JAN 29 2015


...................................

...THE DEL RIO CLIMATE SUMMARY FOR JANUARY 28 2015...

CLIMATE NORMAL PERIOD 1981 TO 2010
CLIMATE RECORD PERIOD 1906 TO 2015


WEATHER ITEM   OBSERVED TIME   RECORD YEAR NORMAL DEPARTURE LAST
                VALUE   (LST)  VALUE       VALUE  FROM      YEAR
                                                  NORMAL
..................................................................
TEMPERATURE (F)
 YESTERDAY
  MAXIMUM         82    404 PM  87    1909  65     17       40
  MINIMUM         46    807 AM  20    1948  42      4       33
  AVERAGE         64                        53     11       37

PRECIPITATION (IN)
  YESTERDAY        0.00          0.80 2010   0.03  -0.03     0.00
  MONTH TO DATE    0.43                      0.65  -0.22      T
  SINCE DEC 1      0.68                      1.30  -0.62     0.48
  SINCE JAN 1      0.43                      0.65  -0.22      T

SNOWFALL (IN)
  YESTERDAY        0.0
  MONTH TO DATE    0.0
  SINCE DEC 1      0.0
  SINCE JUL 1      0.0

DEGREE DAYS
 HEATING
  YESTERDAY        1                        12    -11       28
  MONTH TO DATE  461                       367     94      409
  SINCE DEC 1    730                       761    -31      864
  SINCE JUL 1   1002                       958     44     1097

 COOLING
  YESTERDAY        0                         0      0        0
  MONTH TO DATE    0                         0      0        0
  SINCE DEC 1      6                         3      3        5
  SINCE JAN 1      0                         0      0        0
..................................................................


WIND (MPH)
  HIGHEST WIND SPEED    21   HIGHEST WIND DIRECTION    SE (150)
  HIGHEST GUST SPEED    25   HIGHEST GUST DIRECTION    SE (150)
  AVERAGE WIND SPEED     7.5


SKY COVER
  AVERAGE SKY COVER 0.0


WEATHER CONDITIONS
 THE FOLLOWING WEATHER WAS RECORDED YESTERDAY.
  NO SIGNIFICANT WEATHER WAS OBSERVED.


RELATIVE HUMIDITY (PERCENT)
 HIGHEST    71           600 AM
 LOWEST     18           400 PM
 AVERAGE    45

..........................................................


THE DEL RIO CLIMATE NORMALS FOR TODAY
                         NORMAL    RECORD    YEAR
 MAXIMUM TEMPERATURE (F)   65        87      2013
 MINIMUM TEMPERATURE (F)   42        18      1949


SUNRISE AND SUNSET
JANUARY 29 2015.......SUNRISE   735 AM CST   SUNSET   619 PM CST
JANUARY 30 2015.......SUNRISE   734 AM CST   SUNSET   620 PM CST


-  INDICATES NEGATIVE NUMBERS.
R  INDICATES RECORD WAS SET OR TIED.
MM INDICATES DATA IS MISSING.
T  INDICATES TRACE AMOUNT.




$$
