283
CDUS44 KEWX 222255
CLIDRT


CLIMATE REPORT
NATIONAL WEATHER SERVICE AUSTIN/SAN ANTONIO, TX
555 PM CDT WED MAR 22 2017


...................................

...THE DEL RIO CLIMATE SUMMARY FOR MARCH 22 2017...
VALID TODAY AS OF 0555 PM LOCAL TIME.

CLIMATE NORMAL PERIOD 1981 TO 2010
CLIMATE RECORD PERIOD 1906 TO 2017


WEATHER ITEM   OBSERVED TIME   RECORD YEAR NORMAL DEPARTURE LAST
                VALUE   (LST)  VALUE       VALUE  FROM      YEAR
                                                  NORMAL
..................................................................
TEMPERATURE (F)
 TODAY
  MAXIMUM         80    454 PM  96    1995  78      2       MM
  MINIMUM         62    418 AM  30    1968  54      8       48
  AVERAGE         71                        66      5       MM

PRECIPITATION (IN)
  TODAY            0.00          0.50 2003   0.04  -0.04     0.00
  MONTH TO DATE    0.16                      0.83  -0.67     2.08
  SINCE MAR 1      0.16                      0.83  -0.67     2.08
  SINCE JAN 1      1.13                      2.43  -1.30     2.83

SNOWFALL (IN)
  TODAY            0.0
  MONTH TO DATE    0.0
  SINCE MAR 1      0.0
  SINCE JUL 1      0.0
  SNOW DEPTH       0

DEGREE DAYS
 HEATING
  TODAY            0                         3     -3       MM
  MONTH TO DATE   37                        94    -57       42
  SINCE MAR 1     37                        94    -57       42
  SINCE JUL 1    830                      1330   -500     1022

 COOLING
  TODAY            6                         3      3       MM
  MONTH TO DATE   91                        50     41       69
  SINCE MAR 1     91                        50     41       69
  SINCE JAN 1    154                        69     85      104
..................................................................


WIND (MPH)
  HIGHEST WIND SPEED    20   HIGHEST WIND DIRECTION     E (100)
  HIGHEST GUST SPEED    26   HIGHEST GUST DIRECTION     E (110)
  AVERAGE WIND SPEED    11.2



WEATHER CONDITIONS
 THE FOLLOWING WEATHER WAS RECORDED TODAY.
  FOG


RELATIVE HUMIDITY (PERCENT)
 HIGHEST    93           500 AM
 LOWEST     61          1200 AM
 AVERAGE    77

..........................................................


THE DEL RIO CLIMATE NORMALS FOR TOMORROW
                         NORMAL    RECORD    YEAR
 MAXIMUM TEMPERATURE (F)   78        95      1995
 MINIMUM TEMPERATURE (F)   54        35      1952


SUNRISE AND SUNSET
MARCH 22 2017.........SUNRISE   745 AM CDT   SUNSET   756 PM CDT
MARCH 23 2017.........SUNRISE   744 AM CDT   SUNSET   757 PM CDT


-  INDICATES NEGATIVE NUMBERS.
R  INDICATES RECORD WAS SET OR TIED.
MM INDICATES DATA IS MISSING.
T  INDICATES TRACE AMOUNT.




$$
