000
CDUS44 KEWX 200723
CLIDRT


CLIMATE REPORT
NATIONAL WEATHER SERVICE AUSTIN/SAN ANTONIO, TX
221 AM CDT SUN APR 20 2014


...................................

...THE DEL RIO CLIMATE SUMMARY FOR APRIL 19 2014...

CLIMATE NORMAL PERIOD 1981 TO 2010
CLIMATE RECORD PERIOD 1906 TO 2014


WEATHER ITEM   OBSERVED TIME   RECORD YEAR NORMAL DEPARTURE LAST
                VALUE   (LST)  VALUE       VALUE  FROM      YEAR
                                                  NORMAL
..................................................................
TEMPERATURE (F)
 YESTERDAY
  MAXIMUM         78    610 PM 102    1995  84     -6       73
  MINIMUM         66    804 AM  46    2013  61      5       46
                                      1953
                                      1940
  AVERAGE         72                        72      0       60

PRECIPITATION (IN)
  YESTERDAY        T             1.11 1949   0.06  -0.06     0.00
  MONTH TO DATE    0.01                      0.94  -0.93     0.36
  SINCE MAR 1      0.33                      2.08  -1.75     0.42
  SINCE JAN 1      0.55                      3.68  -3.13     1.75

SNOWFALL (IN)
  YESTERDAY        0.0
  MONTH TO DATE    0.0
  SINCE MAR 1      0.0
  SINCE JUL 1      0.0

DEGREE DAYS
 HEATING
  YESTERDAY        0                         1     -1        5
  MONTH TO DATE   14                        23     -9       17
  SINCE MAR 1    148                       137     11      109
  SINCE JUL 1   1555                      1373    182     1002

 COOLING
  YESTERDAY        7                         8     -1        0
  MONTH TO DATE  141                       121     20      154
  SINCE MAR 1    225                       208     17      302
  SINCE JAN 1    270                       227     43      341
..................................................................


WIND (MPH)
  HIGHEST WIND SPEED    26   HIGHEST WIND DIRECTION    SE (150)
  HIGHEST GUST SPEED    32   HIGHEST GUST DIRECTION    SE (150)
  AVERAGE WIND SPEED    13.1


SKY COVER
  AVERAGE SKY COVER 0.9


WEATHER CONDITIONS
 THE FOLLOWING WEATHER WAS RECORDED YESTERDAY.
  LIGHT RAIN


RELATIVE HUMIDITY (PERCENT)
 HIGHEST    73           400 AM
 LOWEST     38           100 PM
 AVERAGE    56

..........................................................


THE DEL RIO CLIMATE NORMALS FOR TODAY
                         NORMAL    RECORD    YEAR
 MAXIMUM TEMPERATURE (F)   85       106      1984
 MINIMUM TEMPERATURE (F)   61        48      1953


SUNRISE AND SUNSET
APRIL 20 2014.........SUNRISE   712 AM CDT   SUNSET   813 PM CDT
APRIL 21 2014.........SUNRISE   711 AM CDT   SUNSET   814 PM CDT


-  INDICATES NEGATIVE NUMBERS.
R  INDICATES RECORD WAS SET OR TIED.
MM INDICATES DATA IS MISSING.
T  INDICATES TRACE AMOUNT.




$$
