000
CDUS44 KEWX 312240
CLIDRT


CLIMATE REPORT
NATIONAL WEATHER SERVICE AUSTIN/SAN ANTONIO, TX
540 PM CDT MON AUG 31 2015


...................................

...THE DEL RIO CLIMATE SUMMARY FOR AUGUST 31 2015...
VALID TODAY AS OF 0540 PM LOCAL TIME.

CLIMATE NORMAL PERIOD 1981 TO 2010
CLIMATE RECORD PERIOD 1906 TO 2015


WEATHER ITEM   OBSERVED TIME   RECORD YEAR NORMAL DEPARTURE LAST
                VALUE   (LST)  VALUE       VALUE  FROM      YEAR
                                                  NORMAL
..................................................................
TEMPERATURE (F)
 TODAY
  MAXIMUM         98    418 PM 104    2012  95      3       98
                                      1956
                                      1952
  MINIMUM         75    654 AM  60    1915  74      1       77
  AVERAGE         87                        84      3       88

PRECIPITATION (IN)
  TODAY            0.00          2.40 1993   0.10  -0.10     0.00
  MONTH TO DATE    2.02                      2.18  -0.16     0.78
  SINCE JUN 1      5.54                      6.31  -0.77     5.82
  SINCE JAN 1     20.62                     13.51   7.11     7.17

SNOWFALL (IN)
  TODAY            0.0
  MONTH TO DATE    0.0
  SINCE JUN 1      0.0
  SINCE JUL 1      0.0
  SNOW DEPTH       0

DEGREE DAYS
 HEATING
  TODAY            0                         0      0        0
  MONTH TO DATE    0                         0      0        0
  SINCE JUN 1      0                         0      0        0
  SINCE JUL 1      0                         0      0        0

 COOLING
  TODAY           22                        19      3       23
  MONTH TO DATE  743                       657     86      716
  SINCE JUN 1   1909                      1876     33     2039
  SINCE JAN 1   2589                      2635    -46     2889
..................................................................


WIND (MPH)
  HIGHEST WIND SPEED    16   HIGHEST WIND DIRECTION    SE (140)
  HIGHEST GUST SPEED    22   HIGHEST GUST DIRECTION    SE (150)
  AVERAGE WIND SPEED     9.1



WEATHER CONDITIONS
 THE FOLLOWING WEATHER WAS RECORDED TODAY.
  NO SIGNIFICANT WEATHER WAS OBSERVED.


RELATIVE HUMIDITY (PERCENT)
 HIGHEST    79           600 AM
 LOWEST     26           400 PM
 AVERAGE    53

..........................................................


THE DEL RIO CLIMATE NORMALS FOR TOMORROW
                         NORMAL    RECORD    YEAR
 MAXIMUM TEMPERATURE (F)   95       106      1952
 MINIMUM TEMPERATURE (F)   74        63      1915


SUNRISE AND SUNSET
AUGUST 31 2015........SUNRISE   721 AM CDT   SUNSET   807 PM CDT
SEPTEMBER  1 2015.....SUNRISE   721 AM CDT   SUNSET   806 PM CDT


-  INDICATES NEGATIVE NUMBERS.
R  INDICATES RECORD WAS SET OR TIED.
MM INDICATES DATA IS MISSING.
T  INDICATES TRACE AMOUNT.




$$
