000
CDUS44 KDRT 302235
CLIDRT


CLIMATE REPORT
NATIONAL WEATHER SERVICE AUSTIN/SAN ANTONIO, TX
533 PM CDT TUE AUG 30 2016


...................................

...THE DEL RIO CLIMATE SUMMARY FOR AUGUST 30 2016...
VALID TODAY AS OF 530 PM LOCAL TIME.

CLIMATE NORMAL PERIOD 1981 TO 2010
CLIMATE RECORD PERIOD 1906 TO 2016


WEATHER ITEM   OBSERVED TIME   RECORD YEAR NORMAL DEPARTURE LAST
                VALUE   (LST)  VALUE       VALUE  FROM      YEAR
                                                  NORMAL
..................................................................
TEMPERATURE (F)
 TODAY
  MAXIMUM         87    154 PM 105    1956  95     -8       95
  MINIMUM         73    336 AM  66    1940  74     -1       77
  AVERAGE         80                        85     -5       86

PRECIPITATION (IN)
  TODAY            0.25          2.33 1996   0.09   0.16     0.00
  MONTH TO DATE    9.49                      2.08   7.41     2.02
  SINCE JUN 1     12.47                      6.21   6.26     5.54
  SINCE JAN 1     21.08                     13.41   7.67    20.62

SNOWFALL (IN)
  TODAY            0.0
  MONTH TO DATE    0.0
  SINCE JUN 1      0.0
  SINCE JUL 1      0.0
  SNOW DEPTH       0

DEGREE DAYS
 HEATING
  TODAY            0                         0      0        0
  MONTH TO DATE    0                         0      0        0
  SINCE JUN 1      0                         0      0        0
  SINCE JUL 1      0                         0      0        0

 COOLING
  TODAY           15                        20     -5       21
  MONTH TO DATE  617                       642    -25      721
  SINCE JUN 1   1971                      1861    110     1887
  SINCE JAN 1   2697                      2620     77     2567
..................................................................


WIND (MPH)
  HIGHEST WIND SPEED    16   HIGHEST WIND DIRECTION    SE (120)
  HIGHEST GUST SPEED    22   HIGHEST GUST DIRECTION    SE (120)
  AVERAGE WIND SPEED     4.7



WEATHER CONDITIONS
 THE FOLLOWING WEATHER WAS RECORDED TODAY.
  HEAVY RAIN
  LIGHT RAIN
  FOG


RELATIVE HUMIDITY (PERCENT)
 HIGHEST   100           400 AM
 LOWEST     55          1200 PM
 AVERAGE    78

..........................................................


THE DEL RIO CLIMATE NORMALS FOR TOMORROW
                         NORMAL    RECORD    YEAR
 MAXIMUM TEMPERATURE (F)   95       104      2012
                                             1956
                                             1952
 MINIMUM TEMPERATURE (F)   74        60      1915


SUNRISE AND SUNSET
AUGUST 30 2016........SUNRISE   720 AM CDT   SUNSET   807 PM CDT
AUGUST 31 2016........SUNRISE   721 AM CDT   SUNSET   806 PM CDT


-  INDICATES NEGATIVE NUMBERS.
R  INDICATES RECORD WAS SET OR TIED.
MM INDICATES DATA IS MISSING.
T  INDICATES TRACE AMOUNT.




$$
