000
CDUS44 KDRT 290755
CLIDRT


CLIMATE REPORT
NATIONAL WEATHER SERVICE AUSTIN/SAN ANTONIO, TX
255 AM CDT FRI APR 29 2016


...................................

...THE DEL RIO CLIMATE SUMMARY FOR APRIL 28 2016...

CLIMATE NORMAL PERIOD 1981 TO 2010
CLIMATE RECORD PERIOD 1906 TO 2016


WEATHER ITEM   OBSERVED TIME   RECORD YEAR NORMAL DEPARTURE LAST
                VALUE   (LST)  VALUE       VALUE  FROM      YEAR
                                                  NORMAL
..................................................................
TEMPERATURE (F)
 YESTERDAY
  MAXIMUM         88    409 PM  99    2014  86      2       66
                                      2002
                                      1937
  MINIMUM         58    349 AM  42    1997  63     -5       52
  AVERAGE         73                        75     -2       59

PRECIPITATION (IN)
  YESTERDAY        0.01          2.36 1957   0.07  -0.06     0.00
  MONTH TO DATE    4.00                      1.51   2.49     1.71
  SINCE MAR 1      6.08                      2.65   3.43     3.92
  SINCE JAN 1      6.83                      4.25   2.58     4.91

SNOWFALL (IN)
  YESTERDAY        0.0
  MONTH TO DATE    0.0
  SINCE MAR 1      0.0
  SINCE JUL 1      T

DEGREE DAYS
 HEATING
  YESTERDAY        0                         0      0        6
  MONTH TO DATE   14                        24    -10        8
  SINCE MAR 1     69                       138    -69      146
  SINCE JUL 1   1049                      1374   -325     1473

 COOLING
  YESTERDAY        8                        10     -2        0
  MONTH TO DATE  196                       202     -6      219
  SINCE MAR 1    293                       289      4      290
  SINCE JAN 1    328                       308     20      305
..................................................................


WIND (MPH)
  HIGHEST WIND SPEED    22   HIGHEST WIND DIRECTION    SE (140)
  HIGHEST GUST SPEED    29   HIGHEST GUST DIRECTION     E (110)
  AVERAGE WIND SPEED    11.5


SKY COVER
  AVERAGE SKY COVER 0.5


WEATHER CONDITIONS
 THE FOLLOWING WEATHER WAS RECORDED YESTERDAY.
  LIGHT RAIN
  FOG
  HAZE


RELATIVE HUMIDITY (PERCENT)
 HIGHEST    93           700 AM
 LOWEST     45          1200 AM
 AVERAGE    69

..........................................................


THE DEL RIO CLIMATE NORMALS FOR TODAY
                         NORMAL    RECORD    YEAR
 MAXIMUM TEMPERATURE (F)   86       103      1909
 MINIMUM TEMPERATURE (F)   63        46      2015
                                             1908


SUNRISE AND SUNSET
APRIL 29 2016.........SUNRISE   703 AM CDT   SUNSET   819 PM CDT
APRIL 30 2016.........SUNRISE   702 AM CDT   SUNSET   820 PM CDT


-  INDICATES NEGATIVE NUMBERS.
R  INDICATES RECORD WAS SET OR TIED.
MM INDICATES DATA IS MISSING.
T  INDICATES TRACE AMOUNT.




$$
