000
CDUS44 KEWX 050707
CLIDRT


CLIMATE REPORT
NATIONAL WEATHER SERVICE AUSTIN/SAN ANTONIO, TX
102 AM CST THU MAR 5 2015


...................................

...THE DEL RIO CLIMATE SUMMARY FOR MARCH 4 2015...

CLIMATE NORMAL PERIOD 1981 TO 2010
CLIMATE RECORD PERIOD 1906 TO 2015


WEATHER ITEM   OBSERVED TIME   RECORD YEAR NORMAL DEPARTURE LAST
                VALUE   (LST)  VALUE       VALUE  FROM      YEAR
                                                  NORMAL
..................................................................
TEMPERATURE (F)
 YESTERDAY
  MAXIMUM         75    402 PM  92    2013  73      2       63
                                      1938
  MINIMUM         39   1159 PM  25    2002  49    -10       44
  AVERAGE         57                        61     -4       54

PRECIPITATION (IN)
  YESTERDAY        0.22          0.35 2004   0.04   0.18     0.00
  MONTH TO DATE    0.22                      0.16   0.06      T
  SINCE MAR 1      0.22                      0.16   0.06      T
  SINCE JAN 1      1.21                      1.76  -0.55     0.22

SNOWFALL (IN)
  YESTERDAY        0.0
  MONTH TO DATE    0.0
  SINCE MAR 1      0.0
  SINCE JUL 1      0.0

DEGREE DAYS
 HEATING
  YESTERDAY        8                         6      2       11
  MONTH TO DATE   52                        24     28       44
  SINCE MAR 1     52                        24     28       44
  SINCE JUL 1   1379                      1260    119     1451

 COOLING
  YESTERDAY        0                         2     -2        0
  MONTH TO DATE    0                         6     -6        5
  SINCE MAR 1      0                         6     -6        5
  SINCE JAN 1     15                        25    -10       50
..................................................................


WIND (MPH)
  HIGHEST WIND SPEED    31   HIGHEST WIND DIRECTION     N (350)
  HIGHEST GUST SPEED    41   HIGHEST GUST DIRECTION     N (340)
  AVERAGE WIND SPEED     9.0


SKY COVER
  AVERAGE SKY COVER 0.9


WEATHER CONDITIONS
 THE FOLLOWING WEATHER WAS RECORDED YESTERDAY.
  RAIN
  LIGHT RAIN
  FOG
  HAZE


RELATIVE HUMIDITY (PERCENT)
 HIGHEST    93           700 AM
 LOWEST     57           300 PM
 AVERAGE    75

..........................................................


THE DEL RIO CLIMATE NORMALS FOR TODAY
                         NORMAL    RECORD    YEAR
 MAXIMUM TEMPERATURE (F)   73        98      1991
 MINIMUM TEMPERATURE (F)   50        27      1917


SUNRISE AND SUNSET
MARCH  5 2015.........SUNRISE   705 AM CST   SUNSET   646 PM CST
MARCH  6 2015.........SUNRISE   704 AM CST   SUNSET   646 PM CST


-  INDICATES NEGATIVE NUMBERS.
R  INDICATES RECORD WAS SET OR TIED.
MM INDICATES DATA IS MISSING.
T  INDICATES TRACE AMOUNT.




$$
