000
CDUS43 KDMX 300638
CLIDSM

CLIMATE REPORT
NATIONAL WEATHER SERVICE DES MOINES IA
137 AM CDT THU JUL 30 2015

...................................

...THE DES MOINES IA CLIMATE SUMMARY FOR JULY 29 2015...

CLIMATE NORMAL PERIOD 1981 TO 2010
CLIMATE RECORD PERIOD 1878 TO 2015


WEATHER ITEM   OBSERVED TIME   RECORD YEAR NORMAL DEPARTURE LAST
                VALUE   (LST)  VALUE       VALUE  FROM      YEAR
                                                  NORMAL
..................................................................
TEMPERATURE (F)
 YESTERDAY
  MAXIMUM         86    314 PM 102    1887  85      1       81
  MINIMUM         68   1159 PM  51    1971  67      1       57
  AVERAGE         77                        76      1       69

PRECIPITATION (IN)
  YESTERDAY        T             1.93 1895   0.13  -0.13     0.00
  MONTH TO DATE    7.17                      4.20   2.97     2.35
  SINCE JUN 1     15.57                      9.14   6.43     9.84
  SINCE JAN 1     24.92                     22.32   2.60    20.99

SNOWFALL (IN)
  YESTERDAY        0.0          MM      MM   0.0    0.0      0.0
  MONTH TO DATE    0.0                       0.0    0.0      0.0
  SINCE JUN 1      0.0                       0.0    0.0      0.0
  SINCE JUL 1      0.0                       0.0    0.0      0.0
  SNOW DEPTH       0

DEGREE DAYS
 HEATING
  YESTERDAY        0                         0      0        0
  MONTH TO DATE    0                         0      0        2
  SINCE JUN 1      3                        17    -14        2
  SINCE JUL 1      0                         0      0        2

 COOLING
  YESTERDAY       12                        11      1        4
  MONTH TO DATE  326                       326      0      240
  SINCE JUN 1    583                       547     36      496
  SINCE JAN 1    663                       623     40      627
..................................................................


WIND (MPH)
  HIGHEST WIND SPEED    21   HIGHEST WIND DIRECTION    NW (320)
  HIGHEST GUST SPEED    25   HIGHEST GUST DIRECTION    NW (320)
  AVERAGE WIND SPEED     8.2


SKY COVER
  POSSIBLE SUNSHINE  MM
  AVERAGE SKY COVER 0.5


WEATHER CONDITIONS
 THE FOLLOWING WEATHER WAS RECORDED YESTERDAY.
  LIGHT RAIN


RELATIVE HUMIDITY (PERCENT)
 HIGHEST    90           600 AM
 LOWEST     31          1100 AM
 AVERAGE    61

..........................................................


THE DES MOINES IA CLIMATE NORMALS FOR TODAY
                         NORMAL    RECORD    YEAR
 MAXIMUM TEMPERATURE (F)   85       103      1955
 MINIMUM TEMPERATURE (F)   67        47      1971


SUNRISE AND SUNSET
JULY 30 2015..........SUNRISE   607 AM CDT   SUNSET   834 PM CDT
JULY 31 2015..........SUNRISE   608 AM CDT   SUNSET   833 PM CDT


-  INDICATES NEGATIVE NUMBERS.
R  INDICATES RECORD WAS SET OR TIED.
MM INDICATES DATA IS MISSING.
T  INDICATES TRACE AMOUNT.

$$

REV
