000
CDUS45 KTWC 250732
CLIDUG

CLIMATE REPORT
NATIONAL WEATHER SERVICE TUCSON AZ
1231 AM MST SUN JUN 25 2017


...................................

...THE DOUGLAS AZ CLIMATE SUMMARY FOR JUNE 24 2017...

CLIMATE NORMAL PERIOD 1981 TO 2010
CLIMATE RECORD PERIOD 1948 TO 2017


WEATHER ITEM   OBSERVED TIME   RECORD YEAR NORMAL DEPARTURE LAST
                VALUE   (LST)  VALUE       VALUE  FROM      YEAR
                                                  NORMAL
..................................................................
TEMPERATURE (F)
 YESTERDAY
  MAXIMUM        107R   347 PM 105    1994  97     10       95
                                      1990
  MINIMUM         71    450 AM  49    1982  63      8       69
  AVERAGE         89                        80      9       82

PRECIPITATION (IN)
  YESTERDAY        0.03          0.48 2015   0.03   0.00     0.01
  MONTH TO DATE    0.03                      0.39  -0.36     0.28
  SINCE OCT 1      3.15                      5.34  -2.19     2.96
  SINCE JAN 1      1.80                      2.79  -0.99     1.75

DEGREE DAYS
 HEATING
  YESTERDAY        0                         0      0        0
  MONTH TO DATE    0                         0      0        0
  SINCE JUN 1      0                         0      0        0
  SINCE JUL 1   2123                      2522   -399     2623

 COOLING
  YESTERDAY       24                        15      9       17
  MONTH TO DATE  378                       302     76      373
  SINCE JUN 1    378                       302     76      373
  SINCE JAN 1    571                       503     68      521
..................................................................


WIND (MPH)
  HIGHEST WIND SPEED    38   HIGHEST WIND DIRECTION     E (90)
  HIGHEST GUST SPEED    50   HIGHEST GUST DIRECTION     E (80)
  AVERAGE WIND SPEED    11.5


SKY COVER
  POSSIBLE SUNSHINE  MM
  AVERAGE SKY COVER 0.1


WEATHER CONDITIONS
 THE FOLLOWING WEATHER WAS RECORDED YESTERDAY.
  THUNDERSTORM
  RAIN
  LIGHT RAIN
  HAZE


RELATIVE HUMIDITY (PERCENT)
 HIGHEST    40
 LOWEST      7
 AVERAGE    24

..........................................................


THE DOUGLAS AZ CLIMATE NORMALS FOR TODAY
                         NORMAL    RECORD    YEAR
 MAXIMUM TEMPERATURE (F)   97       108      1994
 MINIMUM TEMPERATURE (F)   63        53      1983


SUNRISE AND SUNSET
JUNE 25 2017..........SUNRISE   515 AM MST   SUNSET   727 PM MST
JUNE 26 2017..........SUNRISE   516 AM MST   SUNSET   727 PM MST


-  INDICATES NEGATIVE NUMBERS.
R  INDICATES RECORD WAS SET OR TIED.
MM INDICATES DATA IS MISSING.
T  INDICATES TRACE AMOUNT.




$$
