488
CDUS45 KTWC 291431
CLIDUG

CLIMATE REPORT
NATIONAL WEATHER SERVICE TUCSON AZ
731 AM MST SUN MAY 29 2016


...................................

...THE DOUGLAS AZ CLIMATE SUMMARY FOR MAY 29 2016...
VALID AS OF 0700 AM LOCAL TIME.

CLIMATE NORMAL PERIOD 1981 TO 2010
CLIMATE RECORD PERIOD 1948 TO 2016


WEATHER ITEM   OBSERVED TIME   RECORD YEAR NORMAL DEPARTURE LAST
                VALUE   (LST)  VALUE       VALUE  FROM      YEAR
                                                  NORMAL
..................................................................
TEMPERATURE (F)
 TODAY
  MINIMUM         47    320 AM  40    1962  55     -8       50

PRECIPITATION (IN)
  TODAY            0.00          0.03 2003   0.01  -0.01     0.00
  MONTH TO DATE    T                         0.26  -0.26      T
  SINCE OCT 1      2.68                      4.93  -2.25     4.80
  SINCE JAN 1      1.47                      2.38  -0.91     2.83

DEGREE DAYS
 HEATING
  TODAY           10                         0     10        0

 COOLING
  TODAY            0                         9     -9        7
..................................................................


WIND (MPH)
  HIGHEST WIND SPEED     8   HIGHEST WIND DIRECTION    SE (130)
  HIGHEST GUST SPEED     9   HIGHEST GUST DIRECTION    SE (150)
  AVERAGE WIND SPEED     4.2


SKY COVER
  POSSIBLE SUNSHINE  MM
  AVERAGE SKY COVER 0.0


WEATHER CONDITIONS
 THE FOLLOWING WEATHER WAS RECORDED TODAY.
  NO SIGNIFICANT WEATHER WAS OBSERVED.


RELATIVE HUMIDITY (PERCENT)
 HIGHEST    19           600 AM

..........................................................


THE DOUGLAS AZ CLIMATE NORMALS FOR TOMORROW
                         NORMAL    RECORD    YEAR
 MAXIMUM TEMPERATURE (F)   92       102      2002
                                             2000
 MINIMUM TEMPERATURE (F)   55        43      1971


SUNRISE AND SUNSET
MAY 29 2016...........SUNRISE   515 AM MST   SUNSET   717 PM MST
MAY 30 2016...........SUNRISE   515 AM MST   SUNSET   718 PM MST


-  INDICATES NEGATIVE NUMBERS.
R  INDICATES RECORD WAS SET OR TIED.
MM INDICATES DATA IS MISSING.
T  INDICATES TRACE AMOUNT.

$$
