000
CDUS45 KTWC 040732
CLIDUG

CLIMATE REPORT
NATIONAL WEATHER SERVICE TUCSON AZ
1232 AM MST SAT JUL 4 2015

...................................

...THE DOUGLAS AZ CLIMATE SUMMARY FOR JULY 3 2015...

CLIMATE NORMAL PERIOD 1981 TO 2010
CLIMATE RECORD PERIOD 1948 TO 2015


WEATHER ITEM   OBSERVED TIME   RECORD YEAR NORMAL DEPARTURE LAST
                VALUE   (LST)  VALUE       VALUE  FROM      YEAR
                                                  NORMAL
..................................................................
TEMPERATURE (F)
 YESTERDAY
  MAXIMUM         95    438 PM 109    1989  97     -2       96
  MINIMUM         66    532 AM  56    1983  65      1       68
  AVERAGE         81                        81      0       82

PRECIPITATION (IN)
  YESTERDAY        0.03          1.18 1984   0.06  -0.03     0.23
  MONTH TO DATE    0.05                      0.16  -0.11     0.23
  SINCE OCT 1      6.04                      5.72   0.32     1.70
  SINCE JAN 1      4.07                      3.17   0.90     0.88

DEGREE DAYS
 HEATING
  YESTERDAY        0                         0      0        0
  MONTH TO DATE    0                         0      0        0
  SINCE JUN 1      0                         0      0        0
  SINCE JUL 1      0                         0      0        0

 COOLING
  YESTERDAY       16                        16      0       17
  MONTH TO DATE   50                        48      2       53
  SINCE JUN 1    506                       443     63      551
  SINCE JAN 1    568                       644    -76      719
..................................................................


WIND (MPH)
  HIGHEST WIND SPEED    20   HIGHEST WIND DIRECTION     E (80)
  HIGHEST GUST SPEED    25   HIGHEST GUST DIRECTION     S (160)
  AVERAGE WIND SPEED     8.7


SKY COVER
  POSSIBLE SUNSHINE  MM
  AVERAGE SKY COVER 0.1


WEATHER CONDITIONS
 THE FOLLOWING WEATHER WAS RECORDED YESTERDAY.
  THUNDERSTORM
  LIGHT RAIN


RELATIVE HUMIDITY (PERCENT)
 HIGHEST    87
 LOWEST     28
 AVERAGE    58

..........................................................


THE DOUGLAS AZ CLIMATE NORMALS FOR TODAY
                         NORMAL    RECORD    YEAR
 MAXIMUM TEMPERATURE (F)   97       105      2007
                                             1989
 MINIMUM TEMPERATURE (F)   65        57      1961


SUNRISE AND SUNSET
JULY  4 2015..........SUNRISE   519 AM MST   SUNSET   727 PM MST
JULY  5 2015..........SUNRISE   519 AM MST   SUNSET   727 PM MST


-  INDICATES NEGATIVE NUMBERS.
R  INDICATES RECORD WAS SET OR TIED.
MM INDICATES DATA IS MISSING.
T  INDICATES TRACE AMOUNT.




$$
