000
CDUS45 KTWC 210027
CLIDUG

CLIMATE REPORT
NATIONAL WEATHER SERVICE TUCSON AZ
526 PM MST MON FEB 20 2017


...................................

...THE DOUGLAS AZ CLIMATE SUMMARY FOR FEBRUARY 20 2017...
VALID TODAY AS OF 0500 PM LOCAL TIME.

CLIMATE NORMAL PERIOD 1981 TO 2010
CLIMATE RECORD PERIOD 1948 TO 2017


WEATHER ITEM   OBSERVED TIME   RECORD YEAR NORMAL DEPARTURE LAST
                VALUE   (LST)  VALUE       VALUE  FROM      YEAR
                                                  NORMAL
..................................................................
TEMPERATURE (F)
 TODAY
  MAXIMUM         64    436 PM  79    1972  67     -3       78
  MINIMUM         39    253 AM  13    1955  34      5       36
  AVERAGE         52                        50      2       57

PRECIPITATION (IN)
  TODAY            0.00                      0.03  -0.03     0.00
  MONTH TO DATE    0.38                      0.49  -0.11     0.08
  SINCE OCT 1      2.97                      3.78  -0.81     2.45
  SINCE JAN 1      1.62                      1.23   0.39     1.24

DEGREE DAYS
 HEATING
  TODAY           13                        15     -2        8
  MONTH TO DATE  256                       322    -66      308
  SINCE DEC 1   1353                      1492   -139     1633
  SINCE JUL 1   1689                      1927   -238     2086
..................................................................


WIND (MPH)
  HIGHEST WIND SPEED    13   HIGHEST WIND DIRECTION     N (350)
  HIGHEST GUST SPEED    17   HIGHEST GUST DIRECTION     N (20)
  AVERAGE WIND SPEED     4.1


SKY COVER
  POSSIBLE SUNSHINE  MM
  AVERAGE SKY COVER 0.6


WEATHER CONDITIONS
 THE FOLLOWING WEATHER WAS RECORDED TODAY.
  NO SIGNIFICANT WEATHER WAS OBSERVED.


RELATIVE HUMIDITY (PERCENT)
 HIGHEST    96
 LOWEST     39
 AVERAGE    68

..........................................................


THE DOUGLAS AZ CLIMATE NORMALS FOR TOMORROW
                         NORMAL    RECORD    YEAR
 MAXIMUM TEMPERATURE (F)   68        82      2016
 MINIMUM TEMPERATURE (F)   34        13      1955


SUNRISE AND SUNSET
FEBRUARY 20 2017......SUNRISE   655 AM MST   SUNSET   610 PM MST
FEBRUARY 21 2017......SUNRISE   654 AM MST   SUNSET   611 PM MST


-  INDICATES NEGATIVE NUMBERS.
R  INDICATES RECORD WAS SET OR TIED.
MM INDICATES DATA IS MISSING.
T  INDICATES TRACE AMOUNT.




$$
