000
CDUS45 KTWC 181426
CLIDUG

CLIMATE REPORT
NATIONAL WEATHER SERVICE TUCSON AZ
725 AM MST THU DEC 18 2014


...................................

...THE DOUGLAS AZ CLIMATE SUMMARY FOR DECEMBER 18 2014...
VALID AS OF 0700 AM LOCAL TIME.

CLIMATE NORMAL PERIOD 1981 TO 2010
CLIMATE RECORD PERIOD 1948 TO 2014


WEATHER ITEM   OBSERVED TIME   RECORD YEAR NORMAL DEPARTURE LAST
                VALUE   (LST)  VALUE       VALUE  FROM      YEAR
                                                  NORMAL
..................................................................
TEMPERATURE (F)
 TODAY
  MINIMUM         38    447 AM  17    1968  29      9       31

PRECIPITATION (IN)
  TODAY            0.03          0.87 1987   0.03   0.00     0.00
  MONTH TO DATE    0.35                      0.58  -0.23     0.25
  SINCE OCT 1      1.72                      2.16  -0.44     0.77
  SINCE JAN 1     15.29                     12.71   2.58    17.88

DEGREE DAYS
 HEATING
  TODAY           24                        20      4       18

 COOLING
  TODAY            0                         0      0        0
..................................................................


WIND (MPH)
  HIGHEST WIND SPEED     9   HIGHEST WIND DIRECTION     N (10)
  HIGHEST GUST SPEED    10   HIGHEST GUST DIRECTION     N (10)
  AVERAGE WIND SPEED     2.8


SKY COVER
  POSSIBLE SUNSHINE  MM
  AVERAGE SKY COVER 0.6


WEATHER CONDITIONS
 THE FOLLOWING WEATHER WAS RECORDED TODAY.
  LIGHT RAIN


RELATIVE HUMIDITY (PERCENT)
 HIGHEST    92           400 AM

..........................................................


THE DOUGLAS AZ CLIMATE NORMALS FOR TOMORROW
                         NORMAL    RECORD    YEAR
 MAXIMUM TEMPERATURE (F)   62        73      1955
                                             1950
 MINIMUM TEMPERATURE (F)   29        13      1996


SUNRISE AND SUNSET
DECEMBER 18 2014......SUNRISE   712 AM MST   SUNSET   518 PM MST
DECEMBER 19 2014......SUNRISE   713 AM MST   SUNSET   519 PM MST


-  INDICATES NEGATIVE NUMBERS.
R  INDICATES RECORD WAS SET OR TIED.
MM INDICATES DATA IS MISSING.
T  INDICATES TRACE AMOUNT.




$$
