000
CDUS45 KTWC 230756
CLIDUG

CLIMATE REPORT
NATIONAL WEATHER SERVICE TUCSON AZ
1253 AM MST TUE MAY 23 2017


...................................

...THE DOUGLAS AZ CLIMATE SUMMARY FOR MAY 22 2017...

CLIMATE NORMAL PERIOD 1981 TO 2010
CLIMATE RECORD PERIOD 1948 TO 2017


WEATHER ITEM   OBSERVED TIME   RECORD YEAR NORMAL DEPARTURE LAST
                VALUE   (LST)  VALUE       VALUE  FROM      YEAR
                                                  NORMAL
..................................................................
TEMPERATURE (F)
 YESTERDAY
  MAXIMUM         94    401 PM 105    2005  90      4       88
  MINIMUM         50    346 AM  39    1962  53     -3       55
  AVERAGE         72                        72      0       72

PRECIPITATION (IN)
  YESTERDAY        0.00          T    1994   0.01  -0.01     0.00
                                      1994
                                      2014
  MONTH TO DATE    0.07                      0.19  -0.12      T
  SINCE OCT 1      3.12                      4.86  -1.74     2.68
  SINCE JAN 1      1.77                      2.31  -0.54     1.47

DEGREE DAYS
 HEATING
  YESTERDAY        0                         0      0        0
  MONTH TO DATE   44                        20     24       28
  SINCE MAR 1    330                       485   -155      449
  SINCE JUL 1   2123                      2521   -398     2621

 COOLING
  YESTERDAY        7                         7      0        7
  MONTH TO DATE   65                       100    -35       92
  SINCE MAR 1    109                       130    -21      110
  SINCE JAN 1    109                       130    -21      110
..................................................................


WIND (MPH)
  HIGHEST WIND SPEED    29   HIGHEST WIND DIRECTION    NW (310)
  HIGHEST GUST SPEED    40   HIGHEST GUST DIRECTION     N (360)
  AVERAGE WIND SPEED     9.3


SKY COVER
  POSSIBLE SUNSHINE  MM
  AVERAGE SKY COVER 0.0


WEATHER CONDITIONS
 THE FOLLOWING WEATHER WAS RECORDED YESTERDAY.
  NO SIGNIFICANT WEATHER WAS OBSERVED.


RELATIVE HUMIDITY (PERCENT)
 HIGHEST    19
 LOWEST      4
 AVERAGE    12

..........................................................


THE DOUGLAS AZ CLIMATE NORMALS FOR TODAY
                         NORMAL    RECORD    YEAR
 MAXIMUM TEMPERATURE (F)   90       102      2005
 MINIMUM TEMPERATURE (F)   53        42      1962


SUNRISE AND SUNSET
MAY 23 2017...........SUNRISE   517 AM MST   SUNSET   713 PM MST
MAY 24 2017...........SUNRISE   517 AM MST   SUNSET   714 PM MST


-  INDICATES NEGATIVE NUMBERS.
R  INDICATES RECORD WAS SET OR TIED.
MM INDICATES DATA IS MISSING.
T  INDICATES TRACE AMOUNT.




$$
