000
CDUS45 KTWC 250730
CLIDUG

CLIMATE REPORT
NATIONAL WEATHER SERVICE TUCSON AZ
1229 AM MST SAT OCT 25 2014


...................................

...THE DOUGLAS AZ CLIMATE SUMMARY FOR OCTOBER 24 2014...

CLIMATE NORMAL PERIOD 1981 TO 2010
CLIMATE RECORD PERIOD 1948 TO 2014


WEATHER ITEM   OBSERVED TIME   RECORD YEAR NORMAL DEPARTURE LAST
                VALUE   (LST)  VALUE       VALUE  FROM      YEAR
                                                  NORMAL
..................................................................
TEMPERATURE (F)
 YESTERDAY
  MAXIMUM         86    408 PM  89    2011  79      7       85
                                      1959
  MINIMUM         45    538 AM  31    1957  44      1       48
  AVERAGE         66                        62      4       67

PRECIPITATION (IN)
  YESTERDAY        0.00          0.45 1984   0.02  -0.02     0.00
  MONTH TO DATE    1.36                      0.72   0.64     0.00
  SINCE OCT 1      1.36                      0.72   0.64     0.00
  SINCE JAN 1     14.93                     11.27   3.66    17.11

DEGREE DAYS
 HEATING
  YESTERDAY        0                         4     -4        0
  MONTH TO DATE   11                        45    -34       87
  SINCE SEP 1     11                        47    -36       87
  SINCE JUL 1     11                        47    -36       87

 COOLING
  YESTERDAY        1                         1      0        2
  MONTH TO DATE   35                        58    -23       25
  SINCE SEP 1    321                       339    -18      300
  SINCE JAN 1   1767                      1809    -42     1840
..................................................................


WIND (MPH)
  HIGHEST WIND SPEED    10   HIGHEST WIND DIRECTION     N (360)
  HIGHEST GUST SPEED    13   HIGHEST GUST DIRECTION     S (190)
  AVERAGE WIND SPEED     3.3


SKY COVER
  POSSIBLE SUNSHINE  MM
  AVERAGE SKY COVER 0.0


WEATHER CONDITIONS
 THE FOLLOWING WEATHER WAS RECORDED YESTERDAY.
  NO SIGNIFICANT WEATHER WAS OBSERVED.


RELATIVE HUMIDITY (PERCENT)
 HIGHEST    86
 LOWEST     20
 AVERAGE    53

..........................................................


THE DOUGLAS AZ CLIMATE NORMALS FOR TODAY
                         NORMAL    RECORD    YEAR
 MAXIMUM TEMPERATURE (F)   79        89      1979
                                             1959
 MINIMUM TEMPERATURE (F)   44        32      1961
                                             1957


SUNRISE AND SUNSET
OCTOBER 25 2014.......SUNRISE   629 AM MST   SUNSET   536 PM MST
OCTOBER 26 2014.......SUNRISE   630 AM MST   SUNSET   535 PM MST


-  INDICATES NEGATIVE NUMBERS.
R  INDICATES RECORD WAS SET OR TIED.
MM INDICATES DATA IS MISSING.
T  INDICATES TRACE AMOUNT.




$$
