835
CDUS43 KDVN 181011
CLIDVN


CLIMATE REPORT
NATIONAL WEATHER SERVICE QUAD CITIES IA IL
409 AM CST THU JAN 18 2018


...................................

...THE DAVENPORT IA CLIMATE SUMMARY FOR JANUARY 17 2018...

CLIMATE NORMAL PERIOD 1981 TO 2010
CLIMATE RECORD PERIOD 9999 TO 9999


WEATHER ITEM   OBSERVED TIME   RECORD YEAR NORMAL DEPARTURE LAST
                VALUE   (LST)  VALUE       VALUE  FROM      YEAR
                                                  NORMAL
..................................................................
TEMPERATURE (F)
 YESTERDAY
  MAXIMUM         22    431 PM  MM      MM  30     -8       36
  MINIMUM         -1    730 AM  MM      MM  12    -13       33
  AVERAGE         11                        21    -10       35

PRECIPITATION (IN)
  YESTERDAY        0.00         MM      MM   0.04  -0.04     0.02
  MONTH TO DATE    0.21                      0.41  -0.20     0.83
  SINCE DEC 1      0.75                      2.14  -1.39     2.21
  SINCE JAN 1      0.21                      0.41  -0.20     0.83

SNOWFALL (IN)
  YESTERDAY        0.0          MM      MM  MM     MM        0.0
  MONTH TO DATE    1.8                      MM     MM         T
  SINCE DEC 1      8.2                      MM     MM       16.5
  SINCE JUL 1      8.3                      MM     MM       16.5
  SNOW DEPTH       1

DEGREE DAYS
 HEATING
  YESTERDAY       54                        44     10       30
  MONTH TO DATE  893                       747    146      728
  SINCE DEC 1   2123                      1979    144     1970
  SINCE JUL 1   3333                      3327      6     2825

 COOLING
  YESTERDAY        0                         0      0        0
  MONTH TO DATE    0                         0      0        0
  SINCE DEC 1      0                         0      0        0
  SINCE JAN 1      0                         0      0        0
..................................................................


WIND (MPH)
  HIGHEST WIND SPEED    23   HIGHEST WIND DIRECTION    SW (230)
  HIGHEST GUST SPEED    31   HIGHEST GUST DIRECTION    SW (220)
  AVERAGE WIND SPEED    13.0


SKY COVER
  POSSIBLE SUNSHINE  MM
  AVERAGE SKY COVER 0.0


WEATHER CONDITIONS
 THE FOLLOWING WEATHER WAS RECORDED YESTERDAY.
  NO SIGNIFICANT WEATHER WAS OBSERVED.


RELATIVE HUMIDITY (PERCENT)
 HIGHEST    87          1200 AM
 LOWEST     62           100 PM
 AVERAGE    75

..........................................................


THE DAVENPORT IA CLIMATE NORMALS FOR TODAY
                         NORMAL    RECORD    YEAR
 MAXIMUM TEMPERATURE (F)   30        MM        MM
 MINIMUM TEMPERATURE (F)   12        MM        MM


SUNRISE AND SUNSET
JANUARY 18 2018.......SUNRISE   725 AM CST   SUNSET   501 PM CST
JANUARY 19 2018.......SUNRISE   725 AM CST   SUNSET   502 PM CST


-  INDICATES NEGATIVE NUMBERS.
R  INDICATES RECORD WAS SET OR TIED.
MM INDICATES DATA IS MISSING.
T  INDICATES TRACE AMOUNT.




$$
