000
CDUS43 KDVN 060914
CLIDVN


CLIMATE REPORT
NATIONAL WEATHER SERVICE QUAD CITIES IA IL
413 AM CDT FRI MAY 6 2016


...................................

...THE DAVENPORT IA CLIMATE SUMMARY FOR MAY 5 2016...

CLIMATE NORMAL PERIOD 1981 TO 2010
CLIMATE RECORD PERIOD 9999 TO 9999


WEATHER ITEM   OBSERVED TIME   RECORD YEAR NORMAL DEPARTURE LAST
                VALUE   (LST)  VALUE       VALUE  FROM      YEAR
                                                  NORMAL
..................................................................
TEMPERATURE (F)
 YESTERDAY
  MAXIMUM         68    500 PM  MM      MM  68      0       69
  MINIMUM         37    522 AM  MM      MM  46     -9       57
  AVERAGE         53                        57     -4       63

PRECIPITATION (IN)
  YESTERDAY        0.00         MM      MM   0.12  -0.12     0.62
  MONTH TO DATE    0.66                      0.60   0.06     1.64
  SINCE MAR 1      6.20                      6.63  -0.43     4.39
  SINCE JAN 1      6.98                      9.16  -2.18     6.96

SNOWFALL (IN)
  YESTERDAY        0.0          MM      MM  MM     MM        0.0
  MONTH TO DATE    0.0                      MM     MM        0.0
  SINCE MAR 1      1.2                      MM     MM        0.3
  SINCE JUL 1     16.6                      MM     MM       32.5
  SNOW DEPTH       0

DEGREE DAYS
 HEATING
  YESTERDAY       12                         9      3        2
  MONTH TO DATE   62                        46     16       18
  SINCE MAR 1   1167                      1325   -158     1308
  SINCE JUL 1   5391                      6350   -959     6804

 COOLING
  YESTERDAY        0                         1     -1        0
  MONTH TO DATE    0                         4     -4        8
  SINCE MAR 1     11                        10      1        9
  SINCE JAN 1     11                        10      1        9
..................................................................


WIND (MPH)
  HIGHEST WIND SPEED    16   HIGHEST WIND DIRECTION     N (20)
  HIGHEST GUST SPEED    19   HIGHEST GUST DIRECTION    NE (30)
  AVERAGE WIND SPEED     6.1


SKY COVER
  POSSIBLE SUNSHINE  MM
  AVERAGE SKY COVER 0.0


WEATHER CONDITIONS
 THE FOLLOWING WEATHER WAS RECORDED YESTERDAY.
  NO SIGNIFICANT WEATHER WAS OBSERVED.


RELATIVE HUMIDITY (PERCENT)
 HIGHEST    85           400 AM
 LOWEST     29           300 PM
 AVERAGE    57

..........................................................


THE DAVENPORT IA CLIMATE NORMALS FOR TODAY
                         NORMAL    RECORD    YEAR
 MAXIMUM TEMPERATURE (F)   69        MM        MM
 MINIMUM TEMPERATURE (F)   46        MM        MM


SUNRISE AND SUNSET
MAY  6 2016...........SUNRISE   552 AM CDT   SUNSET   806 PM CDT
MAY  7 2016...........SUNRISE   551 AM CDT   SUNSET   807 PM CDT


-  INDICATES NEGATIVE NUMBERS.
R  INDICATES RECORD WAS SET OR TIED.
MM INDICATES DATA IS MISSING.
T  INDICATES TRACE AMOUNT.




$$
