000
CDUS46 KOTX 310826
CLIEAT


CLIMATE REPORT
NATIONAL WEATHER SERVICE SPOKANE, WA
125 AM PDT TUE MAY 31 2016


...................................

...THE WENATCHEE WA PANGBORN FIELD CLIMATE SUMMARY FOR MAY 30 2016...

CLIMATE NORMAL PERIOD 1981 TO 2010
CLIMATE RECORD PERIOD 1959 TO 2016


WEATHER ITEM   OBSERVED TIME   RECORD YEAR NORMAL DEPARTURE LAST
                VALUE   (LST)  VALUE       VALUE  FROM      YEAR
                                                  NORMAL
..................................................................
TEMPERATURE (F)
 YESTERDAY
  MAXIMUM         77    409 PM 103    1986  75      2       90
  MINIMUM         48    514 AM  42    1984  52     -4       61
  AVERAGE         63                        63      0       76

PRECIPITATION (IN)
  YESTERDAY        0.00          0.26 1998   0.03  -0.03     0.00
  MONTH TO DATE    0.94                      0.65   0.29     1.21
  SINCE OCT 1     10.24                      6.57   3.67     6.87
  SINCE JAN 1      6.38                      3.62   2.76     3.69

SNOWFALL (IN)
  YESTERDAY       MM

DEGREE DAYS
 HEATING
  YESTERDAY        2                         4     -2        0
  MONTH TO DATE   72                       197   -125       74
  SINCE MAR 1    838                      1249   -411      869
  SINCE JUL 1   4711                      5713  -1002     4498

 COOLING
  YESTERDAY        0                         2     -2       11
  MONTH TO DATE   27                        34     -7       88
  SINCE MAR 1     39                        72    -33       88
  SINCE JAN 1     39                        72    -33       88
..................................................................


WIND (MPH)
  HIGHEST WIND SPEED    15   HIGHEST WIND DIRECTION    NW (330)
  HIGHEST GUST SPEED    19   HIGHEST GUST DIRECTION    NW (310)
  AVERAGE WIND SPEED     7.2


SKY COVER
  POSSIBLE SUNSHINE  MM
  AVERAGE SKY COVER 0.0


WEATHER CONDITIONS
 THE FOLLOWING WEATHER WAS RECORDED YESTERDAY.
  NO SIGNIFICANT WEATHER WAS OBSERVED.


RELATIVE HUMIDITY (PERCENT)
 HIGHEST    56           300 AM
 LOWEST     15           200 PM
 AVERAGE    36

..........................................................


THE WENATCHEE WA PANGBORN FIELD CLIMATE NORMALS FOR TODAY
                         NORMAL    RECORD    YEAR
 MAXIMUM TEMPERATURE (F)   75       103      1986
 MINIMUM TEMPERATURE (F)   52        41      1984


SUNRISE AND SUNSET
MAY 31 2016...........SUNRISE   508 AM PDT   SUNSET   849 PM PDT
JUNE  1 2016..........SUNRISE   508 AM PDT   SUNSET   850 PM PDT


-  INDICATES NEGATIVE NUMBERS.
R  INDICATES RECORD WAS SET OR TIED.
MM INDICATES DATA IS MISSING.
T  INDICATES TRACE AMOUNT.




$$
