000
CDUS46 KOTX 310832
CLIEAT


CLIMATE REPORT
NATIONAL WEATHER SERVICE SPOKANE, WA
130 AM PDT MON AUG 31 2015


...................................

...THE WENATCHEE WA PANGBORN FIELD CLIMATE SUMMARY FOR AUGUST 30 2015...

CLIMATE NORMAL PERIOD 1981 TO 2010
CLIMATE RECORD PERIOD 1959 TO 2015


WEATHER ITEM   OBSERVED TIME   RECORD YEAR NORMAL DEPARTURE LAST
                VALUE   (LST)  VALUE       VALUE  FROM      YEAR
                                                  NORMAL
..................................................................
TEMPERATURE (F)
 YESTERDAY
  MAXIMUM         73    404 PM  97    1998  82     -9       76
  MINIMUM         58    618 AM  45    1965  58      0       57
  AVERAGE         66                        70     -4       67

PRECIPITATION (IN)
  YESTERDAY        0.02          0.42 1977   0.00   0.02      T
  MONTH TO DATE    0.02                      0.19  -0.17     0.83
  SINCE OCT 1      7.17                      7.66  -0.49     4.52
  SINCE JAN 1      3.99                      4.71  -0.72     3.96

SNOWFALL (IN)
  YESTERDAY       MM

DEGREE DAYS
 HEATING
  YESTERDAY        0                         1     -1        0
  MONTH TO DATE    0                         2     -2        0
  SINCE JUN 1      0                        67    -67       15
  SINCE JUL 1      0                         9     -9        0

 COOLING
  YESTERDAY        1                         6     -5        2
  MONTH TO DATE  375                       263    112      382
  SINCE JUN 1   1238                       824    414     1029
  SINCE JAN 1   1337                       971    366     1087
..................................................................


WIND (MPH)
  HIGHEST WIND SPEED    26   HIGHEST WIND DIRECTION     W (270)
  HIGHEST GUST SPEED    34   HIGHEST GUST DIRECTION     W (260)
  AVERAGE WIND SPEED     8.0


SKY COVER
  POSSIBLE SUNSHINE  MM
  AVERAGE SKY COVER 0.3


WEATHER CONDITIONS
 THE FOLLOWING WEATHER WAS RECORDED YESTERDAY.
  LIGHT RAIN


RELATIVE HUMIDITY (PERCENT)
 HIGHEST    86           600 AM
 LOWEST     29           100 PM
 AVERAGE    58

..........................................................


THE WENATCHEE WA PANGBORN FIELD CLIMATE NORMALS FOR TODAY
                         NORMAL    RECORD    YEAR
 MAXIMUM TEMPERATURE (F)   82        99      1998
 MINIMUM TEMPERATURE (F)   57        45      1999


SUNRISE AND SUNSET
AUGUST 31 2015........SUNRISE   618 AM PDT   SUNSET   743 PM PDT
SEPTEMBER  1 2015.....SUNRISE   619 AM PDT   SUNSET   741 PM PDT


-  INDICATES NEGATIVE NUMBERS.
R  INDICATES RECORD WAS SET OR TIED.
MM INDICATES DATA IS MISSING.
T  INDICATES TRACE AMOUNT.




$$
