000
CDUS46 KOTX 170830
CLIEAT


CLIMATE REPORT
NATIONAL WEATHER SERVICE SPOKANE, WA
1230 AM PST WED JAN 17 2018


...................................

...THE WENATCHEE WA PANGBORN FIELD CLIMATE SUMMARY FOR JANUARY 16 2018...

CLIMATE NORMAL PERIOD 1981 TO 2010
CLIMATE RECORD PERIOD 1959 TO 2018


WEATHER ITEM   OBSERVED TIME   RECORD YEAR NORMAL DEPARTURE LAST
                VALUE   (LST)  VALUE       VALUE  FROM      YEAR
                                                  NORMAL
..................................................................
TEMPERATURE (F)
 YESTERDAY
  MAXIMUM         38    344 PM  55    1994  34      4       14
  MINIMUM         33    739 AM   6    1997  25      8       12
  AVERAGE         36                        30      6       13

PRECIPITATION (IN)
  YESTERDAY        0.11          0.52 1971   0.04   0.07      T
  MONTH TO DATE    0.63                      0.59   0.04     0.30
  SINCE OCT 1      3.71                      3.54   0.17     3.12
  SINCE JAN 1      0.63                      0.59   0.04     0.30

SNOWFALL (IN)
  YESTERDAY       MM

DEGREE DAYS
 HEATING
  YESTERDAY       29                        35     -6       52
  MONTH TO DATE  554                       589    -35      827
  SINCE DEC 1   1710                      1737    -27     2109
  SINCE JUL 1   3133                      3109     24     3186

 COOLING
  YESTERDAY        0                         0      0        0
  MONTH TO DATE    0                         0      0        0
  SINCE DEC 1      0                         0      0        0
  SINCE JAN 1      0                         0      0        0
..................................................................


WIND (MPH)
  HIGHEST WIND SPEED    13   HIGHEST WIND DIRECTION     E (90)
  HIGHEST GUST SPEED    17   HIGHEST GUST DIRECTION     E (100)
  AVERAGE WIND SPEED     3.7


SKY COVER
  POSSIBLE SUNSHINE  MM
  AVERAGE SKY COVER 1.0


WEATHER CONDITIONS
 THE FOLLOWING WEATHER WAS RECORDED YESTERDAY.
  LIGHT RAIN
  FOG
  FOG W/VISIBILITY <= 1/4 MILE


RELATIVE HUMIDITY (PERCENT)
 HIGHEST   100           100 AM
 LOWEST     85           500 PM
 AVERAGE    93

..........................................................


THE WENATCHEE WA PANGBORN FIELD CLIMATE NORMALS FOR TODAY
                         NORMAL    RECORD    YEAR
 MAXIMUM TEMPERATURE (F)   35        54      2011
 MINIMUM TEMPERATURE (F)   25         7      2007
                                             1984


SUNRISE AND SUNSET
JANUARY 17 2018.......SUNRISE   742 AM PST   SUNSET   440 PM PST
JANUARY 18 2018.......SUNRISE   741 AM PST   SUNSET   442 PM PST


-  INDICATES NEGATIVE NUMBERS.
R  INDICATES RECORD WAS SET OR TIED.
MM INDICATES DATA IS MISSING.
T  INDICATES TRACE AMOUNT.




$$
