000
CDUS46 KOTX 050822
CLIEAT


CLIMATE REPORT
NATIONAL WEATHER SERVICE SPOKANE, WA
122 AM PDT THU MAY 5 2016


...................................

...THE WENATCHEE WA PANGBORN FIELD CLIMATE SUMMARY FOR MAY 4 2016...

CLIMATE NORMAL PERIOD 1981 TO 2010
CLIMATE RECORD PERIOD 1959 TO 2016


WEATHER ITEM   OBSERVED TIME   RECORD YEAR NORMAL DEPARTURE LAST
                VALUE   (LST)  VALUE       VALUE  FROM      YEAR
                                                  NORMAL
..................................................................
TEMPERATURE (F)
 YESTERDAY
  MAXIMUM         75    354 PM  89    1966  68      7       81
  MINIMUM         57    645 AM  32    1962  45     12       47
  AVERAGE         66                        56     10       64

PRECIPITATION (IN)
  YESTERDAY        0.11          0.30 2009   0.01   0.10     0.00
  MONTH TO DATE    0.12                      0.05   0.07     0.00
  SINCE OCT 1      9.42                      5.97   3.45     5.66
  SINCE JAN 1      5.56                      3.02   2.54     2.48

SNOWFALL (IN)
  YESTERDAY       MM

DEGREE DAYS
 HEATING
  YESTERDAY        0                         9     -9        1
  MONTH TO DATE    2                        39    -37       10
  SINCE MAR 1    768                      1091   -323      805
  SINCE JUL 1   4641                      5555   -914     4434

 COOLING
  YESTERDAY        1                         0      1        0
  MONTH TO DATE    6                         0      6        2
  SINCE MAR 1     18                        38    -20        2
  SINCE JAN 1     18                        38    -20        2
..................................................................


WIND (MPH)
  HIGHEST WIND SPEED    25   HIGHEST WIND DIRECTION    NW (310)
  HIGHEST GUST SPEED    30   HIGHEST GUST DIRECTION    NW (320)
  AVERAGE WIND SPEED    10.0


SKY COVER
  POSSIBLE SUNSHINE  MM
  AVERAGE SKY COVER 0.3


WEATHER CONDITIONS
 THE FOLLOWING WEATHER WAS RECORDED YESTERDAY.
  LIGHT RAIN


RELATIVE HUMIDITY (PERCENT)
 HIGHEST    72           400 AM
 LOWEST     38          1200 PM
 AVERAGE    55

..........................................................


THE WENATCHEE WA PANGBORN FIELD CLIMATE NORMALS FOR TODAY
                         NORMAL    RECORD    YEAR
 MAXIMUM TEMPERATURE (F)   68        91      1966
 MINIMUM TEMPERATURE (F)   45        32      1968


SUNRISE AND SUNSET
MAY  5 2016...........SUNRISE   537 AM PDT   SUNSET   819 PM PDT
MAY  6 2016...........SUNRISE   536 AM PDT   SUNSET   820 PM PDT


-  INDICATES NEGATIVE NUMBERS.
R  INDICATES RECORD WAS SET OR TIED.
MM INDICATES DATA IS MISSING.
T  INDICATES TRACE AMOUNT.




$$
