000
CDUS46 KOTX 240824
CLIEAT


CLIMATE REPORT
NATIONAL WEATHER SERVICE SPOKANE, WA
124 AM PDT FRI OCT 24 2014


...................................

...THE WENATCHEE WA PANGBORN FIELD CLIMATE SUMMARY FOR OCTOBER 23 2014...

CLIMATE NORMAL PERIOD 1981 TO 2010
CLIMATE RECORD PERIOD 1959 TO 2014


WEATHER ITEM   OBSERVED TIME   RECORD YEAR NORMAL DEPARTURE LAST
                VALUE   (LST)  VALUE       VALUE  FROM      YEAR
                                                  NORMAL
..................................................................
TEMPERATURE (F)
 YESTERDAY
  MAXIMUM         59    222 PM  69    1992  57      2       66
  MINIMUM         44   1054 PM  29    1980  38      6       41
  AVERAGE         52                        48      4       54

PRECIPITATION (IN)
  YESTERDAY        0.02          0.80 1989   0.01   0.01     0.00
  MONTH TO DATE    0.17                      0.26  -0.09      T
  SINCE OCT 1      0.17                      0.26  -0.09      T
  SINCE JAN 1      4.29                      5.32  -1.03     6.69

SNOWFALL (IN)
  YESTERDAY       MM

DEGREE DAYS
 HEATING
  YESTERDAY       13                        17     -4       11
  MONTH TO DATE  147                       283   -136      308
  SINCE SEP 1    182                       381   -199      404
  SINCE JUL 1    182                       395   -213      404

 COOLING
  YESTERDAY        0                         0      0        0
  MONTH TO DATE   17                         0     17        0
  SINCE SEP 1    127                         2    125      147
  SINCE JAN 1   1218                       790    428     1028
..................................................................


WIND (MPH)
  HIGHEST WIND SPEED    18   HIGHEST WIND DIRECTION     W (260)
  HIGHEST GUST SPEED    22   HIGHEST GUST DIRECTION     W (250)
  AVERAGE WIND SPEED     5.9


SKY COVER
  POSSIBLE SUNSHINE  MM
  AVERAGE SKY COVER 0.3


WEATHER CONDITIONS
 THE FOLLOWING WEATHER WAS RECORDED YESTERDAY.
  LIGHT RAIN


RELATIVE HUMIDITY (PERCENT)
 HIGHEST    93           900 AM
 LOWEST     40           400 PM
 AVERAGE    67

..........................................................


THE WENATCHEE WA PANGBORN FIELD CLIMATE NORMALS FOR TODAY
                         NORMAL    RECORD    YEAR
 MAXIMUM TEMPERATURE (F)   56        69      1992
 MINIMUM TEMPERATURE (F)   38        29      1983


SUNRISE AND SUNSET
OCTOBER 24 2014.......SUNRISE   733 AM PDT   SUNSET   557 PM PDT
OCTOBER 25 2014.......SUNRISE   734 AM PDT   SUNSET   555 PM PDT


-  INDICATES NEGATIVE NUMBERS.
R  INDICATES RECORD WAS SET OR TIED.
MM INDICATES DATA IS MISSING.
T  INDICATES TRACE AMOUNT.




$$
