000
CDUS46 KOTX 192336
CLIEAT


CLIMATE REPORT
NATIONAL WEATHER SERVICE SPOKANE, WA
435 PM PDT SAT AUG 19 2017


...................................

...THE WENATCHEE WA PANGBORN FIELD CLIMATE SUMMARY FOR AUGUST 19 2017...
VALID AS OF 0400 PM LOCAL TIME.

CLIMATE NORMAL PERIOD 1981 TO 2010
CLIMATE RECORD PERIOD 1959 TO 2017


WEATHER ITEM   OBSERVED TIME   RECORD YEAR NORMAL DEPARTURE LAST
                VALUE   (LST)  VALUE       VALUE  FROM      YEAR
                                                  NORMAL
..................................................................
TEMPERATURE (F)
 TODAY
  MAXIMUM         83    252 PM 103    1967  86     -3       88
  MINIMUM         64    553 AM  48    1973  60      4       64
  AVERAGE         74                        73      1       76

PRECIPITATION (IN)
  TODAY            0.00          0.15 1968   0.01  -0.01     0.00
  MONTH TO DATE    0.06                      0.12  -0.06      T
  SINCE OCT 1      9.88                      7.59   2.29    11.16
  SINCE JAN 1      7.06                      4.64   2.42     7.30

SNOWFALL (IN)
  TODAY           MM

DEGREE DAYS
 HEATING
  TODAY            0                         0      0        0
  MONTH TO DATE    0                         0      0        2
  SINCE JUN 1     40                        65    -25       60
  SINCE JUL 1      0                         7     -7        4

 COOLING
  TODAY            9                         8      1       11
  MONTH TO DATE  259                       189     70      206
  SINCE JUN 1    772                       750     22      630
  SINCE JAN 1    828                       897    -69      672
..................................................................


WIND (MPH)
  HIGHEST WIND SPEED    23   HIGHEST WIND DIRECTION     W (280)
  HIGHEST GUST SPEED    29   HIGHEST GUST DIRECTION     W (280)
  AVERAGE WIND SPEED    12.1


SKY COVER
  POSSIBLE SUNSHINE  MM
  AVERAGE SKY COVER 0.0


WEATHER CONDITIONS
 THE FOLLOWING WEATHER WAS RECORDED TODAY.
  NO SIGNIFICANT WEATHER WAS OBSERVED.


RELATIVE HUMIDITY (PERCENT)
 HIGHEST    45          1200 AM
 LOWEST     18           100 PM
 AVERAGE    32

..........................................................


THE WENATCHEE WA PANGBORN FIELD CLIMATE NORMALS FOR TOMORROW
                         NORMAL    RECORD    YEAR
 MAXIMUM TEMPERATURE (F)   85       102      1977
 MINIMUM TEMPERATURE (F)   60        46      1968


SUNRISE AND SUNSET
AUGUST 19 2017........SUNRISE   603 AM PDT   SUNSET   805 PM PDT
AUGUST 20 2017........SUNRISE   604 AM PDT   SUNSET   803 PM PDT


-  INDICATES NEGATIVE NUMBERS.
R  INDICATES RECORD WAS SET OR TIED.
MM INDICATES DATA IS MISSING.
T  INDICATES TRACE AMOUNT.




$$
