000
CDUS46 KOTX 260908
CLIEAT


CLIMATE REPORT
NATIONAL WEATHER SERVICE SPOKANE, WA
208 AM PDT SUN MAR 26 2017


...................................

...THE WENATCHEE WA PANGBORN FIELD CLIMATE SUMMARY FOR MARCH 25 2017...

CLIMATE NORMAL PERIOD 1981 TO 2010
CLIMATE RECORD PERIOD 1959 TO 2017


WEATHER ITEM   OBSERVED TIME   RECORD YEAR NORMAL DEPARTURE LAST
                VALUE   (LST)  VALUE       VALUE  FROM      YEAR
                                                  NORMAL
..................................................................
TEMPERATURE (F)
 YESTERDAY
  MAXIMUM         55    337 PM  74    1960  57     -2       59
  MINIMUM         33    539 AM  21    1996  37     -4       37
  AVERAGE         44                        47     -3       48

PRECIPITATION (IN)
  YESTERDAY        0.00          0.40 2004   0.02  -0.02     0.00
  MONTH TO DATE    0.97                      0.54   0.43     2.29
  SINCE OCT 1      6.60                      5.36   1.24     8.80
  SINCE JAN 1      3.78                      2.41   1.37     4.94

SNOWFALL (IN)
  YESTERDAY        0.0

DEGREE DAYS
 HEATING
  YESTERDAY       21                        18      3       17
  MONTH TO DATE  626                       545     81      506
  SINCE MAR 1    626                       545     81      506
  SINCE JUL 1   5417                      5009    408     4379

 COOLING
  YESTERDAY        0                         0      0        0
  MONTH TO DATE    0                         0      0        0
  SINCE MAR 1      0                         0      0        0
  SINCE JAN 1      0                         0      0        0
..................................................................


WIND (MPH)
  HIGHEST WIND SPEED    23   HIGHEST WIND DIRECTION     W (290)
  HIGHEST GUST SPEED    27   HIGHEST GUST DIRECTION    NW (300)
  AVERAGE WIND SPEED     7.2


SKY COVER
  POSSIBLE SUNSHINE  MM
  AVERAGE SKY COVER 0.2


WEATHER CONDITIONS
 THE FOLLOWING WEATHER WAS RECORDED YESTERDAY.
  NO SIGNIFICANT WEATHER WAS OBSERVED.


RELATIVE HUMIDITY (PERCENT)
 HIGHEST   100           200 AM
 LOWEST     35           100 PM
 AVERAGE    68

..........................................................


THE WENATCHEE WA PANGBORN FIELD CLIMATE NORMALS FOR TODAY
                         NORMAL    RECORD    YEAR
 MAXIMUM TEMPERATURE (F)   57        74      1994
 MINIMUM TEMPERATURE (F)   37        24      1985


SUNRISE AND SUNSET
MARCH 26 2017.........SUNRISE   651 AM PDT   SUNSET   723 PM PDT
MARCH 27 2017.........SUNRISE   649 AM PDT   SUNSET   724 PM PDT


-  INDICATES NEGATIVE NUMBERS.
R  INDICATES RECORD WAS SET OR TIED.
MM INDICATES DATA IS MISSING.
T  INDICATES TRACE AMOUNT.




$$
