000
CDUS43 KMPX 210720
CLIEAU


CLIMATE REPORT
NATIONAL WEATHER SERVICE CHANHASSEN MN
220 AM CDT SUN SEP 21 2014


...................................

...THE EAU CLAIRE WI CLIMATE SUMMARY FOR SEPTEMBER 20 2014...

CLIMATE NORMAL PERIOD 1981 TO 2010
CLIMATE RECORD PERIOD 1893 TO 2014


WEATHER ITEM   OBSERVED TIME   RECORD YEAR NORMAL DEPARTURE LAST
                VALUE   (LST)  VALUE       VALUE  FROM      YEAR
                                                  NORMAL
..................................................................
TEMPERATURE (F)
 YESTERDAY
  MAXIMUM         77    212 PM  96    1895  70      7       67
  MINIMUM         55   1018 PM  27    1973  47      8       50
  AVERAGE         66                        58      8       59

PRECIPITATION (IN)
  YESTERDAY        0.17          1.13 1980   0.13   0.04     0.01
  MONTH TO DATE    5.33                      2.50   2.83     1.50
  SINCE SEP 1      5.33                      2.50   2.83     1.50
  SINCE JAN 1     38.00                     24.62  13.38    29.14

SNOWFALL (IN)
  YESTERDAY        0.0           0.0    MM   0.0    0.0      0.0
  MONTH TO DATE    0.0                       0.0    0.0      0.0
  SINCE SEP 1      0.0                       0.0    0.0      0.0
  SINCE JUL 1      0.0                       0.0    0.0      0.0
  SNOW DEPTH       0

DEGREE DAYS
 HEATING
  YESTERDAY        0                         8     -8        6
  MONTH TO DATE  126                        94     32       75
  SINCE SEP 1    126                        94     32       75
  SINCE JUL 1    149                       133     16      113

 COOLING
  YESTERDAY        1                         1      0        0
  MONTH TO DATE   18                        41    -23       82
  SINCE SEP 1     18                        41    -23       82
  SINCE JAN 1    496                       568    -72      648
..................................................................


WIND (MPH)
  HIGHEST WIND SPEED    30   HIGHEST WIND DIRECTION    NW (310)
  HIGHEST GUST SPEED    38   HIGHEST GUST DIRECTION    NW (310)
  AVERAGE WIND SPEED    10.3


SKY COVER
  POSSIBLE SUNSHINE  MM
  AVERAGE SKY COVER 0.4


WEATHER CONDITIONS
 THE FOLLOWING WEATHER WAS RECORDED YESTERDAY.
  THUNDERSTORM
  HEAVY RAIN
  RAIN
  LIGHT RAIN
  FOG


RELATIVE HUMIDITY (PERCENT)
 HIGHEST    87           200 AM
 LOWEST     49           400 PM
 AVERAGE    68

..........................................................


THE EAU CLAIRE WI CLIMATE NORMALS FOR TODAY
                         NORMAL    RECORD    YEAR
 MAXIMUM TEMPERATURE (F)   69        89      1908
                                             1941
 MINIMUM TEMPERATURE (F)   46        29      1999


SUNRISE AND SUNSET
SEPTEMBER 21 2014.....SUNRISE   652 AM CDT   SUNSET   705 PM CDT
SEPTEMBER 22 2014.....SUNRISE   653 AM CDT   SUNSET   703 PM CDT


-  INDICATES NEGATIVE NUMBERS.
R  INDICATES RECORD WAS SET OR TIED.
MM INDICATES DATA IS MISSING.
T  INDICATES TRACE AMOUNT.




$$
