251
CDUS43 KMPX 280627
CLIEAU


CLIMATE REPORT
NATIONAL WEATHER SERVICE CHANHASSEN MN
126 AM CDT FRI APR 28 2017


...................................

...THE EAU CLAIRE WI CLIMATE SUMMARY FOR APRIL 27 2017...

CLIMATE NORMAL PERIOD 1981 TO 2010
CLIMATE RECORD PERIOD 1893 TO 2017


WEATHER ITEM   OBSERVED TIME   RECORD YEAR NORMAL DEPARTURE LAST
                VALUE   (LST)  VALUE       VALUE  FROM      YEAR
                                                  NORMAL
..................................................................
TEMPERATURE (F)
 YESTERDAY
  MAXIMUM         36   1218 AM  87    1970  64    -28       56
  MINIMUM         32   1118 PM  23    1996  39     -7       36
  AVERAGE         34                        51    -17       46

PRECIPITATION (IN)
  YESTERDAY        0.00          3.07 1975   0.10  -0.10     0.10
  MONTH TO DATE    4.42                      2.42   2.00     1.54
  SINCE MAR 1      5.54                      4.15   1.39     6.20
  SINCE JAN 1      9.62                      5.85   3.77     7.36

SNOWFALL (IN)
  YESTERDAY        0.0           5.0  1908   T      0.0      0.0
  MONTH TO DATE    0.8                       1.8   -1.0      1.8
  SINCE MAR 1      5.6                      10.4   -4.8     13.9
  SINCE JUL 1     54.5                      46.7    7.8     38.0
  SNOW DEPTH       0

DEGREE DAYS
 HEATING
  YESTERDAY       31                        14     17       19
  MONTH TO DATE  455                       536    -81      520
  SINCE MAR 1   1505                      1580    -75     1331
  SINCE JUL 1   6615                      7600   -985     6509

 COOLING
  YESTERDAY        0                         1     -1        0
  MONTH TO DATE    0                         1     -1        4
  SINCE MAR 1      0                         1     -1        4
  SINCE JAN 1      0                         1     -1        4
..................................................................


WIND (MPH)
  HIGHEST WIND SPEED    17   HIGHEST WIND DIRECTION     W (290)
  HIGHEST GUST SPEED    22   HIGHEST GUST DIRECTION     W (280)
  AVERAGE WIND SPEED    10.9


SKY COVER
  POSSIBLE SUNSHINE  MM
  AVERAGE SKY COVER 1.0


WEATHER CONDITIONS
 THE FOLLOWING WEATHER WAS RECORDED YESTERDAY.
  FOG


RELATIVE HUMIDITY (PERCENT)
 HIGHEST    85           800 AM
 LOWEST     64          1000 PM
 AVERAGE    75

..........................................................


THE EAU CLAIRE WI CLIMATE NORMALS FOR TODAY
                         NORMAL    RECORD    YEAR
 MAXIMUM TEMPERATURE (F)   64        87      1952
 MINIMUM TEMPERATURE (F)   39        22      1965


SUNRISE AND SUNSET
APRIL 28 2017.........SUNRISE   600 AM CDT   SUNSET   808 PM CDT
APRIL 29 2017.........SUNRISE   558 AM CDT   SUNSET   809 PM CDT


-  INDICATES NEGATIVE NUMBERS.
R  INDICATES RECORD WAS SET OR TIED.
MM INDICATES DATA IS MISSING.
T  INDICATES TRACE AMOUNT.




$$
