000
CDUS42 KAKQ 272229
CLIECG


CLIMATE REPORT
NATIONAL WEATHER SERVICE WAKEFIELD, VA
529 PM EST THU NOV 27 2014


...................................

...THE ELIZABETH CITY NC CLIMATE SUMMARY FOR NOVEMBER 27 2014...
VALID TODAY AS OF 0500 PM LOCAL TIME.

CLIMATE NORMAL PERIOD 1981 TO 2010
CLIMATE RECORD PERIOD 1934 TO 2014


WEATHER ITEM   OBSERVED TIME   RECORD YEAR NORMAL DEPARTURE LAST
                VALUE   (LST)  VALUE       VALUE  FROM      YEAR
                                                  NORMAL
..................................................................
TEMPERATURE (F)
 TODAY
  MAXIMUM         52    222 PM  81    1973  60     -8       68
  MINIMUM         36    340 AM  22    1974  39     -3       36
  AVERAGE         44

PRECIPITATION (IN)
  TODAY            T             1.19 2013   0.09  -0.09     1.19
  MONTH TO DATE    2.92                      2.80   0.12     2.99
  SINCE SEP 1      9.85                      9.80   0.05     9.56
  SINCE JAN 1     37.29                     43.76  -6.47    39.59

SNOWFALL (IN)
  TODAY           MM
  MONTH TO DATE    0.0
  SINCE NOV 1      0.0
  SINCE JUL 1      0.0
  SNOW DEPTH       0

DEGREE DAYS
 HEATING
  TODAY           21
  MONTH TO DATE  371
  SINCE SEP 1    452
  SINCE JUL 1    452

 COOLING
  TODAY            0
  MONTH TO DATE    9
  SINCE SEP 1    343
  SINCE JAN 1   1586
..................................................................


WIND (MPH)
  RESULTANT WIND SPEED   3   RESULTANT WIND DIRECTION  NW (310)
  HIGHEST WIND SPEED    18   HIGHEST WIND DIRECTION     N (340)
  HIGHEST GUST SPEED    23   HIGHEST GUST DIRECTION     N (340)


SKY COVER
  POSSIBLE SUNSHINE  MM
  AVERAGE SKY COVER 0.8


WEATHER CONDITIONS
 THE FOLLOWING WEATHER WAS RECORDED TODAY.
  NO SIGNIFICANT WEATHER WAS OBSERVED.


RELATIVE HUMIDITY (PERCENT)
 HIGHEST    85
 LOWEST     63
 AVERAGE    74

..........................................................


THE ELIZABETH CITY NC CLIMATE NORMALS FOR TOMORROW
                         NORMAL    RECORD    YEAR
 MAXIMUM TEMPERATURE (F)   60        80      1985
 MINIMUM TEMPERATURE (F)   39        20      1936


SUNRISE AND SUNSET
NOVEMBER 27 2014......SUNRISE   654 AM EST   SUNSET   451 PM EST
NOVEMBER 28 2014......SUNRISE   655 AM EST   SUNSET   451 PM EST


-  INDICATES NEGATIVE NUMBERS.
R  INDICATES RECORD WAS SET OR TIED.
MM INDICATES DATA IS MISSING.
T  INDICATES TRACE AMOUNT.




$$
