000
CDUS42 KAKQ 200645
CLIECG


CLIMATE REPORT
NATIONAL WEATHER SERVICE WAKEFIELD, VA
145 AM EST MON FEB 20 2017


...................................

...THE ELIZABETH CITY NC CLIMATE SUMMARY FOR FEBRUARY 19 2017...

CLIMATE NORMAL PERIOD 1981 TO 2010
CLIMATE RECORD PERIOD 1934 TO 2017


WEATHER ITEM   OBSERVED TIME   RECORD YEAR NORMAL DEPARTURE LAST
                VALUE   (LST)  VALUE       VALUE  FROM      YEAR
                                                  NORMAL
..................................................................
TEMPERATURE (F)
 YESTERDAY
  MAXIMUM         73    248 PM  77    1939  55     18       47
  MINIMUM         44   1127 PM  14    2015  35      9       27
  AVERAGE         59                        45     14       37

PRECIPITATION (IN)
  YESTERDAY        0.00          1.27 1934   0.13  -0.13     0.00
  MONTH TO DATE    0.91                      2.17  -1.26     3.76
  SINCE DEC 1      7.27                      7.99  -0.72    10.68
  SINCE JAN 1      4.60                      5.43  -0.83     6.67

SNOWFALL (IN)
  YESTERDAY        0.0           T    1978  MM     MM
  MONTH TO DATE    0.0                      MM     MM
  SINCE NOV 1      1.2                      MM     MM
  SINCE JUL 1      1.2                      MM     MM
  SNOW DEPTH       0

DEGREE DAYS
 HEATING
  YESTERDAY        6                        20    -14       28
  MONTH TO DATE  324                       408    -84      449
  SINCE DEC 1   1531                      1780   -249     1425
  SINCE JUL 1   2021                      2295   -274     1781

 COOLING
  YESTERDAY        0                         0      0        0
  MONTH TO DATE    3                         0      3        0
  SINCE DEC 1      3                         3      0       31
  SINCE JAN 1      3                         1      2        0
..................................................................


WIND (MPH)
  HIGHEST WIND SPEED    14   HIGHEST WIND DIRECTION    NW (300)
  HIGHEST GUST SPEED    17   HIGHEST GUST DIRECTION    SW (210)
  AVERAGE WIND SPEED     5.6


SKY COVER
  POSSIBLE SUNSHINE  MM
  AVERAGE SKY COVER 0.0


WEATHER CONDITIONS
 THE FOLLOWING WEATHER WAS RECORDED YESTERDAY.
  NO SIGNIFICANT WEATHER WAS OBSERVED.


RELATIVE HUMIDITY (PERCENT)
 HIGHEST    86          1100 PM
 LOWEST     38           200 PM
 AVERAGE    62

..........................................................


THE ELIZABETH CITY NC CLIMATE NORMALS FOR TODAY
                         NORMAL    RECORD    YEAR
 MAXIMUM TEMPERATURE (F)   55        78      1991
 MINIMUM TEMPERATURE (F)   35         8      2015


SUNRISE AND SUNSET
FEBRUARY 20 2017......SUNRISE   646 AM EST   SUNSET   551 PM EST
FEBRUARY 21 2017......SUNRISE   645 AM EST   SUNSET   552 PM EST


-  INDICATES NEGATIVE NUMBERS.
R  INDICATES RECORD WAS SET OR TIED.
MM INDICATES DATA IS MISSING.
T  INDICATES TRACE AMOUNT.




$$
