000
CDUS42 KAKQ 280845
CLIECG


CLIMATE REPORT
NATIONAL WEATHER SERVICE WAKEFIELD, VA
445 AM EDT SAT MAR 28 2015


...................................

...THE ELIZABETH CITY NC CLIMATE SUMMARY FOR MARCH 27 2015...

CLIMATE NORMAL PERIOD 1981 TO 2010
CLIMATE RECORD PERIOD 1934 TO 2015


WEATHER ITEM   OBSERVED TIME   RECORD YEAR NORMAL DEPARTURE LAST
                VALUE   (LST)  VALUE       VALUE  FROM      YEAR
                                                  NORMAL
..................................................................
TEMPERATURE (F)
 YESTERDAY
  MAXIMUM         64    426 AM  85    2007  64      0       51
  MINIMUM         41   1159 PM  23    1955  43     -2       26
  AVERAGE         53                        53      0       39

PRECIPITATION (IN)
  YESTERDAY        0.74          1.80 1943   0.15   0.59     0.00
  MONTH TO DATE    2.90                      3.37  -0.47     2.24
  SINCE MAR 1      2.90                      3.37  -0.47     2.24
  SINCE JAN 1      9.70                      9.81  -0.11     6.38

SNOWFALL (IN)
  YESTERDAY       MM             T    1947  MM     MM
  MONTH TO DATE    0.0                      MM     MM
  SINCE NOV 1      T                        MM     MM
  SINCE JUL 1      T                        MM     MM
  SNOW DEPTH       0

DEGREE DAYS
 HEATING
  YESTERDAY       12                        12      0       26
  MONTH TO DATE  393                       420    -27      518
  SINCE MAR 1    393                       420    -27      518
  SINCE JUL 1   2927                      2892     35     3093

 COOLING
  YESTERDAY        0                         0      0        0
  MONTH TO DATE    5                         0      5        0
  SINCE MAR 1      5                         0      5        0
  SINCE JAN 1      7                         2      5        0
..................................................................


WIND (MPH)
  HIGHEST WIND SPEED    30   HIGHEST WIND DIRECTION     N (20)
  HIGHEST GUST SPEED    36   HIGHEST GUST DIRECTION     N (20)
  AVERAGE WIND SPEED    15.7


SKY COVER
  POSSIBLE SUNSHINE  MM
  AVERAGE SKY COVER 0.8


WEATHER CONDITIONS
 THE FOLLOWING WEATHER WAS RECORDED YESTERDAY.
  HEAVY RAIN
  RAIN
  LIGHT RAIN
  FOG


RELATIVE HUMIDITY (PERCENT)
 HIGHEST    93           700 AM
 LOWEST     78          1200 AM
 AVERAGE    86

..........................................................


THE ELIZABETH CITY NC CLIMATE NORMALS FOR TODAY
                         NORMAL    RECORD    YEAR
 MAXIMUM TEMPERATURE (F)   64        87      1945
 MINIMUM TEMPERATURE (F)   43        24      2001


SUNRISE AND SUNSET
MARCH 28 2015.........SUNRISE   657 AM EDT   SUNSET   723 PM EDT
MARCH 29 2015.........SUNRISE   656 AM EDT   SUNSET   724 PM EDT


-  INDICATES NEGATIVE NUMBERS.
R  INDICATES RECORD WAS SET OR TIED.
MM INDICATES DATA IS MISSING.
T  INDICATES TRACE AMOUNT.




$$
