000
CDUS42 KAKQ 122128
CLIECG


CLIMATE REPORT
NATIONAL WEATHER SERVICE WAKEFIELD, VA
528 PM EDT SAT JUL 12 2014


...................................

...THE ELIZABETH CITY NC CLIMATE SUMMARY FOR JULY 12 2014...
VALID TODAY AS OF 0500 PM LOCAL TIME.

CLIMATE NORMAL PERIOD 1981 TO 2010
CLIMATE RECORD PERIOD 1934 TO 2014


WEATHER ITEM   OBSERVED TIME   RECORD YEAR NORMAL DEPARTURE LAST
                VALUE   (LST)  VALUE       VALUE  FROM      YEAR
                                                  NORMAL
..................................................................
TEMPERATURE (F)
 TODAY
  MAXIMUM         83    340 PM  99    1993  88     -5       80
  MINIMUM         67    232 AM  57    1998  70     -3       72
  AVERAGE         75

PRECIPITATION (IN)
  TODAY            0.00          2.26 1972   0.18  -0.18     0.73
  MONTH TO DATE    2.98                      2.05   0.93     2.02
  SINCE JUN 1      6.81                      6.54   0.27     8.64
  SINCE JAN 1     21.77                     23.71  -1.94    19.31

SNOWFALL (IN)
  TODAY            0.0
  MONTH TO DATE    0.0
  SINCE NOV 1     10.2
  SINCE JUL 1      0.0
  SNOW DEPTH       0

DEGREE DAYS
 HEATING
  TODAY            0
  MONTH TO DATE    0
  SINCE JUN 1      5
  SINCE JUL 1      0

 COOLING
  TODAY           10
  MONTH TO DATE  155
  SINCE JUN 1    466
  SINCE JAN 1    675
..................................................................


WIND (MPH)
  RESULTANT WIND SPEED   4   RESULTANT WIND DIRECTION  NE (40)
  HIGHEST WIND SPEED    10   HIGHEST WIND DIRECTION    NE (60)
  HIGHEST GUST SPEED    14   HIGHEST GUST DIRECTION    NE (60)


SKY COVER
  POSSIBLE SUNSHINE  MM
  AVERAGE SKY COVER 0.3


WEATHER CONDITIONS
 THE FOLLOWING WEATHER WAS RECORDED TODAY.
  FOG
  FOG W/VISIBILITY <= 1/4 MILE


RELATIVE HUMIDITY (PERCENT)
 HIGHEST   100
 LOWEST     65
 AVERAGE    83

..........................................................


THE ELIZABETH CITY NC CLIMATE NORMALS FOR TOMORROW
                         NORMAL    RECORD    YEAR
 MAXIMUM TEMPERATURE (F)   88        99      1986
 MINIMUM TEMPERATURE (F)   70        51      1978


SUNRISE AND SUNSET
JULY 12 2014..........SUNRISE   557 AM EDT   SUNSET   824 PM EDT
JULY 13 2014..........SUNRISE   558 AM EDT   SUNSET   823 PM EDT


-  INDICATES NEGATIVE NUMBERS.
R  INDICATES RECORD WAS SET OR TIED.
MM INDICATES DATA IS MISSING.
T  INDICATES TRACE AMOUNT.




$$
