000
CDUS42 KAKQ 142127
CLIECG


CLIMATE REPORT
NATIONAL WEATHER SERVICE WAKEFIELD, VA
526 PM EDT SUN SEP 14 2014


...................................

...THE ELIZABETH CITY NC CLIMATE SUMMARY FOR SEPTEMBER 14 2014...
VALID TODAY AS OF 0500 PM LOCAL TIME.

CLIMATE NORMAL PERIOD 1981 TO 2010
CLIMATE RECORD PERIOD 1934 TO 2014


WEATHER ITEM   OBSERVED TIME   RECORD YEAR NORMAL DEPARTURE LAST
                VALUE   (LST)  VALUE       VALUE  FROM      YEAR
                                                  NORMAL
..................................................................
TEMPERATURE (F)
 TODAY
  MAXIMUM         74    117 PM  95    1952  82     -8       76
  MINIMUM         65    625 AM  48    1940  64      1       56
  AVERAGE         70

PRECIPITATION (IN)
  TODAY            0.00          4.76 1984   0.13  -0.13     0.00
  MONTH TO DATE    4.55                      1.92   2.63     0.67
  SINCE SEP 1      4.55                      1.92   2.63     0.67
  SINCE JAN 1     31.99                     35.88  -3.89    30.70

SNOWFALL (IN)
  TODAY            0.0
  MONTH TO DATE    0.0
  SINCE NOV 1     10.2
  SINCE JUL 1      0.0
  SNOW DEPTH       0

DEGREE DAYS
 HEATING
  TODAY            0
  MONTH TO DATE    0
  SINCE SEP 1      0
  SINCE JUL 1      0

 COOLING
  TODAY            5
  MONTH TO DATE  183
  SINCE SEP 1    183
  SINCE JAN 1   1426
..................................................................


WIND (MPH)
  RESULTANT WIND SPEED  13   RESULTANT WIND DIRECTION   N (20)
  HIGHEST WIND SPEED    18   HIGHEST WIND DIRECTION    NE (30)
  HIGHEST GUST SPEED    22   HIGHEST GUST DIRECTION    NE (30)


SKY COVER
  POSSIBLE SUNSHINE  MM
  AVERAGE SKY COVER 0.6


WEATHER CONDITIONS
 THE FOLLOWING WEATHER WAS RECORDED TODAY.
  NO SIGNIFICANT WEATHER WAS OBSERVED.


RELATIVE HUMIDITY (PERCENT)
 HIGHEST    93
 LOWEST     57
 AVERAGE    75

..........................................................


THE ELIZABETH CITY NC CLIMATE NORMALS FOR TOMORROW
                         NORMAL    RECORD    YEAR
 MAXIMUM TEMPERATURE (F)   82        95      1938
 MINIMUM TEMPERATURE (F)   64        49      1985


SUNRISE AND SUNSET
SEPTEMBER 14 2014.....SUNRISE   646 AM EDT   SUNSET   714 PM EDT
SEPTEMBER 15 2014.....SUNRISE   647 AM EDT   SUNSET   712 PM EDT


-  INDICATES NEGATIVE NUMBERS.
R  INDICATES RECORD WAS SET OR TIED.
MM INDICATES DATA IS MISSING.
T  INDICATES TRACE AMOUNT.




$$
