000
CDUS42 KAKQ 200529
CLIECG


CLIMATE REPORT
NATIONAL WEATHER SERVICE WAKEFIELD, VA
128 AM EDT WED SEP 20 2017


...................................

...THE ELIZABETH CITY NC CLIMATE SUMMARY FOR SEPTEMBER 19 2017...

CLIMATE NORMAL PERIOD 1981 TO 2010
CLIMATE RECORD PERIOD 1934 TO 2017


WEATHER ITEM   OBSERVED TIME   RECORD YEAR NORMAL DEPARTURE LAST
                VALUE   (LST)  VALUE       VALUE  FROM      YEAR
                                                  NORMAL
..................................................................
TEMPERATURE (F)
 YESTERDAY
  MAXIMUM         76    218 PM  94    1978  80     -4       88
  MINIMUM         71   1159 PM  46    1959  62      9       73
  AVERAGE         74                        71      3       81

PRECIPITATION (IN)
  YESTERDAY        0.06          4.82 1955   0.13  -0.07     0.38
  MONTH TO DATE    2.16                      2.60  -0.44     7.24
  SINCE SEP 1      2.16                      2.60  -0.44     7.24
  SINCE JAN 1     37.30                     36.56   0.74    34.75

SNOWFALL (IN)
  YESTERDAY        0.0           0.0  2002  MM     MM
  MONTH TO DATE    0.0                      MM     MM
  SINCE NOV 1      1.2                      MM     MM
  SINCE JUL 1      0.0                      MM     MM
  SNOW DEPTH       0

DEGREE DAYS
 HEATING
  YESTERDAY        0                         0      0        0
  MONTH TO DATE    0                         0      0        0
  SINCE SEP 1      0                         0      0        0
  SINCE JUL 1      0                         0      0        0

 COOLING
  YESTERDAY        9                         7      2       16
  MONTH TO DATE  157                       168    -11      229
  SINCE SEP 1    157                       168    -11      229
  SINCE JAN 1   1703                      1464    239     1736
..................................................................


WIND (MPH)
  HIGHEST WIND SPEED    28   HIGHEST WIND DIRECTION    NW (330)
  HIGHEST GUST SPEED    35   HIGHEST GUST DIRECTION    NW (330)
  AVERAGE WIND SPEED    13.9


SKY COVER
  POSSIBLE SUNSHINE  MM
  AVERAGE SKY COVER 0.8


WEATHER CONDITIONS
 THE FOLLOWING WEATHER WAS RECORDED YESTERDAY.
  LIGHT RAIN
  FOG


RELATIVE HUMIDITY (PERCENT)
 HIGHEST    93          1200 AM
 LOWEST     82           400 PM
 AVERAGE    88

..........................................................


THE ELIZABETH CITY NC CLIMATE NORMALS FOR TODAY
                         NORMAL    RECORD    YEAR
 MAXIMUM TEMPERATURE (F)   80        93      1942
 MINIMUM TEMPERATURE (F)   62        48      1959


SUNRISE AND SUNSET
SEPTEMBER 20 2017.....SUNRISE   651 AM EDT   SUNSET   704 PM EDT
SEPTEMBER 21 2017.....SUNRISE   652 AM EDT   SUNSET   703 PM EDT


-  INDICATES NEGATIVE NUMBERS.
R  INDICATES RECORD WAS SET OR TIED.
MM INDICATES DATA IS MISSING.
T  INDICATES TRACE AMOUNT.




$$
