000
CDUS42 KAKQ 040630
CLIECG


CLIMATE REPORT
NATIONAL WEATHER SERVICE WAKEFIELD, VA
130 AM EST SUN DEC 4 2016


...................................

...THE ELIZABETH CITY NC CLIMATE SUMMARY FOR DECEMBER 3 2016...

CLIMATE NORMAL PERIOD 1981 TO 2010
CLIMATE RECORD PERIOD 1934 TO 2016


WEATHER ITEM   OBSERVED TIME   RECORD YEAR NORMAL DEPARTURE LAST
                VALUE   (LST)  VALUE       VALUE  FROM      YEAR
                                                  NORMAL
..................................................................
TEMPERATURE (F)
 YESTERDAY
  MAXIMUM         55    116 PM  81    1991  58     -3       63
  MINIMUM         33    515 AM  18    1960  38     -5       41
  AVERAGE         44                        48     -4       52

PRECIPITATION (IN)
  YESTERDAY        0.00          1.29 1948   0.08  -0.08     0.00
  MONTH TO DATE    0.08                      0.25  -0.17     0.19
  SINCE DEC 1      0.08                      0.25  -0.17     0.19
  SINCE JAN 1     51.52                     44.27   7.25    43.01

SNOWFALL (IN)
  YESTERDAY        0.0           T    1966  MM     MM
  MONTH TO DATE    0.0                      MM     MM
  SINCE NOV 1      0.0                      MM     MM
  SINCE JUL 1      0.0                      MM     MM
  SNOW DEPTH       0

DEGREE DAYS
 HEATING
  YESTERDAY       21                        17      4       13
  MONTH TO DATE   47                        51     -4       30
  SINCE DEC 1     47                        51     -4       30
  SINCE JUL 1    537                       566    -29      386

 COOLING
  YESTERDAY        0                         0      0        0
  MONTH TO DATE    0                         0      0        0
  SINCE DEC 1      0                         0      0        0
  SINCE JAN 1   1954                      1588    366     1843
..................................................................


WIND (MPH)
  HIGHEST WIND SPEED    20   HIGHEST WIND DIRECTION     N (340)
  HIGHEST GUST SPEED    24   HIGHEST GUST DIRECTION     N (340)
  AVERAGE WIND SPEED     8.8


SKY COVER
  POSSIBLE SUNSHINE  MM
  AVERAGE SKY COVER 0.0


WEATHER CONDITIONS
 THE FOLLOWING WEATHER WAS RECORDED YESTERDAY.
  NO SIGNIFICANT WEATHER WAS OBSERVED.


RELATIVE HUMIDITY (PERCENT)
 HIGHEST    89           500 AM
 LOWEST     38           200 PM
 AVERAGE    64

..........................................................


THE ELIZABETH CITY NC CLIMATE NORMALS FOR TODAY
                         NORMAL    RECORD    YEAR
 MAXIMUM TEMPERATURE (F)   58        80      1978
 MINIMUM TEMPERATURE (F)   37        18      1940


SUNRISE AND SUNSET
DECEMBER  4 2016......SUNRISE   701 AM EST   SUNSET   450 PM EST
DECEMBER  5 2016......SUNRISE   701 AM EST   SUNSET   450 PM EST


-  INDICATES NEGATIVE NUMBERS.
R  INDICATES RECORD WAS SET OR TIED.
MM INDICATES DATA IS MISSING.
T  INDICATES TRACE AMOUNT.




$$
