000
CDUS42 KAKQ 200548
CLIECG


CLIMATE REPORT
NATIONAL WEATHER SERVICE WAKEFIELD, VA
137 AM EDT THU JUL 20 2017


...................................

...THE ELIZABETH CITY NC CLIMATE SUMMARY FOR JULY 19 2017...

CLIMATE NORMAL PERIOD 1981 TO 2010
CLIMATE RECORD PERIOD 1934 TO 2017


WEATHER ITEM   OBSERVED TIME   RECORD YEAR NORMAL DEPARTURE LAST
                VALUE   (LST)  VALUE       VALUE  FROM      YEAR
                                                  NORMAL
..................................................................
TEMPERATURE (F)
 YESTERDAY
  MAXIMUM         88    404 PM 105    1942  88      0       89
  MINIMUM         71    533 AM  61    1946  70      1       70
  AVERAGE         80                        79      1       80

PRECIPITATION (IN)
  YESTERDAY        0.00          3.80 1996   0.19  -0.19     0.09
  MONTH TO DATE    3.78                      3.35   0.43     2.81
  SINCE JUN 1      7.20                      7.84  -0.64     5.71
  SINCE JAN 1     24.17                     25.01  -0.84    23.92

SNOWFALL (IN)
  YESTERDAY        0.0           0.0  2002  MM     MM
  MONTH TO DATE    0.0                      MM     MM
  SINCE NOV 1      1.2                      MM     MM
  SINCE JUL 1      0.0                      MM     MM
  SNOW DEPTH       0

DEGREE DAYS
 HEATING
  YESTERDAY        0                         0      0        0
  MONTH TO DATE    0                         0      0        0
  SINCE JUN 1      4                         3      1        0
  SINCE JUL 1      0                         0      0        0

 COOLING
  YESTERDAY       15                        14      1       15
  MONTH TO DATE  317                       261     56      297
  SINCE JUN 1    665                       575     90      617
  SINCE JAN 1    963                       739    224      787
..................................................................


WIND (MPH)
  HIGHEST WIND SPEED    10   HIGHEST WIND DIRECTION    SE (140)
  HIGHEST GUST SPEED    14   HIGHEST GUST DIRECTION    SW (210)
  AVERAGE WIND SPEED     4.8


SKY COVER
  POSSIBLE SUNSHINE  MM
  AVERAGE SKY COVER 0.1


WEATHER CONDITIONS
 THE FOLLOWING WEATHER WAS RECORDED YESTERDAY.
  FOG


RELATIVE HUMIDITY (PERCENT)
 HIGHEST   100          1200 AM
 LOWEST     61           500 PM
 AVERAGE    81

..........................................................


THE ELIZABETH CITY NC CLIMATE NORMALS FOR TODAY
                         NORMAL    RECORD    YEAR
 MAXIMUM TEMPERATURE (F)   88       104      1942
 MINIMUM TEMPERATURE (F)   70        60      1976


SUNRISE AND SUNSET
JULY 20 2017..........SUNRISE   603 AM EDT   SUNSET   819 PM EDT
JULY 21 2017..........SUNRISE   603 AM EDT   SUNSET   819 PM EDT


-  INDICATES NEGATIVE NUMBERS.
R  INDICATES RECORD WAS SET OR TIED.
MM INDICATES DATA IS MISSING.
T  INDICATES TRACE AMOUNT.




$$
