000
CDUS45 KGJT 100736
CLIEEO


CLIMATE REPORT
NATIONAL WEATHER SERVICE GRAND JUNCTION CO
132 AM MDT THU JUL 10 2014


...................................

...THE MEEKER CO CLIMATE SUMMARY FOR JULY 9 2014...

CLIMATE NORMAL PERIOD 1981 TO 2010
CLIMATE RECORD PERIOD 9999 TO 9999


WEATHER ITEM   OBSERVED TIME   RECORD YEAR NORMAL DEPARTURE LAST
                VALUE   (LST)  VALUE       VALUE  FROM      YEAR
                                                  NORMAL
..................................................................
TEMPERATURE (F)
 YESTERDAY
  MAXIMUM         86   1242 PM  MM      MM  86      0       89
  MINIMUM         52    447 AM  MM      MM  47      5       54
  AVERAGE         69                        66      3       72

PRECIPITATION (IN)
  YESTERDAY       MM            MM      MM   0.04  MM        0.00
  MONTH TO DATE    0.02                      0.30  -0.28     0.49
  SINCE JUN 1      0.52                      1.54  -1.02     0.56
  SINCE JAN 1      7.95                      7.69   0.26     6.93

SNOWFALL (IN)
  YESTERDAY       MM            MM      MM  MM     MM       MM
  MONTH TO DATE   MM                        MM     MM       MM
  SINCE JUN 1     MM                        MM     MM       MM
  SINCE JUL 1     MM                        MM     MM       MM
  SNOW DEPTH      MM

DEGREE DAYS
 HEATING
  YESTERDAY        0                         1     -1        0
  MONTH TO DATE    5                        11     -6        0
  SINCE JUN 1    140                       155    -15       76
  SINCE JUL 1      5                        11     -6        0

 COOLING
  YESTERDAY        4                         2      2        7
  MONTH TO DATE   35                        16     19       40
  SINCE JUN 1     40                        33      7       77
  SINCE JAN 1     41                        34      7       77
..................................................................


WIND (MPH)
  HIGHEST WIND SPEED    35   HIGHEST WIND DIRECTION     N (350)
  HIGHEST GUST SPEED    43   HIGHEST GUST DIRECTION     N (360)
  AVERAGE WIND SPEED     6.6


SKY COVER
  POSSIBLE SUNSHINE  MM
  AVERAGE SKY COVER 0.1


WEATHER CONDITIONS
 THE FOLLOWING WEATHER WAS RECORDED YESTERDAY.
  THUNDERSTORM
  HEAVY RAIN
  LIGHT RAIN


RELATIVE HUMIDITY (PERCENT)
 HIGHEST    78          1100 PM
 LOWEST     22           500 PM
 AVERAGE    50

..........................................................


THE MEEKER CO CLIMATE NORMALS FOR TODAY
                         NORMAL    RECORD    YEAR
 MAXIMUM TEMPERATURE (F)   86        MM        MM
 MINIMUM TEMPERATURE (F)   48        MM        MM


SUNRISE AND SUNSET
JULY 10 2014..........SUNRISE   552 AM MDT   SUNSET   842 PM MDT
JULY 11 2014..........SUNRISE   552 AM MDT   SUNSET   841 PM MDT


-  INDICATES NEGATIVE NUMBERS.
R  INDICATES RECORD WAS SET OR TIED.
MM INDICATES DATA IS MISSING.
T  INDICATES TRACE AMOUNT.




$$
