000
CDUS44 KBMX 280942
CLIEET


CLIMATE REPORT
NATIONAL WEATHER SERVICE BIRMINGHAM, AL
440 AM CDT MON JUL 28 2014


...................................

...THE SHELBY COUNTY AIRPORT CLIMATE SUMMARY FOR JULY 27 2014...

CLIMATE NORMAL PERIOD 1981 TO 2010
CLIMATE RECORD PERIOD 9999 TO 9999


WEATHER ITEM   OBSERVED TIME   RECORD YEAR NORMAL DEPARTURE LAST
                VALUE   (LST)  VALUE       VALUE  FROM      YEAR
                                                  NORMAL
..................................................................
TEMPERATURE (F)
 YESTERDAY
  MAXIMUM         93    345 PM  MM      MM  91      2       84
  MINIMUM         73    500 AM  MM      MM  71      2       70
  AVERAGE         83                        81      2       77

PRECIPITATION (IN)
  YESTERDAY        0.00                      0.15  -0.15     0.00
  MONTH TO DATE    3.06                      4.14  -1.08     6.88
  SINCE JUN 1      8.37                      8.77  -0.40    11.58
  SINCE JAN 1     35.87                     32.70   3.17    40.58

DEGREE DAYS
 COOLING
  YESTERDAY       18                        16      2       12
  MONTH TO DATE  399                       424    -25      356
  SINCE JUN 1    814                       798     16      768
  SINCE JAN 1   1108                      1067     41     1020
..................................................................


WIND (MPH)
  HIGHEST WIND SPEED    10   HIGHEST WIND DIRECTION     W (250)
  HIGHEST GUST SPEED    16   HIGHEST GUST DIRECTION    NW (300)
  AVERAGE WIND SPEED     3.6


SKY COVER
  POSSIBLE SUNSHINE  MM
  AVERAGE SKY COVER 0.1


WEATHER CONDITIONS
 THE FOLLOWING WEATHER WAS RECORDED YESTERDAY.
  FOG
  HAZE


RELATIVE HUMIDITY (PERCENT)
 HIGHEST    94          1200 AM
 LOWEST     49           300 PM
 AVERAGE    72

..........................................................


THE SHELBY COUNTY AIRPORT CLIMATE NORMALS FOR TODAY
                         NORMAL    RECORD    YEAR
 MAXIMUM TEMPERATURE (F)   91        MM        MM
 MINIMUM TEMPERATURE (F)   71        MM        MM


SUNRISE AND SUNSET
JULY 28 2014..........SUNRISE   557 AM CDT   SUNSET   749 PM CDT
JULY 29 2014..........SUNRISE   558 AM CDT   SUNSET   749 PM CDT


-  INDICATES NEGATIVE NUMBERS.
R  INDICATES RECORD WAS SET OR TIED.
MM INDICATES DATA IS MISSING.
T  INDICATES TRACE AMOUNT.




$$
