000
CDUS46 KEKA 211218
CLIEKA


CLIMATE REPORT
NATIONAL WEATHER SERVICE EUREKA CA
417 AM PST SAT JAN 21 2017


...................................

...THE EUREKA CA CLIMATE SUMMARY FOR JANUARY 20 2017...

CLIMATE NORMAL PERIOD 1981 TO 2010
CLIMATE RECORD PERIOD 1886 TO 2017


WEATHER ITEM   OBSERVED RECORD YEAR NORMAL DEPARTURE LAST
                VALUE   VALUE       VALUE  FROM      YEAR
                                           NORMAL
...........................................................
TEMPERATURE (F)
 YESTERDAY
  MAXIMUM         48     69    1981  56     -8       63
                               1942
  MINIMUM         44     26    1937  41      3       43
  AVERAGE         46                 49     -3       53

PRECIPITATION (IN)
  YESTERDAY        1.16   1.80 2012   0.21   0.95     0.00
  MONTH TO DATE    8.99               4.37   4.62     8.04
  SINCE OCT 1     34.76              20.34  14.42    28.76
  SINCE JAN 1      8.99               4.37   4.62     8.04

SNOWFALL (IN)
  YESTERDAY       MM      0.0  2002   0.0   MM        0.0
  MONTH TO DATE    0.0                0.0    0.0      0.0
  SINCE DEC 1      0.0                T      0.0       T
  SINCE JUL 1      T                  T      0.0       T
  SNOW DEPTH       0

DEGREE DAYS
 HEATING
  YESTERDAY       19                 17      2       12
  MONTH TO DATE  397                340     57      296
  SINCE DEC 1   1010                873    137      795
  SINCE JUL 1   2244               2295    -51     1877

 COOLING
  YESTERDAY        0                  0      0        0
  MONTH TO DATE    0                  0      0        0
  SINCE DEC 1      0                  0      0        0
  SINCE JAN 1      0                  0      0        0
...........................................................


WIND (MPH)
  HIGHEST WIND SPEED    17   HIGHEST WIND DIRECTION     S (180)
  HIGHEST GUST SPEED    38   HIGHEST GUST DIRECTION    SE (140)
  AVERAGE WIND SPEED     8.8


SKY COVER
  AVERAGE SKY COVER 1.0


WEATHER CONDITIONS
 THE FOLLOWING WEATHER WAS RECORDED YESTERDAY.
  RAIN


..........................................................


THE EUREKA CA CLIMATE NORMALS FOR TODAY
                         NORMAL    RECORD    YEAR
 MAXIMUM TEMPERATURE (F)   56        75      1981
 MINIMUM TEMPERATURE (F)   41        25      1937


SUNRISE AND SUNSET
JANUARY 21 2017.......SUNRISE   735 AM PST   SUNSET   521 PM PST
JANUARY 22 2017.......SUNRISE   735 AM PST   SUNSET   522 PM PST


-  INDICATES NEGATIVE NUMBERS.
R  INDICATES RECORD WAS SET OR TIED.
MM INDICATES DATA IS MISSING.
T  INDICATES TRACE AMOUNT.




&&

..........................................................

TOTAL SEASON     NORMAL   % OF NORMAL     LAST SEASON

    34.76         20.34        171            28.76


$$
