000
CDUS46 KEKA 240010
CLIEKA


CLIMATE REPORT
NATIONAL WEATHER SERVICE EUREKA CA
510 PM PDT WED AUG 23 2017


...................................

...THE EUREKA CA CLIMATE SUMMARY FOR AUGUST 23 2017...
VALID TODAY AS OF 0500 PM LOCAL TIME.

CLIMATE NORMAL PERIOD 1981 TO 2010
CLIMATE RECORD PERIOD 1886 TO 2017


WEATHER ITEM   OBSERVED RECORD YEAR NORMAL DEPARTURE LAST
                VALUE   VALUE       VALUE  FROM      YEAR
                                           NORMAL
...........................................................
TEMPERATURE (F)
 TODAY
  MAXIMUM         59     72    1950  65     -6       59
  MINIMUM         53     46    2010  53      0       48
  AVERAGE         56                 59     -3       54

PRECIPITATION (IN)
  TODAY            T      0.27 1997   0.02  -0.02      T
  MONTH TO DATE    0.01               0.20  -0.19      T
  SINCE OCT 1     62.79              39.63  23.16    48.03
  SINCE JAN 1     37.02              23.66  13.36    27.31

SNOWFALL (IN)
  TODAY            0.0    0.0  2002   0.0    0.0     MM
                               2001
  MONTH TO DATE    0.0                0.0    0.0      0.0
  SINCE JUN 1      0.0                0.0    0.0      0.0
  SINCE JUL 1      0.0                0.0    0.0      0.0
  SNOW DEPTH      MM

...........................................................


WIND (MPH)
  HIGHEST WIND SPEED     9   HIGHEST WIND DIRECTION    NW (320)
  HIGHEST GUST SPEED     9   HIGHEST GUST DIRECTION    MM
  AVERAGE WIND SPEED     5.2


SKY COVER
  AVERAGE SKY COVER 1.0


WEATHER CONDITIONS
 THE FOLLOWING WEATHER WAS RECORDED TODAY.
  LIGHT RAIN
  FOG


..........................................................


THE EUREKA CA CLIMATE NORMALS FOR TOMORROW
                         NORMAL    RECORD    YEAR
 MAXIMUM TEMPERATURE (F)   65        74      1997
 MINIMUM TEMPERATURE (F)   53        46      2012
                                             1910


SUNRISE AND SUNSET
AUGUST 23 2017........SUNRISE   635 AM PDT   SUNSET   802 PM PDT
AUGUST 24 2017........SUNRISE   636 AM PDT   SUNSET   801 PM PDT


-  INDICATES NEGATIVE NUMBERS.
R  INDICATES RECORD WAS SET OR TIED.
MM INDICATES DATA IS MISSING.
T  INDICATES TRACE AMOUNT.




&&

..........................................................

TOTAL SEASON     NORMAL   % OF NORMAL     LAST SEASON

    62.79         39.63        158            48.03


$$
