000
CDUS46 KEKA 250019
CLIEKA


CLIMATE REPORT
NATIONAL WEATHER SERVICE EUREKA CA
419 PM PST MON NOV 24 2014


...................................

...THE EUREKA CA CLIMATE SUMMARY FOR NOVEMBER 24 2014...
VALID TODAY AS OF 0400 PM LOCAL TIME.

CLIMATE NORMAL PERIOD 1981 TO 2010
CLIMATE RECORD PERIOD 1886 TO 2014


WEATHER ITEM   OBSERVED RECORD YEAR NORMAL DEPARTURE LAST
                VALUE   VALUE       VALUE  FROM      YEAR
                                           NORMAL
...........................................................
TEMPERATURE (F)
 TODAY
  MAXIMUM         61     67    1974  57      4       65
  MINIMUM         41     30    2010  42     -1       34
  AVERAGE         51                 49      2       50

PRECIPITATION (IN)
  TODAY            0.00   2.46 1970   0.22  -0.22     0.00
  MONTH TO DATE    2.77               4.22  -1.45     1.29
  SINCE JUL 1     10.64               7.54   3.10     4.56
  SINCE JAN 1     26.63              30.82  -4.19    16.04

SNOWFALL (IN)
  TODAY            0.0   MM      MM   0.0    0.0      0.0
  MONTH TO DATE    0.0                0.0    0.0      0.0
  SINCE SEP 1      0.0                0.0    0.0      0.0
  SINCE JUL 1      0.0                0.0    0.0      0.0
  SNOW DEPTH      MM

...........................................................


WIND (MPH)
  HIGHEST WIND SPEED     5   HIGHEST WIND DIRECTION    NW (300)
  HIGHEST GUST SPEED     7   HIGHEST GUST DIRECTION    MM
  AVERAGE WIND SPEED     0.7


SKY COVER
  AVERAGE SKY COVER 0.9


WEATHER CONDITIONS
 THE FOLLOWING WEATHER WAS RECORDED TODAY.
  NO SIGNIFICANT WEATHER WAS OBSERVED.


..........................................................


THE EUREKA CA CLIMATE NORMALS FOR TOMORROW
                         NORMAL    RECORD    YEAR
 MAXIMUM TEMPERATURE (F)   57        70      1977
 MINIMUM TEMPERATURE (F)   42        30      2010


SUNRISE AND SUNSET
NOVEMBER 24 2014......SUNRISE   714 AM PST   SUNSET   452 PM PST
NOVEMBER 25 2014......SUNRISE   715 AM PST   SUNSET   452 PM PST


-  INDICATES NEGATIVE NUMBERS.
R  INDICATES RECORD WAS SET OR TIED.
MM INDICATES DATA IS MISSING.
T  INDICATES TRACE AMOUNT.




&&

..........................................................

TOTAL SEASON     NORMAL   % OF NORMAL     LAST SEASON

    10.64          7.54        141             4.56


$$
