886
CDUS46 KEKA 171225
CLIEKA


CLIMATE REPORT
NATIONAL WEATHER SERVICE EUREKA CA
515 AM PDT TUE OCT 17 2017


...................................

...THE EUREKA CA CLIMATE SUMMARY FOR OCTOBER 16 2017...

CLIMATE NORMAL PERIOD 1981 TO 2010
CLIMATE RECORD PERIOD 1886 TO 2017


WEATHER ITEM   OBSERVED RECORD YEAR NORMAL DEPARTURE LAST
                VALUE   VALUE       VALUE  FROM      YEAR
                                           NORMAL
...........................................................
TEMPERATURE (F)
 YESTERDAY
  MAXIMUM         64     77    1960  62      2       60
  MINIMUM         42     38    1999  47     -5       53
  AVERAGE         53                 54     -1       57

PRECIPITATION (IN)
  YESTERDAY        0.00   1.25 2016   0.07  -0.07     1.25
  MONTH TO DATE    0.01               0.78  -0.77     5.09
  SINCE OCT 1      0.01               0.78  -0.77     5.09
  SINCE JAN 1     38.08              25.14  12.94    32.45

SNOWFALL (IN)
  YESTERDAY        0.0    0.0  2002   0.0    0.0      0.0
                               2001
  MONTH TO DATE    0.0                0.0    0.0      0.0
  SINCE SEP 1      0.0                0.0    0.0      0.0
  SINCE JUL 1      0.0                0.0    0.0      0.0
  SNOW DEPTH       0

DEGREE DAYS
 HEATING
  YESTERDAY       12                 11      1        8
  MONTH TO DATE  200                159     41      116
  SINCE SEP 1    347                398    -51      353
  SINCE JUL 1    738                824    -86      800

 COOLING
  YESTERDAY        0                  0      0        0
  MONTH TO DATE    0                  0      0        0
  SINCE SEP 1     13                  0     13        0
  SINCE JAN 1     13                  0     13        0
...........................................................


WIND (MPH)
  HIGHEST WIND SPEED     9   HIGHEST WIND DIRECTION     N (10)
  HIGHEST GUST SPEED     9   HIGHEST GUST DIRECTION    MM
  AVERAGE WIND SPEED     2.5


SKY COVER
  AVERAGE SKY COVER 0.4


WEATHER CONDITIONS
 THE FOLLOWING WEATHER WAS RECORDED YESTERDAY.
  NO SIGNIFICANT WEATHER WAS OBSERVED.


..........................................................


THE EUREKA CA CLIMATE NORMALS FOR TODAY
                         NORMAL    RECORD    YEAR
 MAXIMUM TEMPERATURE (F)   62        74      1967
 MINIMUM TEMPERATURE (F)   47        38      1893
                                             1890


SUNRISE AND SUNSET
OCTOBER 17 2017.......SUNRISE   730 AM PDT   SUNSET   633 PM PDT
OCTOBER 18 2017.......SUNRISE   732 AM PDT   SUNSET   631 PM PDT


-  INDICATES NEGATIVE NUMBERS.
R  INDICATES RECORD WAS SET OR TIED.
MM INDICATES DATA IS MISSING.
T  INDICATES TRACE AMOUNT.




&&

..........................................................

TOTAL SEASON     NORMAL   % OF NORMAL     LAST SEASON

     0.01          0.78        1             5.09


$$
