000
CDUS46 KEKA 280023
CLIEKA


CLIMATE REPORT
NATIONAL WEATHER SERVICE EUREKA CA
420 PM PST SAT DEC 27 2014


...................................

...THE EUREKA CA CLIMATE SUMMARY FOR DECEMBER 27 2014...
VALID TODAY AS OF 0400 PM LOCAL TIME.

CLIMATE NORMAL PERIOD 1981 TO 2010
CLIMATE RECORD PERIOD 1886 TO 2014


WEATHER ITEM   OBSERVED RECORD YEAR NORMAL DEPARTURE LAST
                VALUE   VALUE       VALUE  FROM      YEAR
                                           NORMAL
...........................................................
TEMPERATURE (F)
 TODAY
  MAXIMUM         55     67    1917  55      0       53
  MINIMUM         34     30    1954  41     -7       36
  AVERAGE         45                 48     -3       45

PRECIPITATION (IN)
  TODAY            0.00   6.79 2002   0.26  -0.26     0.00
  MONTH TO DATE    9.64               7.15   2.49     0.56
  SINCE JUL 1     21.40              16.08   5.32     5.12
  SINCE JAN 1     37.39              39.36  -1.97    16.60

SNOWFALL (IN)
  TODAY            0.0    0.0  2001   0.0    0.0      0.0
  MONTH TO DATE    0.0                0.0    0.0       T
  SINCE DEC 1      0.0                0.0    0.0       T
  SINCE JUL 1      0.0                0.0    0.0       T
  SNOW DEPTH      MM

...........................................................


WIND (MPH)
  HIGHEST WIND SPEED     5   HIGHEST WIND DIRECTION    NW (310)
  HIGHEST GUST SPEED     8   HIGHEST GUST DIRECTION    MM
  AVERAGE WIND SPEED     1.9


SKY COVER
  AVERAGE SKY COVER 0.5


WEATHER CONDITIONS
 THE FOLLOWING WEATHER WAS RECORDED TODAY.
  NO SIGNIFICANT WEATHER WAS OBSERVED.


..........................................................


THE EUREKA CA CLIMATE NORMALS FOR TOMORROW
                         NORMAL    RECORD    YEAR
 MAXIMUM TEMPERATURE (F)   55        63      1937
 MINIMUM TEMPERATURE (F)   41        32      2006
                                             1978
                                             1955


SUNRISE AND SUNSET
DECEMBER 27 2014......SUNRISE   740 AM PST   SUNSET   456 PM PST
DECEMBER 28 2014......SUNRISE   740 AM PST   SUNSET   457 PM PST


-  INDICATES NEGATIVE NUMBERS.
R  INDICATES RECORD WAS SET OR TIED.
MM INDICATES DATA IS MISSING.
T  INDICATES TRACE AMOUNT.




&&

..........................................................

TOTAL SEASON     NORMAL   % OF NORMAL     LAST SEASON

    21.40         16.08        133             5.12


$$
