000
CDUS46 KEKA 190017
CLIEKA


CLIMATE REPORT
NATIONAL WEATHER SERVICE EUREKA CA
417 PM PST SUN FEB 18 2018


...................................

...THE EUREKA CA CLIMATE SUMMARY FOR FEBRUARY 18 2018...
VALID TODAY AS OF 0400 PM LOCAL TIME.

CLIMATE NORMAL PERIOD 1981 TO 2010
CLIMATE RECORD PERIOD 1886 TO 2018


WEATHER ITEM   OBSERVED RECORD YEAR NORMAL DEPARTURE LAST
                VALUE   VALUE       VALUE  FROM      YEAR
                                           NORMAL
...........................................................
TEMPERATURE (F)
 TODAY
  MAXIMUM         48     70    1968  56     -8       53
  MINIMUM         39     30    2006  42     -3       43
  AVERAGE         44                 49     -5       48

PRECIPITATION (IN)
  TODAY            0.20   2.33 1910   0.20   0.00     0.34
  MONTH TO DATE    0.69               3.62  -2.93     7.43
  SINCE OCT 1     19.53              26.09  -6.56    43.71
  SINCE JAN 1      8.55              10.12  -1.57    17.94

SNOWFALL (IN)
  TODAY           MM     MM      MM   0.0   MM       MM
  MONTH TO DATE    0.0                0.2   -0.2      0.0
  SINCE DEC 1      T                  0.2   -0.2       T
  SINCE JUL 1      T                  0.2   -0.2       T
  SNOW DEPTH      MM

...........................................................


WIND (MPH)
  HIGHEST WIND SPEED    14   HIGHEST WIND DIRECTION    NW (330)
  HIGHEST GUST SPEED    31   HIGHEST GUST DIRECTION     N (360)
  AVERAGE WIND SPEED     9.7


SKY COVER
  AVERAGE SKY COVER 0.9


WEATHER CONDITIONS
 THE FOLLOWING WEATHER WAS RECORDED TODAY.
  LIGHT RAIN
  HAIL


..........................................................


THE EUREKA CA CLIMATE NORMALS FOR TOMORROW
                         NORMAL    RECORD    YEAR
 MAXIMUM TEMPERATURE (F)   56        72      1902
 MINIMUM TEMPERATURE (F)   42        29      2006


SUNRISE AND SUNSET
FEBRUARY 18 2018......SUNRISE   706 AM PST   SUNSET   555 PM PST
FEBRUARY 19 2018......SUNRISE   705 AM PST   SUNSET   556 PM PST


-  INDICATES NEGATIVE NUMBERS.
R  INDICATES RECORD WAS SET OR TIED.
MM INDICATES DATA IS MISSING.
T  INDICATES TRACE AMOUNT.




&&

..........................................................

TOTAL SEASON     NORMAL   % OF NORMAL     LAST SEASON

    19.53         26.09        75            43.71


$$
