000
CDUS46 KEKA 261211
CLIEKA


CLIMATE REPORT
NATIONAL WEATHER SERVICE EUREKA CA
509 AM PDT SUN MAR 26 2017


...................................

...THE EUREKA CA CLIMATE SUMMARY FOR MARCH 25 2017...

CLIMATE NORMAL PERIOD 1981 TO 2010
CLIMATE RECORD PERIOD 1886 TO 2017


WEATHER ITEM   OBSERVED RECORD YEAR NORMAL DEPARTURE LAST
                VALUE   VALUE       VALUE  FROM      YEAR
                                           NORMAL
...........................................................
TEMPERATURE (F)
 YESTERDAY
  MAXIMUM         57     71    1969  57      0       57
  MINIMUM         47     33    1995  43      4       46
                               1924
  AVERAGE         52                 50      2       52

PRECIPITATION (IN)
  YESTERDAY        0.28   1.28 1905   0.16   0.12     0.00
  MONTH TO DATE    6.93               4.40   2.53     7.95
  SINCE OCT 1     54.31              32.50  21.81    43.71
  SINCE JAN 1     28.54              16.53  12.01    22.99

SNOWFALL (IN)
  YESTERDAY       MM     MM      MM   0.0   MM        0.0
  MONTH TO DATE    T                  0.0    0.0      0.0
  SINCE MAR 1      T                  0.0    0.0      0.0
  SINCE JUL 1      T                  0.2   -0.2       T
  SNOW DEPTH       0

DEGREE DAYS
 HEATING
  YESTERDAY       13                 15     -2       13
  MONTH TO DATE  345                383    -38      305
  SINCE MAR 1    345                383    -38      305
  SINCE JUL 1   3234               3305    -71     2715

 COOLING
  YESTERDAY        0                  0      0        0
  MONTH TO DATE    0                  0      0        0
  SINCE MAR 1      0                  0      0        0
  SINCE JAN 1      0                  0      0        0
...........................................................


WIND (MPH)
  HIGHEST WIND SPEED    10   HIGHEST WIND DIRECTION    NW (320)
  HIGHEST GUST SPEED    14   HIGHEST GUST DIRECTION    MM
  AVERAGE WIND SPEED     3.5


SKY COVER
  AVERAGE SKY COVER 0.9


WEATHER CONDITIONS
 THE FOLLOWING WEATHER WAS RECORDED YESTERDAY.
  LIGHT RAIN


..........................................................


THE EUREKA CA CLIMATE NORMALS FOR TODAY
                         NORMAL    RECORD    YEAR
 MAXIMUM TEMPERATURE (F)   57        75      1895
 MINIMUM TEMPERATURE (F)   43        33      1972
                                             1920
                                             1913


SUNRISE AND SUNSET
MARCH 26 2017.........SUNRISE   709 AM PDT   SUNSET   736 PM PDT
MARCH 27 2017.........SUNRISE   708 AM PDT   SUNSET   737 PM PDT


-  INDICATES NEGATIVE NUMBERS.
R  INDICATES RECORD WAS SET OR TIED.
MM INDICATES DATA IS MISSING.
T  INDICATES TRACE AMOUNT.




&&

..........................................................

TOTAL SEASON     NORMAL   % OF NORMAL     LAST SEASON

    54.31         32.50        167            43.71


$$
