000
CDUS41 KRLX 020822
CLIEKN


CLIMATE REPORT
NATIONAL WEATHER SERVICE CHARLESTON WV
321 AM EST MON MAR 2 2015


...................................

...THE ELKINS WV CLIMATE SUMMARY FOR MARCH 1 2015...

CLIMATE NORMAL PERIOD 1981 TO 2010
CLIMATE RECORD PERIOD 1899 TO 2015


WEATHER ITEM   OBSERVED TIME   RECORD YEAR NORMAL DEPARTURE LAST
                VALUE   (LST)  VALUE       VALUE  FROM      YEAR
                                                  NORMAL
..................................................................
TEMPERATURE (F)
 YESTERDAY
  MAXIMUM         44    836 PM  75    1972  47     -3       45
  MINIMUM         20   1216 AM  -1    1993  24     -4       13
  AVERAGE         32                        35     -3       29

PRECIPITATION (IN)
  YESTERDAY        0.77          2.22 1926   0.12   0.65     0.00
  MONTH TO DATE    0.77                      0.12   0.65     0.00
  SINCE JAN 1      6.49                      6.45   0.04     6.26

SNOWFALL (IN)
  YESTERDAY        0.0
  MONTH TO DATE    0.0
  SINCE SEP 1     56.0
  SNOW DEPTH       8

DEGREE DAYS
 HEATING
  YESTERDAY       33                        30      3       36
  MONTH TO DATE   33                        30      3       36
  SINCE MAR 1     33                        30      3       36
  SINCE JUL 1   4664                      4351    313     4559

 COOLING
  YESTERDAY        0                         0      0        0
  MONTH TO DATE    0                         0      0        0
  SINCE MAR 1      0                         0      0        0
  SINCE JAN 1      0                         0      0        0
..................................................................


WIND (MPH)
  HIGHEST WIND SPEED    16   HIGHEST WIND DIRECTION    SW (240)
  HIGHEST GUST SPEED    23   HIGHEST GUST DIRECTION    SW (240)
  AVERAGE WIND SPEED     4.9


SKY COVER
  POSSIBLE SUNSHINE  MM
  AVERAGE SKY COVER 1.0


WEATHER CONDITIONS
 THE FOLLOWING WEATHER WAS RECORDED YESTERDAY.
  RAIN
  LIGHT RAIN
  FOG


RELATIVE HUMIDITY (PERCENT)
 HIGHEST   100           300 PM
 LOWEST     51           300 AM
 AVERAGE    76

..........................................................


THE ELKINS WV CLIMATE NORMALS FOR TODAY
                         NORMAL    RECORD    YEAR
 MAXIMUM TEMPERATURE (F)   47        74      1972
 MINIMUM TEMPERATURE (F)   24       -15      1978


SUNRISE AND SUNSET
MARCH  2 2015.........SUNRISE   651 AM EST   SUNSET   613 PM EST
MARCH  3 2015.........SUNRISE   649 AM EST   SUNSET   614 PM EST


-  INDICATES NEGATIVE NUMBERS.
R  INDICATES RECORD WAS SET OR TIED.
MM INDICATES DATA IS MISSING.
T  INDICATES TRACE AMOUNT.




$$
