000
CDUS41 KRLX 311004
CLIEKN


CLIMATE REPORT
NATIONAL WEATHER SERVICE CHARLESTON WV
327 AM EDT FRI JUL 31 2015


...................................

...THE ELKINS WV CLIMATE SUMMARY FOR JULY 30 2015...

CLIMATE NORMAL PERIOD 1981 TO 2010
CLIMATE RECORD PERIOD 1899 TO 2015


WEATHER ITEM   OBSERVED TIME   RECORD YEAR NORMAL DEPARTURE LAST
                VALUE   (LST)  VALUE       VALUE  FROM      YEAR
                                                  NORMAL
..................................................................
TEMPERATURE (F)
 YESTERDAY
  MAXIMUM         84    139 PM  92    1913  81      3       73
  MINIMUM         60   1159 PM  44    1981  59      1       49
  AVERAGE         72                        70      2       61

PRECIPITATION (IN)
  YESTERDAY        0.44          1.89 1902   0.16   0.28      T
  MONTH TO DATE    4.98                      5.20  -0.22     5.28
  SINCE JAN 1     35.35                     28.81   6.54    25.14

SNOWFALL (IN)
  YESTERDAY        0.0
  MONTH TO DATE    0.0
  SINCE SEP 1     70.3
  SNOW DEPTH       0

DEGREE DAYS
 HEATING
  YESTERDAY        0                         0      0        4
  MONTH TO DATE    0                         8     -8       33
  SINCE JUN 1     21                        63    -42       47
  SINCE JUL 1      0                         8     -8       33

 COOLING
  YESTERDAY        7                         5      2        0
  MONTH TO DATE  198                       152     46      142
  SINCE JUN 1    351                       244    107      287
  SINCE JAN 1    416                       267    149      323
..................................................................


WIND (MPH)
  HIGHEST WIND SPEED    15   HIGHEST WIND DIRECTION    NW (300)
  HIGHEST GUST SPEED    20   HIGHEST GUST DIRECTION    NW (310)
  AVERAGE WIND SPEED     3.5


SKY COVER
  POSSIBLE SUNSHINE  MM
  AVERAGE SKY COVER 0.4


WEATHER CONDITIONS
 THE FOLLOWING WEATHER WAS RECORDED YESTERDAY.
  HEAVY RAIN
  RAIN
  LIGHT RAIN
  FOG


RELATIVE HUMIDITY (PERCENT)
 HIGHEST    97           700 AM
 LOWEST     42           500 PM
 AVERAGE    70

..........................................................


THE ELKINS WV CLIMATE NORMALS FOR TODAY
                         NORMAL    RECORD    YEAR
 MAXIMUM TEMPERATURE (F)   81        93      1999
 MINIMUM TEMPERATURE (F)   59        42      1997


SUNRISE AND SUNSET
JULY 31 2015..........SUNRISE   619 AM EDT   SUNSET   832 PM EDT
AUGUST  1 2015........SUNRISE   620 AM EDT   SUNSET   831 PM EDT


-  INDICATES NEGATIVE NUMBERS.
R  INDICATES RECORD WAS SET OR TIED.
MM INDICATES DATA IS MISSING.
T  INDICATES TRACE AMOUNT.




$$
