000
CDUS41 KRLX 212118
CLIEKN


CLIMATE REPORT
NATIONAL WEATHER SERVICE CHARLESTON WV
517 PM EDT SUN SEP 21 2014


...................................

...THE ELKINS WV CLIMATE SUMMARY FOR SEPTEMBER 21 2014...
VALID TODAY AS OF 0500 PM LOCAL TIME.

CLIMATE NORMAL PERIOD 1981 TO 2010
CLIMATE RECORD PERIOD 1899 TO 2014


WEATHER ITEM   OBSERVED TIME   RECORD YEAR NORMAL DEPARTURE LAST
                VALUE   (LST)  VALUE       VALUE  FROM      YEAR
                                                  NORMAL
..................................................................
TEMPERATURE (F)
 TODAY
  MAXIMUM         78   1210 PM  88    1931  72      6       70
                                      1914
  MINIMUM         51    450 AM  29    1956  49      2       53
  AVERAGE         65                        60      5       62

PRECIPITATION (IN)
  TODAY            T             2.08 1948   0.13  -0.13     0.49
  MONTH TO DATE    1.18                      2.59  -1.41     2.36
  SINCE SEP 1      1.18                      2.59  -1.41     2.36
  SINCE JAN 1     29.41                     35.40  -5.99    35.28

DEGREE DAYS
 HEATING
  TODAY            0                         6     -6        3
  MONTH TO DATE   52                        64    -12       55
  SINCE SEP 1     52                        64    -12       55
  SINCE JUL 1    103                        94      9       78

 COOLING
  TODAY            0                         1     -1        0
  MONTH TO DATE   65                        39     26       60
  SINCE SEP 1     65                        39     26       60
  SINCE JAN 1    503                       465     38      523
..................................................................


WIND (MPH)
  HIGHEST WIND SPEED    20   HIGHEST WIND DIRECTION    SW (240)
  HIGHEST GUST SPEED    26   HIGHEST GUST DIRECTION     W (290)
  AVERAGE WIND SPEED     3.9


SKY COVER
  POSSIBLE SUNSHINE  MM
  AVERAGE SKY COVER 0.3


WEATHER CONDITIONS
 THE FOLLOWING WEATHER WAS RECORDED TODAY.
  LIGHT RAIN
  FOG
  FOG W/VISIBILITY <= 1/4 MILE


RELATIVE HUMIDITY (PERCENT)
 HIGHEST   100          1200 AM
 LOWEST     60           400 PM
 AVERAGE    80

..........................................................


THE ELKINS WV CLIMATE NORMALS FOR TOMORROW
                         NORMAL    RECORD    YEAR
 MAXIMUM TEMPERATURE (F)   72        89      1914
 MINIMUM TEMPERATURE (F)   48        30      1999


SUNRISE AND SUNSET
SEPTEMBER 21 2014.....SUNRISE   706 AM EDT   SUNSET   718 PM EDT
SEPTEMBER 22 2014.....SUNRISE   707 AM EDT   SUNSET   716 PM EDT


-  INDICATES NEGATIVE NUMBERS.
R  INDICATES RECORD WAS SET OR TIED.
MM INDICATES DATA IS MISSING.
T  INDICATES TRACE AMOUNT.




$$
