000
CDUS41 KRLX 200715
CLIEKN


CLIMATE REPORT
NATIONAL WEATHER SERVICE CHARLESTON WV
315 AM EDT SUN AUG 20 2017


...................................

...THE ELKINS WV CLIMATE SUMMARY FOR AUGUST 19 2017...

CLIMATE NORMAL PERIOD 1981 TO 2010
CLIMATE RECORD PERIOD 1899 TO 2017


WEATHER ITEM   OBSERVED TIME   RECORD YEAR NORMAL DEPARTURE LAST
                VALUE   (LST)  VALUE       VALUE  FROM      YEAR
                                                  NORMAL
..................................................................
TEMPERATURE (F)
 YESTERDAY
  MAXIMUM         83    257 PM  89    1993  80      3       84
                                      1937
                                      1914
  MINIMUM         61    459 AM  39    1981  58      3       65
  AVERAGE         72                        69      3       75

PRECIPITATION (IN)
  YESTERDAY        0.36          2.19 1967   0.12   0.24      T
  MONTH TO DATE    3.16                      2.46   0.70     2.48
  SINCE JAN 1     34.07                     31.43   2.64    29.31

SNOWFALL (IN)
  YESTERDAY        0.0
  MONTH TO DATE    0.0
  SINCE SEP 1     44.5
  SNOW DEPTH       0

DEGREE DAYS
 HEATING
  YESTERDAY        0                         1     -1        0
  MONTH TO DATE    8                         4      4        0
  SINCE JUN 1     69                        71     -2       28
  SINCE JUL 1     11                        16     -5        0

 COOLING
  YESTERDAY        7                         5      2       10
  MONTH TO DATE   81                        95    -14      195
  SINCE JUN 1    390                       353     37      571
  SINCE JAN 1    434                       376     58      600
..................................................................


WIND (MPH)
  HIGHEST WIND SPEED    18   HIGHEST WIND DIRECTION     N (360)
  HIGHEST GUST SPEED    27   HIGHEST GUST DIRECTION    NW (330)
  AVERAGE WIND SPEED     3.3


SKY COVER
  AVERAGE SKY COVER 0.3


WEATHER CONDITIONS
 THE FOLLOWING WEATHER WAS RECORDED YESTERDAY.
  HEAVY RAIN
  RAIN
  LIGHT RAIN
  FOG


RELATIVE HUMIDITY (PERCENT)
 HIGHEST    93           100 AM
 LOWEST     43           200 PM
 AVERAGE    68

..........................................................


THE ELKINS WV CLIMATE NORMALS FOR TODAY
                         NORMAL    RECORD    YEAR
 MAXIMUM TEMPERATURE (F)   80        90      1937
                                             1914
 MINIMUM TEMPERATURE (F)   58        40      1981


SUNRISE AND SUNSET
AUGUST 20 2017........SUNRISE   638 AM EDT   SUNSET   807 PM EDT
AUGUST 21 2017........SUNRISE   639 AM EDT   SUNSET   806 PM EDT


-  INDICATES NEGATIVE NUMBERS.
R  INDICATES RECORD WAS SET OR TIED.
MM INDICATES DATA IS MISSING.
T  INDICATES TRACE AMOUNT.




$$
