000
CDUS41 KRLX 240724
CLIEKN


CLIMATE REPORT
NATIONAL WEATHER SERVICE CHARLESTON WV
322 AM EDT TUE OCT 24 2017


...................................

...THE ELKINS WV CLIMATE SUMMARY FOR OCTOBER 23 2017...

CLIMATE NORMAL PERIOD 1981 TO 2010
CLIMATE RECORD PERIOD 1899 TO 2017


WEATHER ITEM   OBSERVED TIME   RECORD YEAR NORMAL DEPARTURE LAST
                VALUE   (LST)  VALUE       VALUE  FROM      YEAR
                                                  NORMAL
..................................................................
TEMPERATURE (F)
 YESTERDAY
  MAXIMUM         66    340 PM  80    1947  62      4       63
  MINIMUM         48   1110 PM  15    1974  36     12       42
  AVERAGE         57                        49      8       53

PRECIPITATION (IN)
  YESTERDAY        2.08R         1.95 1959   0.10   1.98     0.00
  MONTH TO DATE    4.01                      2.08   1.93     2.45
  SINCE JAN 1     39.51                     38.52   0.99    37.55

SNOWFALL (IN)
  YESTERDAY        0.0           1.6  1937   0.1   -0.1      0.0
                                      2006
  MONTH TO DATE    0.0                       0.2   -0.2      0.0
  SINCE SEP 1      0.0                       0.2   -0.2      0.0
  SNOW DEPTH       0

DEGREE DAYS
 HEATING
  YESTERDAY        8                        16     -8       12
  MONTH TO DATE  134                       292   -158      179
  SINCE SEP 1    237                       422   -185      201
  SINCE JUL 1    259                       452   -193      201

 COOLING
  YESTERDAY        0                         0      0        0
  MONTH TO DATE   25                         0     25        5
  SINCE SEP 1     82                        45     37      120
  SINCE JAN 1    544                       471     73      809
..................................................................


WIND (MPH)
  HIGHEST WIND SPEED    22   HIGHEST WIND DIRECTION    SE (140)
  HIGHEST GUST SPEED    32   HIGHEST GUST DIRECTION    SE (140)
  AVERAGE WIND SPEED     6.9


SKY COVER
  POSSIBLE SUNSHINE  MM
  AVERAGE SKY COVER 0.6


WEATHER CONDITIONS
 THE FOLLOWING WEATHER WAS RECORDED YESTERDAY.
  HEAVY RAIN
  LIGHT RAIN
  FOG
  FOG W/VISIBILITY <= 1/4 MILE


RELATIVE HUMIDITY (PERCENT)
 HIGHEST    93          1100 PM
 LOWEST     60          1200 AM
 AVERAGE    77

..........................................................


THE ELKINS WV CLIMATE NORMALS FOR TODAY
                         NORMAL    RECORD    YEAR
 MAXIMUM TEMPERATURE (F)   62        82      1920
 MINIMUM TEMPERATURE (F)   36        13      1969


SUNRISE AND SUNSET
OCTOBER 24 2017.......SUNRISE   738 AM EDT   SUNSET   628 PM EDT
OCTOBER 25 2017.......SUNRISE   739 AM EDT   SUNSET   627 PM EDT


-  INDICATES NEGATIVE NUMBERS.
R  INDICATES RECORD WAS SET OR TIED.
MM INDICATES DATA IS MISSING.
T  INDICATES TRACE AMOUNT.




$$
