000
CDUS41 KRLX 250824
CLIEKN


CLIMATE REPORT
NATIONAL WEATHER SERVICE CHARLESTON WV
323 AM EST SAT FEB 25 2017


...................................

...THE ELKINS WV CLIMATE SUMMARY FOR FEBRUARY 24 2017...

CLIMATE NORMAL PERIOD 1981 TO 2010
CLIMATE RECORD PERIOD 1899 TO 2017


WEATHER ITEM   OBSERVED TIME   RECORD YEAR NORMAL DEPARTURE LAST
                VALUE   (LST)  VALUE       VALUE  FROM      YEAR
                                                  NORMAL
..................................................................
TEMPERATURE (F)
 YESTERDAY
  MAXIMUM         77R   356 PM  72    1985  45     32       64
                                      1906
  MINIMUM         40    516 AM -15    2015  23     17       42
  AVERAGE         59                        34     25       53

PRECIPITATION (IN)
  YESTERDAY        0.00          0.73 1972   0.11  -0.11     0.24
  MONTH TO DATE    1.53                      2.63  -1.10     2.39
  SINCE JAN 1      6.62                      5.86   0.76     4.76

SNOWFALL (IN)
  YESTERDAY        0.0
  MONTH TO DATE    9.9
  SINCE SEP 1     30.4
  SNOW DEPTH       0

DEGREE DAYS
 HEATING
  YESTERDAY        6                        31    -25       12
  MONTH TO DATE  575                       798   -223      760
  SINCE DEC 1   2355                      2915   -560     2587
  SINCE JUL 1   3300                      4199   -899     3590

 COOLING
  YESTERDAY        0                         0      0        0
  MONTH TO DATE    0                         0      0        0
  SINCE DEC 1      0                         0      0        0
  SINCE JAN 1      0                         0      0        0
..................................................................


WIND (MPH)
  HIGHEST WIND SPEED    17   HIGHEST WIND DIRECTION     S (160)
  HIGHEST GUST SPEED    28   HIGHEST GUST DIRECTION    SE (150)
  AVERAGE WIND SPEED     5.9


SKY COVER
  POSSIBLE SUNSHINE  MM
  AVERAGE SKY COVER 0.1


WEATHER CONDITIONS
 THE FOLLOWING WEATHER WAS RECORDED YESTERDAY.
  FOG


RELATIVE HUMIDITY (PERCENT)
 HIGHEST    93           600 AM
 LOWEST     29           300 PM
 AVERAGE    61

..........................................................


THE ELKINS WV CLIMATE NORMALS FOR TODAY
                         NORMAL    RECORD    YEAR
 MAXIMUM TEMPERATURE (F)   45        71      2000
 MINIMUM TEMPERATURE (F)   23       -11      1993


SUNRISE AND SUNSET
FEBRUARY 25 2017......SUNRISE   657 AM EST   SUNSET   608 PM EST
FEBRUARY 26 2017......SUNRISE   656 AM EST   SUNSET   609 PM EST


-  INDICATES NEGATIVE NUMBERS.
R  INDICATES RECORD WAS SET OR TIED.
MM INDICATES DATA IS MISSING.
T  INDICATES TRACE AMOUNT.




$$
