000
CDUS41 KRLX 232235
CLIEKN


CLIMATE REPORT
NATIONAL WEATHER SERVICE CHARLESTON WV
535 PM EST TUE JAN 23 2018


...................................

...THE ELKINS WV CLIMATE SUMMARY FOR JANUARY 23 2018...
VALID TODAY AS OF 0500 PM LOCAL TIME.

CLIMATE NORMAL PERIOD 1981 TO 2010
CLIMATE RECORD PERIOD 1899 TO 2018


WEATHER ITEM   OBSERVED TIME   RECORD YEAR NORMAL DEPARTURE LAST
                VALUE   (LST)  VALUE       VALUE  FROM      YEAR
                                                  NORMAL
..................................................................
TEMPERATURE (F)
 TODAY
  MAXIMUM         56    304 AM  67    1999  39     17       51
  MINIMUM         41   1046 AM -18    1978  20     21       33
  AVERAGE         49                        29     20       42

PRECIPITATION (IN)
  TODAY            0.34          0.76 1932   0.11   0.23     0.24
  MONTH TO DATE    1.85                      2.40  -0.55     4.50
  SINCE DEC 1      4.09                      5.66  -1.57     9.40
  SINCE JAN 1      1.85                      2.40  -0.55     4.50

DEGREE DAYS
 HEATING
  TODAY           16                        36    -20       23
  MONTH TO DATE  924                       828     96      606
  SINCE DEC 1   1969                      1835    134     1524
  SINCE JUL 1   3054                      3119    -65     2469

 COOLING
  TODAY            0                         0      0        0
  MONTH TO DATE    0                         0      0        0
  SINCE DEC 1      0                         0      0        0
  SINCE JAN 1      0                         0      0        0
..................................................................


WIND (MPH)
  HIGHEST WIND SPEED    23   HIGHEST WIND DIRECTION    SW (240)
  HIGHEST GUST SPEED    33   HIGHEST GUST DIRECTION     W (280)
  AVERAGE WIND SPEED    12.6


SKY COVER
  POSSIBLE SUNSHINE  MM
  AVERAGE SKY COVER 0.8


WEATHER CONDITIONS
 THE FOLLOWING WEATHER WAS RECORDED TODAY.
  HEAVY RAIN
  RAIN
  LIGHT RAIN
  FOG
  HAZE


RELATIVE HUMIDITY (PERCENT)
 HIGHEST    80           800 AM
 LOWEST     53           300 PM
 AVERAGE    67

..........................................................


THE ELKINS WV CLIMATE NORMALS FOR TOMORROW
                         NORMAL    RECORD    YEAR
 MAXIMUM TEMPERATURE (F)   39        70      1950
 MINIMUM TEMPERATURE (F)   20       -16      1963


SUNRISE AND SUNSET
JANUARY 23 2018.......SUNRISE   732 AM EST   SUNSET   531 PM EST
JANUARY 24 2018.......SUNRISE   732 AM EST   SUNSET   532 PM EST


-  INDICATES NEGATIVE NUMBERS.
R  INDICATES RECORD WAS SET OR TIED.
MM INDICATES DATA IS MISSING.
T  INDICATES TRACE AMOUNT.




$$
