000
CDUS45 KLKN 010932
CLIEKO


CLIMATE REPORT
NATIONAL WEATHER SERVICE ELKO NV
130 AM PST SUN MAR 1 2015


...................................

...THE ELKO AIRPORT NV CLIMATE SUMMARY FOR FEBRUARY 28 2015...

CLIMATE NORMAL PERIOD 1981 TO 2010
CLIMATE RECORD PERIOD 1888 TO 2015


WEATHER ITEM   OBSERVED TIME   RECORD YEAR NORMAL DEPARTURE LAST
                VALUE   (LST)  VALUE       VALUE  FROM      YEAR
                                                  NORMAL
..................................................................
TEMPERATURE (F)
 YESTERDAY
  MAXIMUM         39    327 PM  70    1986  46     -7       45
                                      1905
  MINIMUM         24    640 AM -34    1890  22      2       29
  AVERAGE         32                        34     -2       37

PRECIPITATION (IN)
  YESTERDAY        0.04          0.36 2006   0.03   0.01     0.10
  MONTH TO DATE    0.29                      0.84  -0.55     1.92
  SINCE OCT 1      2.73                      5.02  -2.29     3.95
  SINCE JAN 1      0.49                      1.96  -1.47     2.34

SNOWFALL (IN)
  YESTERDAY        0.4           2.9  2000   0.2    0.2       T
  MONTH TO DATE    1.8                       6.4   -4.6      1.6
  SINCE DEC 1      7.4                      26.8  -19.4      6.6
  SINCE JUL 1      9.3                      32.5  -23.2     12.3
  SNOW DEPTH       2

DEGREE DAYS
 HEATING
  YESTERDAY       33                        31      2       28
  MONTH TO DATE  688                       983   -295      783
  SINCE DEC 1   2648                      3430   -782     3171
  SINCE JUL 1   4008                      5168  -1160     4731

 COOLING
  YESTERDAY        0                         0      0        0
  MONTH TO DATE    0                         0      0        0
  SINCE DEC 1      0                         0      0        0
  SINCE JAN 1      0                         0      0        0
..................................................................


WIND (MPH)
  HIGHEST WIND SPEED    20   HIGHEST WIND DIRECTION     N (20)
  HIGHEST GUST SPEED    24   HIGHEST GUST DIRECTION    NE (30)
  AVERAGE WIND SPEED     6.4



WEATHER CONDITIONS
 THE FOLLOWING WEATHER WAS RECORDED YESTERDAY.
  LIGHT SNOW
  FOG
  FOG W/VISIBILITY <= 1/4 MILE


RELATIVE HUMIDITY (PERCENT)
 HIGHEST   100           400 AM
 LOWEST     70           300 PM
 AVERAGE    85

..........................................................


THE ELKO AIRPORT NV CLIMATE NORMALS FOR TODAY
                         NORMAL    RECORD    YEAR
 MAXIMUM TEMPERATURE (F)   47        72      1905
 MINIMUM TEMPERATURE (F)   23       -10      1890


SUNRISE AND SUNSET
MARCH  1 2015.........SUNRISE   617 AM PST   SUNSET   534 PM PST
MARCH  2 2015.........SUNRISE   616 AM PST   SUNSET   535 PM PST


-  INDICATES NEGATIVE NUMBERS.
R  INDICATES RECORD WAS SET OR TIED.
MM INDICATES DATA IS MISSING.
T  INDICATES TRACE AMOUNT.




$$
