000
CDUS45 KLKN 270930
CLIEKO


CLIMATE REPORT
NATIONAL WEATHER SERVICE ELKO NV
127 AM PST TUE JAN 27 2015


...................................

...THE ELKO AIRPORT NV CLIMATE SUMMARY FOR JANUARY 26 2015...

CLIMATE NORMAL PERIOD 1981 TO 2010
CLIMATE RECORD PERIOD 1888 TO 2015


WEATHER ITEM   OBSERVED TIME   RECORD YEAR NORMAL DEPARTURE LAST
                VALUE   (LST)  VALUE       VALUE  FROM      YEAR
                                                  NORMAL
..................................................................
TEMPERATURE (F)
 YESTERDAY
  MAXIMUM         65R   322 PM  58    1987  37     28       49
  MINIMUM         24    650 AM -29    1949  15      9        6
  AVERAGE         45                        26     19       28

PRECIPITATION (IN)
  YESTERDAY        0.00          0.62 1967   0.03  -0.03     0.00
  MONTH TO DATE    0.08                      0.96  -0.88     0.08
  SINCE OCT 1      2.32                      4.02  -1.70     1.69
  SINCE JAN 1      0.08                      0.96  -0.88     0.08

SNOWFALL (IN)
  YESTERDAY        0.0           6.8  1967   0.3   -0.3      0.0
  MONTH TO DATE    T                         9.0   -9.0      0.3
  SINCE DEC 1      5.6                      18.9  -13.3      4.7
  SINCE JUL 1      7.5                      24.6  -17.1     10.4
  SNOW DEPTH       0

DEGREE DAYS
 HEATING
  YESTERDAY       20                        39    -19       37
  MONTH TO DATE  825                      1039   -214      867
  SINCE DEC 1   1824                      2249   -425     2238
  SINCE JUL 1   3184                      3987   -803     3798

 COOLING
  YESTERDAY        0                         0      0        0
  MONTH TO DATE    0                         0      0        0
  SINCE DEC 1      0                         0      0        0
  SINCE JAN 1      0                         0      0        0
..................................................................


WIND (MPH)
  HIGHEST WIND SPEED     9   HIGHEST WIND DIRECTION     E (70)
  HIGHEST GUST SPEED    11   HIGHEST GUST DIRECTION    NE (50)
  AVERAGE WIND SPEED     3.6



WEATHER CONDITIONS
 THE FOLLOWING WEATHER WAS RECORDED YESTERDAY.
  NO SIGNIFICANT WEATHER WAS OBSERVED.


RELATIVE HUMIDITY (PERCENT)
 HIGHEST    92          1200 AM
 LOWEST     30           300 PM
 AVERAGE    61

..........................................................


THE ELKO AIRPORT NV CLIMATE NORMALS FOR TODAY
                         NORMAL    RECORD    YEAR
 MAXIMUM TEMPERATURE (F)   37        54      1971
 MINIMUM TEMPERATURE (F)   15       -20      1898


SUNRISE AND SUNSET
JANUARY 27 2015.......SUNRISE   658 AM PST   SUNSET   454 PM PST
JANUARY 28 2015.......SUNRISE   657 AM PST   SUNSET   455 PM PST


-  INDICATES NEGATIVE NUMBERS.
R  INDICATES RECORD WAS SET OR TIED.
MM INDICATES DATA IS MISSING.
T  INDICATES TRACE AMOUNT.




$$
