000
CDUS45 KLKN 150027
CLIEKO


CLIMATE REPORT
NATIONAL WEATHER SERVICE ELKO NV
526 PM PDT SUN SEP 14 2014


...................................

...THE ELKO AIRPORT NV CLIMATE SUMMARY FOR SEPTEMBER 14 2014...
VALID TODAY AS OF 0500 PM LOCAL TIME.

CLIMATE NORMAL PERIOD 1981 TO 2010
CLIMATE RECORD PERIOD 1888 TO 2014


WEATHER ITEM   OBSERVED TIME   RECORD YEAR NORMAL DEPARTURE LAST
                VALUE   (LST)  VALUE       VALUE  FROM      YEAR
                                                  NORMAL
..................................................................
TEMPERATURE (F)
 TODAY
  MAXIMUM         86    353 PM  93    2000  79      7       74
  MINIMUM         43    518 AM  21    1915  40      3       48
                                      1911
  AVERAGE         65                        60      5       61

PRECIPITATION (IN)
  TODAY            0.00          1.19 1959   0.01  -0.01     0.04
  MONTH TO DATE    0.01                      0.22  -0.21     1.09
  SINCE OCT 1      9.29                      9.56  -0.27     7.58
  SINCE JAN 1      7.68                      6.50   1.18     4.75

SNOWFALL (IN)
  TODAY            0.0           0.0  1888   0.0    0.0      0.0
  MONTH TO DATE    0.0                       0.0    0.0      0.0
  SINCE SEP 1      0.0                       0.0    0.0      0.0
  SINCE JUL 1      0.0                       0.0    0.0      0.0
  SNOW DEPTH      MM

DEGREE DAYS
 HEATING
  TODAY            0                         6     -6        4
  MONTH TO DATE   30                        61    -31        6
  SINCE SEP 1     30                        61    -31        6
  SINCE JUL 1     50                       112    -62        6

 COOLING
  TODAY            0                         1     -1        0
  MONTH TO DATE    9                        18     -9       57
  SINCE SEP 1      9                        18     -9       57
  SINCE JAN 1    513                       380    133      767
..................................................................


WIND (MPH)
  HIGHEST WIND SPEED    13   HIGHEST WIND DIRECTION    SW (240)
  HIGHEST GUST SPEED    16   HIGHEST GUST DIRECTION    SW (210)



WEATHER CONDITIONS
 THE FOLLOWING WEATHER WAS RECORDED TODAY.
  NO SIGNIFICANT WEATHER WAS OBSERVED.


RELATIVE HUMIDITY (PERCENT)
 HIGHEST    49           200 AM
 LOWEST     10           200 PM
 AVERAGE    30

..........................................................


THE ELKO AIRPORT NV CLIMATE NORMALS FOR TOMORROW
                         NORMAL    RECORD    YEAR
 MAXIMUM TEMPERATURE (F)   79        92      2000
                                             1943
 MINIMUM TEMPERATURE (F)   39        20      1936


SUNRISE AND SUNSET
SEPTEMBER 14 2014.....SUNRISE   623 AM PDT   SUNSET   654 PM PDT
SEPTEMBER 15 2014.....SUNRISE   624 AM PDT   SUNSET   652 PM PDT


-  INDICATES NEGATIVE NUMBERS.
R  INDICATES RECORD WAS SET OR TIED.
MM INDICATES DATA IS MISSING.
T  INDICATES TRACE AMOUNT.




$$
