000
CDUS45 KLKN 280935
CLIEKO


CLIMATE REPORT
NATIONAL WEATHER SERVICE ELKO NV
233 AM PDT FRI APR 28 2017


...................................

...THE ELKO AIRPORT NV CLIMATE SUMMARY FOR APRIL 27 2017...

CLIMATE NORMAL PERIOD 1981 TO 2010
CLIMATE RECORD PERIOD 1888 TO 2017


WEATHER ITEM   OBSERVED TIME   RECORD YEAR NORMAL DEPARTURE LAST
                VALUE   (LST)  VALUE       VALUE  FROM      YEAR
                                                  NORMAL
..................................................................
TEMPERATURE (F)
 YESTERDAY
  MAXIMUM         48    224 PM  84    2000  63    -15       50
  MINIMUM         32   1110 PM  12    1918  33     -1       32
  AVERAGE         40                        48     -8       41

PRECIPITATION (IN)
  YESTERDAY        T             0.85 1956   0.03  -0.03     0.18
  MONTH TO DATE    1.31                      0.87   0.44     1.53
  SINCE OCT 1     12.28                      6.89   5.39     9.36
  SINCE JAN 1      6.65                      3.83   2.82     4.82

SNOWFALL (IN)
  YESTERDAY        T             1.4  1963   0.0    0.0      0.0
  MONTH TO DATE    T                         3.0   -3.0      1.0
  SINCE MAR 1      1.9                       8.1   -6.2      7.5
  SINCE JUL 1     53.3                      40.6   12.7     63.8
  SNOW DEPTH       0

DEGREE DAYS
 HEATING
  YESTERDAY       25                        17      8       24
  MONTH TO DATE  524                       545    -21      417
  SINCE MAR 1   1159                      1354   -195     1093
  SINCE JUL 1   5895                      6522   -627     6118

 COOLING
  YESTERDAY        0                         0      0        0
  MONTH TO DATE    0                         0      0        0
  SINCE MAR 1      0                         0      0        0
  SINCE JAN 1      0                         0      0        0
..................................................................


WIND (MPH)
  HIGHEST WIND SPEED    28   HIGHEST WIND DIRECTION     W (270)
  HIGHEST GUST SPEED    32   HIGHEST GUST DIRECTION     N (340)
  AVERAGE WIND SPEED     7.4



WEATHER CONDITIONS
 THE FOLLOWING WEATHER WAS RECORDED YESTERDAY.
  LIGHT RAIN
  LIGHT SNOW


RELATIVE HUMIDITY (PERCENT)
 HIGHEST    82           500 AM
 LOWEST     43           600 PM
 AVERAGE    63

..........................................................


THE ELKO AIRPORT NV CLIMATE NORMALS FOR TODAY
                         NORMAL    RECORD    YEAR
 MAXIMUM TEMPERATURE (F)   63        85      1915
 MINIMUM TEMPERATURE (F)   33        13      1899


SUNRISE AND SUNSET
APRIL 28 2017.........SUNRISE   545 AM PDT   SUNSET   737 PM PDT
APRIL 29 2017.........SUNRISE   544 AM PDT   SUNSET   738 PM PDT


-  INDICATES NEGATIVE NUMBERS.
R  INDICATES RECORD WAS SET OR TIED.
MM INDICATES DATA IS MISSING.
T  INDICATES TRACE AMOUNT.




$$
