000
CDUS45 KLKN 200927
CLIEKO


CLIMATE REPORT
NATIONAL WEATHER SERVICE ELKO NV
226 AM PDT WED AUG 20 2014


...................................

...THE ELKO AIRPORT NV CLIMATE SUMMARY FOR AUGUST 19 2014...

CLIMATE NORMAL PERIOD 1981 TO 2010
CLIMATE RECORD PERIOD 1888 TO 2014


WEATHER ITEM   OBSERVED TIME   RECORD YEAR NORMAL DEPARTURE LAST
                VALUE   (LST)  VALUE       VALUE  FROM      YEAR
                                                  NORMAL
..................................................................
TEMPERATURE (F)
 YESTERDAY
  MAXIMUM         88   1223 PM 100    1967  88      0       91
  MINIMUM         58    556 AM  30    1916  48     10       61
  AVERAGE         73                        68      5       76

PRECIPITATION (IN)
  YESTERDAY        T             0.36 1990   0.01  -0.01     0.00
  MONTH TO DATE    1.14                      0.23   0.91     0.01
  SINCE OCT 1      9.15                      9.20  -0.05     6.15
  SINCE JAN 1      7.54                      6.14   1.40     3.32

SNOWFALL (IN)
  YESTERDAY        0.0           0.0  1888   0.0    0.0      0.0
  MONTH TO DATE    0.0                       0.0    0.0      0.0
  SINCE JUN 1      0.0                       0.0    0.0      0.0
  SINCE JUL 1      0.0                       0.0    0.0      0.0
  SNOW DEPTH       0

DEGREE DAYS
 HEATING
  YESTERDAY        0                         1     -1        0
  MONTH TO DATE    1                        11    -10        0
  SINCE JUN 1     93                       161    -68       63
  SINCE JUL 1      1                        30    -29        0

 COOLING
  YESTERDAY        8                         4      4       11
  MONTH TO DATE  105                        97      8      127
  SINCE JUN 1    478                       324    154      623
  SINCE JAN 1    481                       328    153      627
..................................................................


WIND (MPH)
  HIGHEST WIND SPEED    20   HIGHEST WIND DIRECTION    NE (60)
  HIGHEST GUST SPEED    25   HIGHEST GUST DIRECTION     S (190)
  AVERAGE WIND SPEED     8.2



WEATHER CONDITIONS
 THE FOLLOWING WEATHER WAS RECORDED YESTERDAY.
  THUNDERSTORM


RELATIVE HUMIDITY (PERCENT)
 HIGHEST    56          1000 PM
 LOWEST     19           100 PM
 AVERAGE    38

..........................................................


THE ELKO AIRPORT NV CLIMATE NORMALS FOR TODAY
                         NORMAL    RECORD    YEAR
 MAXIMUM TEMPERATURE (F)   88       100      1919
 MINIMUM TEMPERATURE (F)   47        31      1916


SUNRISE AND SUNSET
AUGUST 20 2014........SUNRISE   558 AM PDT   SUNSET   734 PM PDT
AUGUST 21 2014........SUNRISE   559 AM PDT   SUNSET   732 PM PDT


-  INDICATES NEGATIVE NUMBERS.
R  INDICATES RECORD WAS SET OR TIED.
MM INDICATES DATA IS MISSING.
T  INDICATES TRACE AMOUNT.




$$
