000
CDUS45 KLKN 260928
CLIEKO


CLIMATE REPORT
NATIONAL WEATHER SERVICE ELKO NV
227 AM PDT SAT JUL 26 2014


...................................

...THE ELKO AIRPORT NV CLIMATE SUMMARY FOR JULY 25 2014...

CLIMATE NORMAL PERIOD 1981 TO 2010
CLIMATE RECORD PERIOD 1888 TO 2014


WEATHER ITEM   OBSERVED TIME   RECORD YEAR NORMAL DEPARTURE LAST
                VALUE   (LST)  VALUE       VALUE  FROM      YEAR
                                                  NORMAL
..................................................................
TEMPERATURE (F)
 YESTERDAY
  MAXIMUM         94    320 PM 106    1890  92      2       95
  MINIMUM         49    429 AM  35    1999  51     -2       55
  AVERAGE         72                        71      1       75

PRECIPITATION (IN)
  YESTERDAY        0.00          0.70 2003   0.01  -0.01     0.00
  MONTH TO DATE    0.51                      0.29   0.22     0.44
  SINCE OCT 1      7.97                      8.89  -0.92     6.13
  SINCE JAN 1      6.36                      5.83   0.53     3.30

SNOWFALL (IN)
  YESTERDAY        0.0           0.0  1888   0.0    0.0      0.0
  MONTH TO DATE    0.0                       0.0    0.0      0.0
  SINCE JUN 1      0.0                       0.0    0.0      0.0
  SINCE JUL 1      0.0                       0.0    0.0      0.0
  SNOW DEPTH       0

DEGREE DAYS
 HEATING
  YESTERDAY        0                         0      0        0
  MONTH TO DATE    0                        17    -17        0
  SINCE JUN 1     92                       148    -56       63
  SINCE JUL 1      0                        17    -17        0

 COOLING
  YESTERDAY        7                         7      0       10
  MONTH TO DATE  284                       143    141      302
  SINCE JUN 1    313                       190    123      425
  SINCE JAN 1    316                       194    122      429
..................................................................


WIND (MPH)
  HIGHEST WIND SPEED    23   HIGHEST WIND DIRECTION     W (260)
  HIGHEST GUST SPEED    28   HIGHEST GUST DIRECTION     W (270)
  AVERAGE WIND SPEED     5.4



WEATHER CONDITIONS
 THE FOLLOWING WEATHER WAS RECORDED YESTERDAY.
  NO SIGNIFICANT WEATHER WAS OBSERVED.


RELATIVE HUMIDITY (PERCENT)
 HIGHEST    54           100 AM
 LOWEST      6           300 PM
 AVERAGE    30

..........................................................


THE ELKO AIRPORT NV CLIMATE NORMALS FOR TODAY
                         NORMAL    RECORD    YEAR
 MAXIMUM TEMPERATURE (F)   92       102      1931
 MINIMUM TEMPERATURE (F)   51        35      1990


SUNRISE AND SUNSET
JULY 26 2014..........SUNRISE   534 AM PDT   SUNSET   805 PM PDT
JULY 27 2014..........SUNRISE   535 AM PDT   SUNSET   804 PM PDT


-  INDICATES NEGATIVE NUMBERS.
R  INDICATES RECORD WAS SET OR TIED.
MM INDICATES DATA IS MISSING.
T  INDICATES TRACE AMOUNT.




$$
