000
CDUS45 KLKN 170927
CLIEKO


CLIMATE REPORT
NATIONAL WEATHER SERVICE ELKO NV
226 AM PDT TUE OCT 7  2017


...................................

...THE ELKO AIRPORT NV CLIMATE SUMMARY FOR OCTOBER 16 2017...

CLIMATE NORMAL PERIOD 1981 TO 2010
CLIMATE RECORD PERIOD 1888 TO 2017


WEATHER ITEM   OBSERVED TIME   RECORD YEAR NORMAL DEPARTURE LAST
                VALUE   (LST)  VALUE       VALUE  FROM      YEAR
                                                  NORMAL
..................................................................
TEMPERATURE (F)
 YESTERDAY
  MAXIMUM         73    250 PM  85    1926  65      8       55
  MINIMUM         20    511 AM   9    1898  29     -9       43
  AVERAGE         47                        46      1       49

PRECIPITATION (IN)
  YESTERDAY        0.00          0.92 2016   0.02  -0.02     0.92
  MONTH TO DATE    0.11                      0.34  -0.23     1.03
  SINCE OCT 1      0.11                      0.34  -0.23     1.03
  SINCE JAN 1     10.04                      7.19   2.85     9.75

SNOWFALL (IN)
  YESTERDAY        0.0           3.0  1984   0.1   -0.1      0.0
  MONTH TO DATE    0.0                       0.2   -0.2      0.0
  SINCE SEP 1      T                         0.3   -0.3      0.0
  SINCE JUL 1      T                         0.3   -0.3      0.0
  SNOW DEPTH       0

DEGREE DAYS
 HEATING
  YESTERDAY       18                        18      0       16
  MONTH TO DATE  338                       249     89      221
  SINCE SEP 1    589                       456    133      383
  SINCE JUL 1    593                       507     86      396

 COOLING
  YESTERDAY        0                         0      0        0
  MONTH TO DATE    0                         0      0        0
  SINCE SEP 1     89                        21     68       16
  SINCE JAN 1    785                       383    402      560
..................................................................


WIND (MPH)
  HIGHEST WIND SPEED     8   HIGHEST WIND DIRECTION     W (260)
  HIGHEST GUST SPEED    11   HIGHEST GUST DIRECTION    SW (220)
  AVERAGE WIND SPEED     3.0



WEATHER CONDITIONS
 THE FOLLOWING WEATHER WAS RECORDED YESTERDAY.
  NO SIGNIFICANT WEATHER WAS OBSERVED.


RELATIVE HUMIDITY (PERCENT)
 HIGHEST    68           500 AM
 LOWEST      5           300 PM
 AVERAGE    37

..........................................................


THE ELKO AIRPORT NV CLIMATE NORMALS FOR TODAY
                         NORMAL    RECORD    YEAR
 MAXIMUM TEMPERATURE (F)   64        83      1958
 MINIMUM TEMPERATURE (F)   28         7      1996


SUNRISE AND SUNSET
OCTOBER 17 2017.......SUNRISE   657 AM PDT   SUNSET   559 PM PDT
OCTOBER 18 2017.......SUNRISE   658 AM PDT   SUNSET   558 PM PDT


-  INDICATES NEGATIVE NUMBERS.
R  INDICATES RECORD WAS SET OR TIED.
MM INDICATES DATA IS MISSING.
T  INDICATES TRACE AMOUNT.




$$
