000
CDUS45 KLKN 140934
CLIEKO


CLIMATE REPORT
NATIONAL WEATHER SERVICE ELKO NV
132 AM PST THU DEC 14 2017


...................................

...THE ELKO AIRPORT NV CLIMATE SUMMARY FOR DECEMBER 13 2017...

CLIMATE NORMAL PERIOD 1981 TO 2010
CLIMATE RECORD PERIOD 1888 TO 2017


WEATHER ITEM   OBSERVED TIME   RECORD YEAR NORMAL DEPARTURE LAST
                VALUE   (LST)  VALUE       VALUE  FROM      YEAR
                                                  NORMAL
..................................................................
TEMPERATURE (F)
 YESTERDAY
  MAXIMUM         40    252 PM  61    1929  37      3       38
  MINIMUM          6    721 AM -35    1932  15     -9       21
  AVERAGE         23                        26     -3       30

PRECIPITATION (IN)
  YESTERDAY        0.00          0.47 1927   0.04  -0.04     0.01
  MONTH TO DATE    0.13                      0.48  -0.35     1.35
  SINCE OCT 1      1.52                      2.34  -0.82     4.15
  SINCE JAN 1     11.45                      9.19   2.26    12.87

SNOWFALL (IN)
  YESTERDAY        0.0           6.0  1927   0.3   -0.3      0.2
  MONTH TO DATE    2.0                       3.8   -1.8      4.1
  SINCE DEC 1      2.0                       3.8   -1.8      4.1
  SINCE JUL 1      2.7                       9.5   -6.8      9.6
  SNOW DEPTH       T

DEGREE DAYS
 HEATING
  YESTERDAY       42                        39      3       35
  MONTH TO DATE  519                       492     27      470
  SINCE DEC 1    519                       492     27      470
  SINCE JUL 1   2107                      2230   -123     1815

 COOLING
  YESTERDAY        0                         0      0        0
  MONTH TO DATE    0                         0      0        0
  SINCE DEC 1      0                         0      0        0
  SINCE JAN 1    785                       383    402      560
..................................................................


WIND (MPH)
  HIGHEST WIND SPEED     9   HIGHEST WIND DIRECTION     E (100)
  HIGHEST GUST SPEED    12   HIGHEST GUST DIRECTION    SW (210)
  AVERAGE WIND SPEED     2.8



WEATHER CONDITIONS
 THE FOLLOWING WEATHER WAS RECORDED YESTERDAY.
  NO SIGNIFICANT WEATHER WAS OBSERVED.


RELATIVE HUMIDITY (PERCENT)
 HIGHEST    92          1200 AM
 LOWEST     44           300 PM
 AVERAGE    68

..........................................................


THE ELKO AIRPORT NV CLIMATE NORMALS FOR TODAY
                         NORMAL    RECORD    YEAR
 MAXIMUM TEMPERATURE (F)   37        64      1929
 MINIMUM TEMPERATURE (F)   15       -25      1932


SUNRISE AND SUNSET
DECEMBER 14 2017......SUNRISE   700 AM PST   SUNSET   416 PM PST
DECEMBER 15 2017......SUNRISE   701 AM PST   SUNSET   416 PM PST


-  INDICATES NEGATIVE NUMBERS.
R  INDICATES RECORD WAS SET OR TIED.
MM INDICATES DATA IS MISSING.
T  INDICATES TRACE AMOUNT.




$$
