000
CDUS45 KLKN 130026
CLIEKO


CLIMATE REPORT
NATIONAL WEATHER SERVICE ELKO NV
426 PM PST FRI FEB 12 2016


...................................

...THE ELKO AIRPORT NV CLIMATE SUMMARY FOR FEBRUARY 12 2016...
VALID TODAY AS OF 0400 PM LOCAL TIME.

CLIMATE NORMAL PERIOD 1981 TO 2010
CLIMATE RECORD PERIOD 1888 TO 2016


WEATHER ITEM   OBSERVED TIME   RECORD YEAR NORMAL DEPARTURE LAST
                VALUE   (LST)  VALUE       VALUE  FROM      YEAR
                                                  NORMAL
..................................................................
TEMPERATURE (F)
 TODAY
  MAXIMUM         38    246 PM  64    2015  40     -2       64
  MINIMUM          8    657 AM -22    1901  18    -10       25
  AVERAGE         23                        29     -6       45

PRECIPITATION (IN)
  TODAY            0.00          0.30 1923   0.03  -0.03     0.00
  MONTH TO DATE    0.09                      0.36  -0.27     0.09
  SINCE OCT 1      6.60                      4.54   2.06     2.53
  SINCE JAN 1      2.06                      1.48   0.58     0.29

SNOWFALL (IN)
  TODAY            0.0           4.0  2001   0.2   -0.2      0.0
  MONTH TO DATE    1.3                       3.1   -1.8       T
  SINCE DEC 1     41.7                      23.5   18.2      5.6
  SINCE JUL 1     53.9                      29.2   24.7      7.5
  SNOW DEPTH       9

DEGREE DAYS
 HEATING
  TODAY           42                        36      6       20
  MONTH TO DATE  555                       449    106      250
  SINCE DEC 1   3093                      2896    197     2210
  SINCE JUL 1   4574                      4634    -60     3570

 COOLING
  TODAY            0                         0      0        0
  MONTH TO DATE    0                         0      0        0
  SINCE DEC 1      0                         0      0        0
  SINCE JAN 1      0                         0      0        0
..................................................................


WIND (MPH)
  HIGHEST WIND SPEED     9   HIGHEST WIND DIRECTION     E (80)
  HIGHEST GUST SPEED    10   HIGHEST GUST DIRECTION     E (80)



WEATHER CONDITIONS
 THE FOLLOWING WEATHER WAS RECORDED TODAY.
  FOG


RELATIVE HUMIDITY (PERCENT)
 HIGHEST    92           500 AM
 LOWEST     54           300 PM
 AVERAGE    73

..........................................................


THE ELKO AIRPORT NV CLIMATE NORMALS FOR TOMORROW
                         NORMAL    RECORD    YEAR
 MAXIMUM TEMPERATURE (F)   41        66      2015
 MINIMUM TEMPERATURE (F)   18       -26      1949


SUNRISE AND SUNSET
FEBRUARY 12 2016......SUNRISE   642 AM PST   SUNSET   514 PM PST
FEBRUARY 13 2016......SUNRISE   640 AM PST   SUNSET   515 PM PST


-  INDICATES NEGATIVE NUMBERS.
R  INDICATES RECORD WAS SET OR TIED.
MM INDICATES DATA IS MISSING.
T  INDICATES TRACE AMOUNT.




$$
