000
CDUS44 KSHV 250850
CLIELD


CLIMATE REPORT
NATIONAL WEATHER SERVICE SHREVEPORT, LA
242 AM CST THU DEC 25 2014


...................................

...THE EL DORADO CLIMATE SUMMARY FOR DECEMBER 24 2014...

CLIMATE NORMAL PERIOD 1981 TO 2010
CLIMATE RECORD PERIOD 1907 TO 2014


WEATHER ITEM   OBSERVED TIME   RECORD YEAR NORMAL DEPARTURE LAST
                VALUE   (LST)  VALUE       VALUE  FROM      YEAR
                                                  NORMAL
..................................................................
TEMPERATURE (F)
 YESTERDAY
  MAXIMUM         49   1242 PM  82    1955  55     -6       46
  MINIMUM         32   1150 PM  -4    1963  34     -2       25
  AVERAGE         41                        44     -3       36

PRECIPITATION (IN)
  YESTERDAY        T             3.26 2009   0.16  -0.16     0.00
  MONTH TO DATE    1.89                      4.19  -2.30     6.56
  SINCE DEC 1      1.89                      4.19  -2.30     6.56
  SINCE JAN 1     39.59                     51.93 -12.34    47.49

SNOWFALL (IN)
  YESTERDAY       MM
  MONTH TO DATE    0.0
  SINCE DEC 1      0.0
  SINCE JUL 1      0.0
  SNOW DEPTH       0

DEGREE DAYS
 HEATING
  YESTERDAY       24                        21      3       29
  MONTH TO DATE  391                       459    -68      476
  SINCE DEC 1    391                       459    -68      476
  SINCE JUL 1    942                       938      4     1061

 COOLING
  YESTERDAY        0                         0      0        0
  MONTH TO DATE    0                         0      0        8
  SINCE DEC 1      0                         0      0        8
  SINCE JAN 1   1884                      2126   -242     2161
..................................................................


WIND (MPH)
  HIGHEST WIND SPEED    20   HIGHEST WIND DIRECTION     W (280)
  HIGHEST GUST SPEED    26   HIGHEST GUST DIRECTION     W (280)
  AVERAGE WIND SPEED     6.7


SKY COVER
  POSSIBLE SUNSHINE  MM
  AVERAGE SKY COVER 0.8


WEATHER CONDITIONS
 THE FOLLOWING WEATHER WAS RECORDED YESTERDAY.
  NO SIGNIFICANT WEATHER WAS OBSERVED.


RELATIVE HUMIDITY (PERCENT)
 HIGHEST    89          1000 PM
 LOWEST     65          1000 AM
 AVERAGE    77

..........................................................


THE EL DORADO CLIMATE NORMALS FOR TODAY
                         NORMAL    RECORD    YEAR
 MAXIMUM TEMPERATURE (F)   54        79      1942
 MINIMUM TEMPERATURE (F)   34         3      1983


SUNRISE AND SUNSET
DECEMBER 25 2014......SUNRISE   713 AM CST   SUNSET   510 PM CST
DECEMBER 26 2014......SUNRISE   713 AM CST   SUNSET   511 PM CST


-  INDICATES NEGATIVE NUMBERS.
R  INDICATES RECORD WAS SET OR TIED.
MM INDICATES DATA IS MISSING.
T  INDICATES TRACE AMOUNT.




$$
