590
CDUS44 KSHV 232138
CLIELD


CLIMATE REPORT
NATIONAL WEATHER SERVICE SHREVEPORT, LA
437 PM CDT MON MAY 23 2016


...................................

...THE EL DORADO CLIMATE SUMMARY FOR MAY 23 2016...
VALID TODAY AS OF 0400 PM LOCAL TIME.

CLIMATE NORMAL PERIOD 1981 TO 2010
CLIMATE RECORD PERIOD 1907 TO 2016


WEATHER ITEM   OBSERVED TIME   RECORD YEAR NORMAL DEPARTURE LAST
                VALUE   (LST)  VALUE       VALUE  FROM      YEAR
                                                  NORMAL
..................................................................
TEMPERATURE (F)
 TODAY
  MAXIMUM         84    259 PM  95    1918  84      0       85
  MINIMUM         56    529 AM  47    1963  62     -6       58
  AVERAGE         70                        73     -3       72

PRECIPITATION (IN)
  TODAY            0.00          1.47 1944   0.17  -0.17     0.00
  MONTH TO DATE    0.66                      3.78  -3.12     5.16
  SINCE DEC 1     36.20                     26.89   9.31    24.56
  SINCE JAN 1     28.14                     21.71   6.43    21.23

DEGREE DAYS
 HEATING
  TODAY            0                         0      0        0
  MONTH TO DATE   24                        16      8        6
  SINCE MAR 1    295                       442   -147      433
  SINCE JUL 1   2034                      2670   -636     2919

 COOLING
  TODAY            5                         8     -3        7
  MONTH TO DATE   88                       138    -50      157
  SINCE MAR 1    182                       231    -49      258
  SINCE JAN 1    188                       237    -49      258
..................................................................


WIND (MPH)
  HIGHEST WIND SPEED    16   HIGHEST WIND DIRECTION     E (110)
  HIGHEST GUST SPEED    20   HIGHEST GUST DIRECTION    SE (130)
  AVERAGE WIND SPEED     4.5


SKY COVER
  POSSIBLE SUNSHINE  MM
  AVERAGE SKY COVER 0.1


WEATHER CONDITIONS
 THE FOLLOWING WEATHER WAS RECORDED TODAY.
  NO SIGNIFICANT WEATHER WAS OBSERVED.


RELATIVE HUMIDITY (PERCENT)
 HIGHEST    93           200 AM
 LOWEST     44           300 PM
 AVERAGE    69

..........................................................


THE EL DORADO CLIMATE NORMALS FOR TOMORROW
                         NORMAL    RECORD    YEAR
 MAXIMUM TEMPERATURE (F)   84        94      1918
 MINIMUM TEMPERATURE (F)   62        46      1913


SUNRISE AND SUNSET
MAY 23 2016...........SUNRISE   606 AM CDT   SUNSET   810 PM CDT
MAY 24 2016...........SUNRISE   606 AM CDT   SUNSET   811 PM CDT


-  INDICATES NEGATIVE NUMBERS.
R  INDICATES RECORD WAS SET OR TIED.
MM INDICATES DATA IS MISSING.
T  INDICATES TRACE AMOUNT.




$$
