000
CDUS44 KSHV 252139
CLIELD


CLIMATE REPORT
NATIONAL WEATHER SERVICE SHREVEPORT, LA
438 PM CDT SUN SEP 25 2016


...................................

...THE EL DORADO CLIMATE SUMMARY FOR SEPTEMBER 25 2016...
VALID TODAY AS OF 0400 PM LOCAL TIME.

CLIMATE NORMAL PERIOD 1981 TO 2010
CLIMATE RECORD PERIOD 1907 TO 2016


WEATHER ITEM   OBSERVED TIME   RECORD YEAR NORMAL DEPARTURE LAST
                VALUE   (LST)  VALUE       VALUE  FROM      YEAR
                                                  NORMAL
..................................................................
TEMPERATURE (F)
 TODAY
  MAXIMUM         90    259 PM  99    1931  83      7       91
  MINIMUM         68    623 AM  44    1965  59      9       61
  AVERAGE         79                        71      8       76

PRECIPITATION (IN)
  TODAY            0.00          2.45 1974   0.12  -0.12     0.00
  MONTH TO DATE    1.68                      2.52  -0.84     0.04
  SINCE DEC 1     58.54                     42.25  16.29    35.09
  SINCE JAN 1     50.48                     37.07  13.41    31.76

DEGREE DAYS
 HEATING
  TODAY            0                         1     -1        0
  MONTH TO DATE    0                         6     -6        0
  SINCE SEP 1      0                         6     -6        0
  SINCE JUL 1      0                         6     -6        0

 COOLING
  TODAY           14                         7      7       11
  MONTH TO DATE  369                       269    100      320
  SINCE SEP 1    369                       269    100      320
  SINCE JAN 1   2227                      1996    231     2193
..................................................................


WIND (MPH)
  HIGHEST WIND SPEED     9   HIGHEST WIND DIRECTION     S (200)
  HIGHEST GUST SPEED    12   HIGHEST GUST DIRECTION    SW (210)
  AVERAGE WIND SPEED     1.3


SKY COVER
  POSSIBLE SUNSHINE  MM
  AVERAGE SKY COVER 0.0


WEATHER CONDITIONS
 THE FOLLOWING WEATHER WAS RECORDED TODAY.
  FOG
  HAZE


RELATIVE HUMIDITY (PERCENT)
 HIGHEST   100          1200 AM
 LOWEST     50           300 PM
 AVERAGE    75

..........................................................


THE EL DORADO CLIMATE NORMALS FOR TOMORROW
                         NORMAL    RECORD    YEAR
 MAXIMUM TEMPERATURE (F)   83       101      1930
 MINIMUM TEMPERATURE (F)   59        42      2001


SUNRISE AND SUNSET
SEPTEMBER 25 2016.....SUNRISE   702 AM CDT   SUNSET   703 PM CDT
SEPTEMBER 26 2016.....SUNRISE   702 AM CDT   SUNSET   702 PM CDT


-  INDICATES NEGATIVE NUMBERS.
R  INDICATES RECORD WAS SET OR TIED.
MM INDICATES DATA IS MISSING.
T  INDICATES TRACE AMOUNT.




$$
