000
CDUS44 KSHV 280738
CLIELD


CLIMATE REPORT
NATIONAL WEATHER SERVICE SHREVEPORT, LA
235 AM CDT SUN AUG 28 2016


...................................

...THE EL DORADO CLIMATE SUMMARY FOR AUGUST 27 2016...

CLIMATE NORMAL PERIOD 1981 TO 2010
CLIMATE RECORD PERIOD 1907 TO 2016


WEATHER ITEM   OBSERVED TIME   RECORD YEAR NORMAL DEPARTURE LAST
                VALUE   (LST)  VALUE       VALUE  FROM      YEAR
                                                  NORMAL
..................................................................
TEMPERATURE (F)
 YESTERDAY
  MAXIMUM         91    353 PM 106    2000  92     -1       86
  MINIMUM         70    547 AM  52    1917  69      1       59
  AVERAGE         81                        80      1       73

PRECIPITATION (IN)
  YESTERDAY        0.00          1.69 1944   0.08  -0.08     0.00
  MONTH TO DATE   12.70                      2.73   9.97     0.57
  SINCE DEC 1     56.69                     39.35  17.34    35.05
  SINCE JAN 1     48.63                     34.17  14.46    31.72

SNOWFALL (IN)
  YESTERDAY        0.0
  MONTH TO DATE    0.0
  SINCE JUN 1      0.0
  SINCE JUL 1      0.0
  SNOW DEPTH       0

DEGREE DAYS
 HEATING
  YESTERDAY        0                         0      0        0
  MONTH TO DATE    0                         0      0        0
  SINCE JUN 1      0                         0      0        0
  SINCE JUL 1      0                         0      0        0

 COOLING
  YESTERDAY       16                        15      1        8
  MONTH TO DATE  460                       446     14      467
  SINCE JUN 1   1504                      1358    146     1478
  SINCE JAN 1   1785                      1669    116     1818
..................................................................


WIND (MPH)
  HIGHEST WIND SPEED    10   HIGHEST WIND DIRECTION    NE (60)
  HIGHEST GUST SPEED    15   HIGHEST GUST DIRECTION    NE (50)
  AVERAGE WIND SPEED     2.8


SKY COVER
  POSSIBLE SUNSHINE  MM
  AVERAGE SKY COVER 0.1


WEATHER CONDITIONS
 THE FOLLOWING WEATHER WAS RECORDED YESTERDAY.
  FOG


RELATIVE HUMIDITY (PERCENT)
 HIGHEST   100          1200 AM
 LOWEST     49           200 PM
 AVERAGE    75

..........................................................


THE EL DORADO CLIMATE NORMALS FOR TODAY
                         NORMAL    RECORD    YEAR
 MAXIMUM TEMPERATURE (F)   92       105      2000
 MINIMUM TEMPERATURE (F)   69        50      1906


SUNRISE AND SUNSET
AUGUST 28 2016........SUNRISE   643 AM CDT   SUNSET   741 PM CDT
AUGUST 29 2016........SUNRISE   644 AM CDT   SUNSET   739 PM CDT


-  INDICATES NEGATIVE NUMBERS.
R  INDICATES RECORD WAS SET OR TIED.
MM INDICATES DATA IS MISSING.
T  INDICATES TRACE AMOUNT.




$$
