000
CDUS44 KSHV 300733
CLIELD


CLIMATE REPORT
NATIONAL WEATHER SERVICE SHREVEPORT, LA
233 AM CDT WED JUL 30 2014


...................................

...THE EL DORADO CLIMATE SUMMARY FOR JULY 29 2014...

CLIMATE NORMAL PERIOD 1981 TO 2010
CLIMATE RECORD PERIOD 1907 TO 2014


WEATHER ITEM   OBSERVED TIME   RECORD YEAR NORMAL DEPARTURE LAST
                VALUE   (LST)  VALUE       VALUE  FROM      YEAR
                                                  NORMAL
..................................................................
TEMPERATURE (F)
 YESTERDAY
  MAXIMUM         88    248 PM 110    1930  93     -5       92
  MINIMUM         65    423 AM  62    1946  71     -6       69
  AVERAGE         77                        82     -5       81

PRECIPITATION (IN)
  YESTERDAY        0.00          1.39 1972   0.11  -0.11      T
  MONTH TO DATE    2.78                      3.35  -0.57     4.56
  SINCE DEC 1     34.24                     36.41  -2.17    31.88
  SINCE JAN 1     27.68                     31.23  -3.55    25.82

SNOWFALL (IN)
  YESTERDAY        0.0
  MONTH TO DATE    0.0
  SINCE JUN 1      0.0
  SINCE JUL 1      0.0
  SNOW DEPTH       0

DEGREE DAYS
 HEATING
  YESTERDAY        0                         0      0        0
  MONTH TO DATE    0                         0      0        0
  SINCE JUN 1      0                         0      0        0
  SINCE JUL 1      0                         0      0        0

 COOLING
  YESTERDAY       12                        17     -5       16
  MONTH TO DATE  378                       484   -106      428
  SINCE JUN 1    795                       880    -85      842
  SINCE JAN 1   1047                      1191   -144     1120
..................................................................


WIND (MPH)
  HIGHEST WIND SPEED    10   HIGHEST WIND DIRECTION     N (20)
  HIGHEST GUST SPEED    14   HIGHEST GUST DIRECTION     N (10)
  AVERAGE WIND SPEED     3.9


SKY COVER
  POSSIBLE SUNSHINE  MM
  AVERAGE SKY COVER 0.1


WEATHER CONDITIONS
 THE FOLLOWING WEATHER WAS RECORDED YESTERDAY.
  NO SIGNIFICANT WEATHER WAS OBSERVED.


RELATIVE HUMIDITY (PERCENT)
 HIGHEST   100           100 AM
 LOWEST     46           400 PM
 AVERAGE    73

..........................................................


THE EL DORADO CLIMATE NORMALS FOR TODAY
                         NORMAL    RECORD    YEAR
 MAXIMUM TEMPERATURE (F)   93       106      1930
 MINIMUM TEMPERATURE (F)   71        61      2005


SUNRISE AND SUNSET
JULY 30 2014..........SUNRISE   623 AM CDT   SUNSET   812 PM CDT
JULY 31 2014..........SUNRISE   624 AM CDT   SUNSET   811 PM CDT


-  INDICATES NEGATIVE NUMBERS.
R  INDICATES RECORD WAS SET OR TIED.
MM INDICATES DATA IS MISSING.
T  INDICATES TRACE AMOUNT.




$$
