000
CDUS44 KSHV 210737
CLIELD


CLIMATE REPORT
NATIONAL WEATHER SERVICE SHREVEPORT, LA
233 AM CDT TUE OCT 21 2014


...................................

...THE EL DORADO CLIMATE SUMMARY FOR OCTOBER 20 2014...

CLIMATE NORMAL PERIOD 1981 TO 2010
CLIMATE RECORD PERIOD 1907 TO 2014


WEATHER ITEM   OBSERVED TIME   RECORD YEAR NORMAL DEPARTURE LAST
                VALUE   (LST)  VALUE       VALUE  FROM      YEAR
                                                  NORMAL
..................................................................
TEMPERATURE (F)
 YESTERDAY
  MAXIMUM         76    318 PM  91    1978  75      1       68
  MINIMUM         45    642 AM  27    2011  50     -5       38
                                      1989
  AVERAGE         61                        62     -1       53

PRECIPITATION (IN)
  YESTERDAY        0.00          1.55 1988   0.19  -0.19     0.00
  MONTH TO DATE    2.91                      3.31  -0.40     2.78
  SINCE DEC 1     40.36                     46.15  -5.79    38.78
  SINCE JAN 1     33.80                     40.97  -7.17    32.72

SNOWFALL (IN)
  YESTERDAY        0.0
  MONTH TO DATE    0.0
  SINCE SEP 1      0.0
  SINCE JUL 1      0.0
  SNOW DEPTH       0

DEGREE DAYS
 HEATING
  YESTERDAY        4                         5     -1       12
  MONTH TO DATE   32                        55    -23       48
  SINCE SEP 1     35                        67    -32       48
  SINCE JUL 1     35                        67    -32       48

 COOLING
  YESTERDAY        0                         2     -2        0
  MONTH TO DATE   86                        65     21       72
  SINCE SEP 1    416                       365     51      472
  SINCE JAN 1   1864                      2092   -228     2140
..................................................................


WIND (MPH)
  HIGHEST WIND SPEED     9   HIGHEST WIND DIRECTION    NW (300)
  HIGHEST GUST SPEED    11   HIGHEST GUST DIRECTION    NW (310)
  AVERAGE WIND SPEED     1.0


SKY COVER
  POSSIBLE SUNSHINE  MM
  AVERAGE SKY COVER 0.0


WEATHER CONDITIONS
 THE FOLLOWING WEATHER WAS RECORDED YESTERDAY.
  NO SIGNIFICANT WEATHER WAS OBSERVED.


RELATIVE HUMIDITY (PERCENT)
 HIGHEST   100           200 AM
 LOWEST     43           200 PM
 AVERAGE    72

..........................................................


THE EL DORADO CLIMATE NORMALS FOR TODAY
                         NORMAL    RECORD    YEAR
 MAXIMUM TEMPERATURE (F)   75        93      1939
 MINIMUM TEMPERATURE (F)   50        30      1952


SUNRISE AND SUNSET
OCTOBER 21 2014.......SUNRISE   720 AM CDT   SUNSET   631 PM CDT
OCTOBER 22 2014.......SUNRISE   721 AM CDT   SUNSET   630 PM CDT


-  INDICATES NEGATIVE NUMBERS.
R  INDICATES RECORD WAS SET OR TIED.
MM INDICATES DATA IS MISSING.
T  INDICATES TRACE AMOUNT.




$$
