000
CDUS44 KSHV 020731
CLIELD


CLIMATE REPORT
NATIONAL WEATHER SERVICE SHREVEPORT, LA
231 AM CDT TUE SEP 2 2014


...................................

...THE EL DORADO CLIMATE SUMMARY FOR SEPTEMBER 1 2014...

CLIMATE NORMAL PERIOD 1981 TO 2010
CLIMATE RECORD PERIOD 1907 TO 2014


WEATHER ITEM   OBSERVED TIME   RECORD YEAR NORMAL DEPARTURE LAST
                VALUE   (LST)  VALUE       VALUE  FROM      YEAR
                                                  NORMAL
..................................................................
TEMPERATURE (F)
 YESTERDAY
  MAXIMUM         90    229 PM 108    2000  91     -1       99
  MINIMUM         72    531 AM  51    1915  68      4       73
  AVERAGE         81                        79      2       86

PRECIPITATION (IN)
  YESTERDAY        0.03          1.60 1944   0.10  -0.07     0.00
  MONTH TO DATE    0.03                      0.10  -0.07     0.00
  SINCE DEC 1     36.71                     39.83  -3.12    32.90
  SINCE JAN 1     30.15                     34.65  -4.50    26.84

SNOWFALL (IN)
  YESTERDAY        0.0
  MONTH TO DATE    0.0
  SINCE SEP 1      0.0
  SINCE JUL 1      0.0
  SNOW DEPTH       0

DEGREE DAYS
 HEATING
  YESTERDAY        0                         0      0        0
  MONTH TO DATE    0                         0      0        0
  SINCE SEP 1      0                         0      0        0
  SINCE JUL 1      0                         0      0        0

 COOLING
  YESTERDAY       16                        14      2       21
  MONTH TO DATE   16                        14      2       21
  SINCE SEP 1     16                        14      2       21
  SINCE JAN 1   1464                      1741   -277     1689
..................................................................


WIND (MPH)
  HIGHEST WIND SPEED    17   HIGHEST WIND DIRECTION     S (170)
  HIGHEST GUST SPEED    25   HIGHEST GUST DIRECTION    SE (150)
  AVERAGE WIND SPEED     6.1


SKY COVER
  POSSIBLE SUNSHINE  MM
  AVERAGE SKY COVER 0.3


WEATHER CONDITIONS
 THE FOLLOWING WEATHER WAS RECORDED YESTERDAY.
  RAIN
  FOG


RELATIVE HUMIDITY (PERCENT)
 HIGHEST   100           400 AM
 LOWEST     63          1100 AM
 AVERAGE    82

..........................................................


THE EL DORADO CLIMATE NORMALS FOR TODAY
                         NORMAL    RECORD    YEAR
 MAXIMUM TEMPERATURE (F)   91       109      2000
 MINIMUM TEMPERATURE (F)   67        51      1987


SUNRISE AND SUNSET
SEPTEMBER  2 2014.....SUNRISE   646 AM CDT   SUNSET   735 PM CDT
SEPTEMBER  3 2014.....SUNRISE   647 AM CDT   SUNSET   734 PM CDT


-  INDICATES NEGATIVE NUMBERS.
R  INDICATES RECORD WAS SET OR TIED.
MM INDICATES DATA IS MISSING.
T  INDICATES TRACE AMOUNT.




$$
