766
CDUS44 KSHV 240804
CLIELD


CLIMATE REPORT
NATIONAL WEATHER SERVICE SHREVEPORT, LA
248 AM CDT THU AUG 24 2017


...................................

...THE EL DORADO CLIMATE SUMMARY FOR AUGUST 23 2017...

CLIMATE NORMAL PERIOD 1981 TO 2010
CLIMATE RECORD PERIOD 1907 TO 2017


WEATHER ITEM   OBSERVED TIME   RECORD YEAR NORMAL DEPARTURE LAST
                VALUE   (LST)  VALUE       VALUE  FROM      YEAR
                                                  NORMAL
..................................................................
TEMPERATURE (F)
 YESTERDAY
  MAXIMUM         92    339 PM 103    2005  92      0       91
                                      1924
  MINIMUM         74    607 AM  51    1956  69      5       70
  AVERAGE         83                        81      2       81

PRECIPITATION (IN)
  YESTERDAY        0.00          1.80 1945   0.10  -0.10     0.00
  MONTH TO DATE    3.24                      2.37   0.87     7.99
  SINCE DEC 1     41.37                     38.99   2.38    51.98
  SINCE JAN 1     35.08                     33.81   1.27    43.92

SNOWFALL (IN)
  YESTERDAY        0.0
  MONTH TO DATE    0.0
  SINCE JUN 1      0.0
  SINCE JUL 1      0.0
  SNOW DEPTH       0

DEGREE DAYS
 HEATING
  YESTERDAY        0                         0      0        0
  MONTH TO DATE    0                         0      0        0
  SINCE JUN 1      0                         0      0        0
  SINCE JUL 1      0                         0      0        0

 COOLING
  YESTERDAY       18                        16      2       16
  MONTH TO DATE  377                       384     -7      390
  SINCE JUN 1   1303                      1296      7     1434
  SINCE JAN 1   1649                      1607     42     1715
..................................................................


WIND (MPH)
  HIGHEST WIND SPEED    14   HIGHEST WIND DIRECTION    NE (40)
  HIGHEST GUST SPEED    21   HIGHEST GUST DIRECTION    NE (50)
  AVERAGE WIND SPEED     5.3


SKY COVER
  POSSIBLE SUNSHINE  MM
  AVERAGE SKY COVER 0.4


WEATHER CONDITIONS
 THE FOLLOWING WEATHER WAS RECORDED YESTERDAY.
  FOG


RELATIVE HUMIDITY (PERCENT)
 HIGHEST   100           600 AM
 LOWEST     56           400 PM
 AVERAGE    78

..........................................................


THE EL DORADO CLIMATE NORMALS FOR TODAY
                         NORMAL    RECORD    YEAR
 MAXIMUM TEMPERATURE (F)   92       103      2000
 MINIMUM TEMPERATURE (F)   69        57      2009


SUNRISE AND SUNSET
AUGUST 24 2017........SUNRISE   640 AM CDT   SUNSET   746 PM CDT
AUGUST 25 2017........SUNRISE   641 AM CDT   SUNSET   745 PM CDT


-  INDICATES NEGATIVE NUMBERS.
R  INDICATES RECORD WAS SET OR TIED.
MM INDICATES DATA IS MISSING.
T  INDICATES TRACE AMOUNT.




$$
