000
CDUS44 KSHV 170834
CLIELD


CLIMATE REPORT
NATIONAL WEATHER SERVICE SHREVEPORT, LA
233 AM CST SUN DEC 17 2017


...................................

...THE EL DORADO CLIMATE SUMMARY FOR DECEMBER 16 2017...

CLIMATE NORMAL PERIOD 1981 TO 2010
CLIMATE RECORD PERIOD 1907 TO 2017


WEATHER ITEM   OBSERVED TIME   RECORD YEAR NORMAL DEPARTURE LAST
                VALUE   (LST)  VALUE       VALUE  FROM      YEAR
                                                  NORMAL
..................................................................
TEMPERATURE (F)
 YESTERDAY
  MAXIMUM         57        MM  83    1924  56      1       67
  MINIMUM         25        MM  12    1955  35    -10       27
  AVERAGE         41                        45     -4       47

PRECIPITATION (IN)
  YESTERDAY       MM             1.96 2001   0.17  MM         T
  MONTH TO DATE    0.62                      2.89  -2.27     2.27
  SINCE DEC 1      0.62                      2.89  -2.27     2.27
  SINCE JAN 1     41.69                     50.63  -8.94    57.62

SNOWFALL (IN)
  YESTERDAY        0.0
  MONTH TO DATE    0.0
  SINCE DEC 1      0.0
  SINCE JUL 1      0.0
  SNOW DEPTH       0

DEGREE DAYS
 HEATING
  YESTERDAY       24                        20      4       18
  MONTH TO DATE  276                       294    -18      312
  SINCE DEC 1    276                       294    -18      312
  SINCE JUL 1    678                       773    -95      585

 COOLING
  YESTERDAY        0                         0      0        0
  MONTH TO DATE    0                         0      0        0
  SINCE DEC 1      0                         0      0        0
  SINCE JAN 1   2241                      2126    115     2391
..................................................................


WIND (MPH)
  HIGHEST WIND SPEED    10   HIGHEST WIND DIRECTION    SE (150)
  HIGHEST GUST SPEED    MM   HIGHEST GUST DIRECTION    MM
  AVERAGE WIND SPEED     3.1


SKY COVER
  POSSIBLE SUNSHINE  MM
  AVERAGE SKY COVER 0.2


WEATHER CONDITIONS
 THE FOLLOWING WEATHER WAS RECORDED YESTERDAY.
  RAIN
  LIGHT RAIN


RELATIVE HUMIDITY (PERCENT)
 HIGHEST   100          1200 AM
 LOWEST     47           100 PM
 AVERAGE    74

..........................................................


THE EL DORADO CLIMATE NORMALS FOR TODAY
                         NORMAL    RECORD    YEAR
 MAXIMUM TEMPERATURE (F)   56        80      1924
 MINIMUM TEMPERATURE (F)   34        15      1972


SUNRISE AND SUNSET
DECEMBER 17 2017......SUNRISE   709 AM CST   SUNSET   506 PM CST
DECEMBER 18 2017......SUNRISE   709 AM CST   SUNSET   507 PM CST


-  INDICATES NEGATIVE NUMBERS.
R  INDICATES RECORD WAS SET OR TIED.
MM INDICATES DATA IS MISSING.
T  INDICATES TRACE AMOUNT.




$$
