000
CDUS44 KSHV 022132
CLIELD


CLIMATE REPORT
NATIONAL WEATHER SERVICE SHREVEPORT, LA
432 PM CDT SUN AUG 2 2015


...................................

...THE EL DORADO CLIMATE SUMMARY FOR AUGUST 2 2015...
VALID TODAY AS OF 0400 PM LOCAL TIME.

CLIMATE NORMAL PERIOD 1981 TO 2010
CLIMATE RECORD PERIOD 1907 TO 2015


WEATHER ITEM   OBSERVED TIME   RECORD YEAR NORMAL DEPARTURE LAST
                VALUE   (LST)  VALUE       VALUE  FROM      YEAR
                                                  NORMAL
..................................................................
TEMPERATURE (F)
 TODAY
  MAXIMUM         98    247 PM 106    2008  93      5       81
  MINIMUM         64    542 AM  59    1965  71     -7       68
  AVERAGE         81                        82     -1       75

PRECIPITATION (IN)
  TODAY            0.00          1.47 1966   0.11  -0.11      T
  MONTH TO DATE    0.00                      0.22  -0.22     0.82
  SINCE DEC 1     34.48                     36.84  -2.36    35.14
  SINCE JAN 1     31.15                     31.66  -0.51    28.58

DEGREE DAYS
 HEATING
  TODAY            0                         0      0        0
  MONTH TO DATE    0                         0      0        0
  SINCE JUN 1      0                         0      0        0
  SINCE JUL 1      0                         0      0        0

 COOLING
  TODAY           16                        17     -1       10
  MONTH TO DATE   32                        34     -2       12
  SINCE JUN 1   1043                       946     97      820
  SINCE JAN 1   1383                      1257    126     1072
..................................................................


WIND (MPH)
  HIGHEST WIND SPEED    13   HIGHEST WIND DIRECTION    NE (30)
  HIGHEST GUST SPEED    16   HIGHEST GUST DIRECTION    NE (30)
  AVERAGE WIND SPEED     2.3


SKY COVER
  POSSIBLE SUNSHINE  MM
  AVERAGE SKY COVER 0.0


WEATHER CONDITIONS
 THE FOLLOWING WEATHER WAS RECORDED TODAY.
  NO SIGNIFICANT WEATHER WAS OBSERVED.


RELATIVE HUMIDITY (PERCENT)
 HIGHEST    93           400 AM
 LOWEST     27           200 PM
 AVERAGE    60

..........................................................


THE EL DORADO CLIMATE NORMALS FOR TOMORROW
                         NORMAL    RECORD    YEAR
 MAXIMUM TEMPERATURE (F)   93       108      2011
 MINIMUM TEMPERATURE (F)   71        55      1920


SUNRISE AND SUNSET
AUGUST  2 2015........SUNRISE   625 AM CDT   SUNSET   810 PM CDT
AUGUST  3 2015........SUNRISE   625 AM CDT   SUNSET   809 PM CDT


-  INDICATES NEGATIVE NUMBERS.
R  INDICATES RECORD WAS SET OR TIED.
MM INDICATES DATA IS MISSING.
T  INDICATES TRACE AMOUNT.




$$
